INSERT INTO `AT_language_text` (`language_code`, `variable`, `term`, `text`, `revised_date`, `context`) VALUES
('sk', '_template', 'fix_content_ordering', 0x5374616e6f766974207573706fc599c3a164c3a16ec3ad206f6273616875, '2007-11-28 22:30:03', ''),
('sk', '_template', 'final_score', 0x4b6f6e65c48d6ec3bd2076c3bd736c6564656b, '2007-11-28 22:28:07', ''),
('sk', '_template', 'find_results_in', 0x4e616ac3ad742076c3bd736c65646b792076, '2007-11-28 22:28:51', ''),
('sk', '_template', 'filter', 0x46696c7472, '2007-11-28 22:26:40', ''),
('sk', '_template', 'fill_groups_randomly', 0x5a61706c6e697420736b7570696e79206ec3a1686f646ec49b20706f20767974766fc599656ec3ad2e, '2007-11-28 22:26:31', ''),
('sk', '_template', 'file_storage_version_control', 0xc39a6472c5be6261206f766cc3a164c3a16ec3ad207665727a6520756c6fc5be656ec3ad20736f75626f7275, '2007-11-28 22:25:03', ''),
('sk', '_template', 'file_to_read', 0x536f75626f72206b6520c48d74656ec3ad, '2007-11-28 22:25:30', ''),
('sk', '_template', 'file_size', 0x56656c696b6f737420736f75626f7275, '2007-11-28 22:21:14', ''),
('sk', '_template', 'file_storage', 0x556c6fc5be656ec3ad20736f75626f7275, '2007-11-28 22:23:35', ''),
('sk', '_template', 'file_manager', 0x537072c3a176636520736f75626f72c5af, '2004-02-22 07:16:17', ''),
('sk', '_template', 'file_manager_frame', 0x4f6b6e6f20737072c3a176636520736f75626f72c5af, '2007-12-13 20:42:24', ''),
('sk', '_template', 'file_manager_new', 0x567974766fc5996974206e6f76c3bd20736f75626f72, '2007-11-28 22:20:37', ''),
('sk', '_template', 'files', 0x536f75626f7279, '2007-11-28 22:21:03', ''),
('sk', '_template', 'file', 0x536f75626f72, '2007-11-28 22:19:13', ''),
('sk', '_template', 'filemanager_date_format', 0x2525592d25256d2d252564202525683a252569, '2007-11-28 22:19:29', ''),
('sk', '_template', 'female', 0xc5bd656e61, '2004-02-21 12:53:21', ''),
('sk', '_template', 'feedback', 0x4f64657a7661, '2004-02-21 11:53:31', ''),
('sk', '_template', 'faq', 0xc48c6173746f206b6c6164656ec3a9206f74c3a17a6b79202846415129, '2007-11-28 22:18:56', ''),
('sk', '_template', 'false', 0xc5a07061746ec49b, '2007-11-28 22:18:30', ''),
('sk', '_template', 'f', 0x46, '2007-11-28 22:18:02', ''),
('sk', '_template', 'extract_archive', 0x4578747261686f76617420617263686976, '2007-11-28 22:17:21', ''),
('sk', '_template', 'extract_tip', 0x5469703a20506f75c5be696a7465206ec3a17a6576207072c3a17a646ec3a920736c6fc5be6b79206b20726f7a62616c656ec3ad206f627361687520646f20616b7475c3a16c6ec3ad20736c6fc5be6b792e, '2007-11-28 22:17:54', ''),
('sk', '_template', 'extract', 0x4578747261686f766174, '2007-11-28 22:14:48', ''),
('sk', '_template', 'external_help', 0x45787465726ec3ad20706f6d6f63, '2007-11-28 22:13:52', ''),
('sk', '_template', 'extra', 0x4578747261, '2007-11-28 22:14:02', ''),
('sk', '_template', 'export_entire_course_or_chap', 0x43656cc3bd206b757273206e65626f207679626572206ec3adc5be65206b617069746f6c75, '2004-05-20 10:49:01', ''),
('sk', '_template', 'export_content_package_what', 0x436f206578706f72746f766174, '2004-05-20 10:40:35', ''),
('sk', '_template', 'export_content_info', 0x4578706f72746f766174206f62736168206a616b6f2072656c6576616e746ec3ad20494d5320312e312e332f53434f524d20312e322062616cc3adc48d656b2076796272616ec3bd63682074c3a96d61742076206a65646e6f6d206172636869766ec3ad6d20736f75626f72752e205374c3a1686ec49b74652c20706f74c3a920726f7a62616c746520736f75626f72206b206e61686cc3a9646e7574c3ad2076206f66666c696e65207265c5be696d75206f746576c599656ec3ad6d203c6b62643e696e6465782e68746d6c3c2f6b62643e207620736f75626f72752e20496d706f7274756a7465207a617a69706f76616ec3bd2062616cc3adc48d656b20646f20415475746f726120c48d6920646f206a696ec3a9686f2072656c6576616e746ec3ad686f2073797374c3a96d7520737072c3a17679206f62736168752076c3bd756b792e, '2007-11-28 22:06:26', ''),
('sk', '_template', 'export_content', 0x4578706f72746f766174206f62736168, '2004-02-21 15:02:05', ''),
('sk', '_template', 'export', 0x4578706f72746f766174, '2004-05-20 10:34:46', ''),
('sk', '_template', 'expire_on', 0x56797072c5a1c3ad20646e65, '2007-11-28 22:02:32', ''),
('sk', '_template', 'expiry_date', 0x446174756d2076797072c5a1656ec3ad, '2007-11-28 22:02:57', ''),
('sk', '_template', 'expand', 0x526f7ac5a1c3adc5996974, '2007-11-28 21:58:56', ''),
('sk', '_template', 'expired', 0x56797072c5a1656c, '2004-09-21 18:07:52', ''),
('sk', '_template', 'expire_never', 0x56797072c5a1c3ad202d206e696b6479, '2007-11-28 22:02:11', ''),
('sk', '_template', 'error_logging', 0x43687962612070c59969686cc3a1c5a1656ec3ad, '2007-11-28 21:51:00', ''),
('sk', '_template', 'everyone', 0x56c5a16963686e69, '2007-11-28 21:51:24', ''),
('sk', '_template', 'existing_type', 0x4578697374756ac3ad63c3ad207479703a, '2007-11-28 21:57:00', ''),
('sk', '_template', 'error', 0x4368796261, '2004-05-20 10:32:31', ''),
('sk', '_template', 'entire_course', 0x43656cc3bd206b75727a, '2007-11-28 21:49:49', ''),
('sk', '_template', 'enter_chat', 0x4f746576c599c3ad7420706f6b6563, '2007-12-13 16:15:34', ''),
('sk', '_template', 'enter_course', 0x4f746576c599c3ad74206b75727a, '2007-11-28 21:49:21', ''),
('sk', '_template', 'enrol_msg', 0x42796c6120706f64c3a16e61206e6f76c3a120c5bec3a1646f7374206f207ac3a170697320646f207661c5a165686f206b75727a752025732e, '2007-11-28 21:47:29', ''),
('sk', '_template', 'enrol_message_subject', 0x5ac3a170697320646f206b75727a752073636876c3a16c656e, '2007-11-28 21:46:39', ''),
('sk', '_template', 'enrol_message_approved', 0x5661c5a16520c5bec3a1646f7374206f207ac3a170697320646f206b75727a75202531732062796c612070c599696a6174612e2050c59969686c61c5a1746520736520646f20415475746f72612c2076796265727465207369206b75727a207a206e6162c3ad646b79204d6f6a65206b75727a79206e65626f206b6c696b6ec49b7465206e61206ec3adc5be652075766564656ec3bd206f646b617a3a0d0a0d0a253273, '2007-11-28 21:40:19', ''),
('sk', '_template', 'enrol_messagenew', 0x42796c6120706f64c3a16e6120c5bec3a1646f7374206f207ac3a170697320646f206b75727a7520415475746f72612025732e2050c59969686c61c5a1746520736520646f207376c3a9686f206b75727a75207a64653a2025732c2070c599656a64c49b7465206e6120537072c3a1766365206120706f74c3a9206e61206e657a617073616e6f7520706f6c6fc5be6b7520766520537072c3a1766369207ac3a1706973752e, '2007-11-28 21:46:14', ''),
('sk', '_template', 'enrol_message3', 0x5ac3a170697320646f206b75727a7520415475746f72, '2007-11-28 21:46:53', ''),
('sk', '_template', 'enrolment', 0x5ac3a1706973, '2007-11-28 21:39:22', ''),
('sk', '_template', 'enrol_login', 0x4b20706f766f6c656ec3ad206e6f76c3a9686f20706fc5be616461766b7520762073656b6369205ac3a1706973206a652074c5996562612073652070c59969686cc3a173697420646f207661c5a165686f206b75727a752e, '2007-11-28 21:38:34', ''),
('sk', '_template', 'enrollment', 0x5ac3a1706973, '2007-11-28 21:37:06', ''),
('sk', '_template', 'enroll_me', 0x5a617069c5a1206dc49b, '2007-11-28 21:36:28', ''),
('sk', '_template', 'enroll_to_post', 0x4b2070c5996964c3a16ec3ad2070c599c3ad7370c49b766b75206e612066c3b372756d206d7573c3ad74652062c3bd74207a617073c3a16e692e, '2007-11-28 21:39:10', ''),
('sk', '_template', 'enrolled_privileges', 0x5a617073c3a16e6f207365207a76c3bd686f646ec49b6ec3ad6d, '2007-11-28 21:36:16', ''),
('sk', '_template', 'enrolled', 0x5a617073c3a16e6f, '2004-02-21 13:06:04', ''),
('sk', '_template', 'enrolled_list_includes_assistants', 0x53657a6e616d207a617073616ec3bd63682073747564656e74c5af202876c48d65746ec49b206173697374656e74c5af29, '2007-11-27 22:33:03', ''),
('sk', '_template', 'end_on', 0x556b6f6ec48d656ec3ad20646e65, '2007-11-27 22:31:45', ''),
('sk', '_template', 'enroll', 0x5a6170736174207365, '2004-02-21 13:10:47', ''),
('sk', '_template', 'enable_mail_queue', 0x506f766f6c6974206d61696c6f766f752066726f6e7475, '2007-11-27 22:26:54', ''),
('sk', '_template', 'enable_sco_rte', 0x506f766f6c69742053434f524d20312e3220525445, '2007-11-27 22:28:37', ''),
('sk', '_template', 'enable_syndicate', 0x506f766f6c6974207a7665c599656ac5886f76c3a16ec3ad207a7072c3a1762070726f7374c59965646e69637476c3ad6d203c6163726f6e796d207469746c653d225368726e7574c3ad20626f686174c3a920737472c3a16e6b79223e5253533c2f6163726f6e796d3e, '2007-11-27 22:31:25', ''),
('sk', '_template', 'emoticons', 0x536d616a6cc3ad6369, '2004-02-21 16:14:01', ''),
('sk', '_template', 'empty', 0xc5bdc3a1646ec3a1, '2004-02-22 05:05:24', ''),
('sk', '_template', 'enable', 0x506f766f6c6974, '2007-11-27 22:24:58', ''),
('sk', '_template', 'enabled', 0x506f766f6c656e6f, '2007-11-27 22:24:46', ''),
('sk', '_template', 'email_confirmation_subject', 0x506f7476727a656ec3ad20652d6d61696c6f76c3a920616472657379, '2007-11-27 22:23:44', ''),
('sk', '_template', 'email_confirmation_message2', 0x50726f20646f6b6f6ec48d656ec3ad207a6dc49b6e7920652d6d61696c6f76c3a9206164726573792070726f2076c3a1c5a120c3bac48d6574202531732070726f73c3ad6d20706f747672c48f74652073766f7520652d6d61696c6f766f7520616472657375206b6c696b6e7574c3ad6d206e612074656e746f206f646b617a3a20253273202e, '2007-11-27 22:23:26', ''),
('sk', '_template', 'email_confirmation_message', 0x5265676973747261636520c3bac48d7475202531732070726f62c49b686c6120c3ba7370c49bc5a16ec49b2e20446f6b6f6ec48d657465206a692070726f73c3ad6d20706f7476727a656ec3ad207376c3a920652d6d61696c6f76c3a920616472657379206b6c696b6e7574c3ad6d206e612074656e746f206f646b617a3a20253273202e, '2007-11-27 22:18:50', ''),
('sk', '_template', 'email_approvals', 0x5a6173c3ad6c617420706fc5be616461766b79206e61207ac3a170697320656d61696c656d, '2004-02-22 05:45:11', ''),
('sk', '_template', 'email_address', 0x456d61696c, '2004-02-21 14:38:41', ''),
('sk', '_template', 'email', 0x456d61696c, '2004-02-21 14:38:56', ''),
('sk', '_template', 'edit_user', 0x5570726176697420c3bac48d6173746ec3ad6b61, '2004-05-21 08:56:53', ''),
('sk', '_template', 'edit_test', 0x5570726176697420746573742f7072c5af7a6b756d, '2007-11-27 22:06:13', ''),
('sk', '_template', 'edit_this_page', 0x55707261766974207475746f20737472c3a16e6b75, '2007-11-27 22:06:33', ''),
('sk', '_template', 'edit_link', 0x55707261766974206f646b617a, '2007-11-26 22:22:13', ''),
('sk', '_template', 'edit_poll', 0x5570726176697420616e6b657475, '2007-11-27 21:50:40', ''),
('sk', '_template', 'edit_post', 0x557072617669742070c599c3ad7370c49b76656b, '2004-05-21 08:54:48', ''),
('sk', '_template', 'edit_for_minutes', 0x706f2064616cc5a1c3ad6368202573206d696e7574, '2007-11-26 22:21:46', ''),
('sk', '_template', 'edit_glossary', 0x5570726176697420706f6a656d, '2004-02-23 06:20:24', ''),
('sk', '_template', 'edit_language', 0x55707261766974206a617a796b, '2007-11-26 22:22:01', ''),
('sk', '_template', 'edit_content', 0x55707261766974206f62736168, '2004-05-20 12:43:12', ''),
('sk', '_template', 'edit_category', 0x55707261766974206b617465676f726969, '2004-05-20 12:43:00', ''),
('sk', '_template', 'edit_backup', 0x55707261766974202d202573, '2007-11-26 22:21:28', ''),
('sk', '_template', 'edit_announcement', 0x55707261766974206f7a6ec3a16d656ec3ad, '2004-05-20 12:42:48', ''),
('sk', '_template', 'edit_admin', 0x557072617669742061646d696e69737472c3a1746f72736bc3bd20c3bac48d6574, '2007-11-26 22:20:56', ''),
('sk', '_template', 'edit_after_upload', 0x506f20756c6fc5be656ec3ad206e6120736572766572206dc5afc5be6574652075707261766974206f627361682e, '2004-02-22 06:34:39', ''),
('sk', '_template', 'editor_properties_insturctions_related', 0x5a766f6c74652070c599c3ad62757a6ec3a12074c3a96d617461206b6c696b6e7574c3ad6d206e612074c3a96d6120762073657a6e616d752e, '2007-11-27 21:50:07', ''),
('sk', '_template', 'editor_properties_instructions', 0x4b6c696b6e7574c3ad6d206e6120253124732061202532247320756dc3ad7374c49b746520746f746f2074c3a96d61206e6164206e65626f20706f642070c599c3ad736c75c5a16ec3a9206dc3ad73746f2e204b6c696b6e7574c3ad6d206e6120253324732070c5996964c3a1746520746f746f2074c3a96d61206a616b6f20706f64c59961646ec3a9206b2070c599c3ad736c75c5a16ec3a96d7520756dc3ad7374c49b6ec3ad2e, '2007-11-27 21:49:19', ''),
('sk', '_template', 'editor', 0x456469746f72, '2004-05-20 12:42:20', ''),
('sk', '_template', 'edit', 0x55707261766974, '2004-02-22 06:20:16', ''),
('sk', '_template', 'e', 0x45, '2007-11-26 22:18:14', ''),
('sk', '_template', 'duration_sec', 0x547276c3a16ec3ad202873656b2e29, '2004-05-20 12:42:08', ''),
('sk', '_template', 'duration', 0x547276c3a16ec3ad, '2004-05-20 12:41:54', ''),
('sk', '_template', 'due_date', 0x446f20646e65, '2007-11-26 22:17:59', ''),
('sk', '_template', 'due', 0x446f, '2007-11-26 22:17:51', ''),
('sk', '_template', 'download_test_csv', 0x5374c3a1686e6f75742043535620736f75626f7220732076c3bd736c65646b7920746f686f746f2074657374752e, '2004-05-20 12:41:41', ''),
('sk', '_template', 'download_file', 0x5374c3a1686e6f757420736f75626f72, '2007-11-26 22:17:37', ''),
('sk', '_template', 'download', 0x5374c3a1686e6f7574, '2004-05-20 12:41:15', ''),
('sk', '_template', 'display_options', 0x5a6f6272617a6974206d6fc5be6e6f7374, '2007-11-26 22:17:21', ''),
('sk', '_template', 'display_name_format_lfst', 0x253124732028253224732025332473202534247329, '2007-11-26 22:16:21', ''),
('sk', '_template', 'display_name_format_lf', 0x2531247320282532247329, '2007-11-26 22:15:20', ''),
('sk', '_template', 'display_name_format_l', 0x2573, '2007-11-26 22:15:07', ''),
('sk', '_template', 'display_name_format_fstl', 0x253224732025332473202534247320282531247329, '2007-11-26 21:26:52', ''),
('sk', '_template', 'display_name_format_fst', 0x2532247320253324732025342473, '2007-11-26 21:17:03', ''),
('sk', '_template', 'display_name_format_fl', 0x2532247320282531247329, '2007-11-26 21:16:40', ''),
('sk', '_template', 'display_name_format', 0x5a6f6272617a697420666f726dc3a174206a6dc3a96e61, '2007-11-26 21:05:46', ''),
('sk', '_template', 'display', 0x5a6f6272617a6974, '2007-11-26 21:04:35', ''),
('sk', '_template', 'disk_usage', 0x567975c5be6974c3ad206469736b75, '2007-11-26 21:03:28', ''),
('sk', '_template', 'disable_syndicate', 0x5a616bc3a17a6174207a7665c599656ac5886f76c3a16ec3ad207a7072c3a176, '2007-11-27 22:25:39', ''),
('sk', '_template', 'discussions', 0x4469736b757a65, '2004-02-21 13:08:58', ''),
('sk', '_template', 'disabled', 0x5a616bc3a17ac3a16e6f, '2007-11-27 22:25:20', ''),
('sk', '_template', 'disable', 0x5a616bc3a17a6174, '2007-11-27 22:25:10', ''),
('sk', '_template', 'directory_name', 0x4ec3a17a657620736c6fc5be6b79, '2007-11-26 20:44:09', ''),
('sk', '_template', 'directory_total', 0x536c6fc5be6b612063656c6b656d, '2004-02-22 07:19:28', ''),
('sk', '_template', 'description', 0x506f706973, '2004-02-21 11:35:58', ''),
('sk', '_template', 'details', 0x64657461696c79, '2004-02-22 06:27:32', ''),
('sk', '_template', 'direction', 0x50c599c3ad6b617a, '2007-11-26 20:43:04', ''),
('sk', '_template', 'directory', 0x4164726573c3a1c599, '2007-11-26 20:43:30', ''),
('sk', '_template', 'depth_reached', 0x42796c6120646f7361c5be656e61206d6178696dc3a16c6ec3ad2064c3a96c6b612063657374792e, '2004-02-22 09:02:11', ''),
('sk', '_template', 'deny_instructor_request', 0x5a616dc3ad746e6f757420c5bec3a1646f737420696e737472756b746f7261, '2007-12-13 01:59:55', ''),
('sk', '_template', 'deny', 0x5a616dc3ad746e6f7574, '2007-11-26 20:42:13', ''),
('sk', '_template', 'delete_user', 0x4f64737472616e69742075c5be69766174656c65, '2004-02-22 09:00:55', ''),
('sk', '_template', 'delete_thread', 0x4f64737472616e69742074c3a96d61, '2004-02-22 08:17:32', ''),
('sk', '_template', 'delete_this_page', 0x536d617a6174207475746f20737472c3a16e6b75, '2007-11-26 20:41:59', ''),
('sk', '_template', 'delete_test', 0x4f64737472616e69742074657374, '2004-02-22 09:00:21', ''),
('sk', '_template', 'delete_selected_package_s', 0x4f64737472616e69742076796272616ec3a92062616cc3adc48d6b79, '2007-11-26 20:41:47', ''),
('sk', '_template', 'delete_results', 0x536d617a61742076c3bd736c65646b79207465737475, '2004-05-21 08:54:17', ''),
('sk', '_template', 'delete_profile', 0x4f64737472616e69742070726f66696c, '2007-11-26 20:41:28', ''),
('sk', '_template', 'delete_post', 0x536d617a6174207a7072c3a17675, '2007-11-26 20:41:17', ''),
('sk', '_template', 'delete_poll', 0x4f64737472616e697420616e6b657475, '2007-11-26 20:41:07', ''),
('sk', '_template', 'delete_package', 0x4f64737472616e69742062616cc3adc48d656b, '2007-11-26 20:40:57', ''),
('sk', '_template', 'delete_link', 0x4f64737472616e6974206f646b617a, '2007-11-26 20:40:43', ''),
('sk', '_template', 'delete_group', 0x4f64737472616e697420736b7570696e75, '2007-11-26 20:40:23', ''),
('sk', '_template', 'delete_glossary', 0x4f64737472616e697420706f6a656d, '2007-11-26 20:40:12', ''),
('sk', '_template', 'delete_from', 0x536d617a6174207a, '2007-11-26 20:39:57', ''),
('sk', '_template', 'delete_forum', 0x4f64737472616e697420666f72756d, '2004-02-22 08:59:12', ''),
('sk', '_template', 'delete_course', 0x4f64737472616e6974206b75727a, '2004-02-22 08:58:58', ''),
('sk', '_template', 'delete_content', 0x4f64737472616e6974206f62736168, '2007-12-13 02:31:43', ''),
('sk', '_template', 'delete_comment', 0x4f64737472616e6974206b6f6d656e74c3a1c599, '2007-11-26 20:39:35', ''),
('sk', '_template', 'delete_category', 0x4f64737472616e6974206b617465676f726969, '2004-02-22 08:58:22', ''),
('sk', '_template', 'delete_announcement', 0x4f64737472616e6974206f7a6ec3a16d656ec3ad, '2004-02-22 08:58:07', ''),
('sk', '_template', 'delete_admin', 0x4f64737472616e69742061646d696e69737472c3a1746f72736bc3bd20c3bac48d6574, '2007-11-26 20:38:52', ''),
('sk', '_template', 'deleted', 0x536d617ac3a16e6f, '2004-05-21 08:54:04', ''),
('sk', '_template', 'delete', 0x4f64737472616e6974, '2004-02-21 16:26:01', ''),
('sk', '_template', 'default_side_menu', 0x56c3bd63686f7ac3ad20706f737472616e6ec3ad206d656e75, '2007-12-13 16:21:52', ''),
('sk', '_template', 'default_preferences', 0x56c3bd63686f7ac3ad206e6173746176656ec3ad, '2007-11-26 20:37:41', ''),
('sk', '_template', 'default_announcement', 0x546f746f206a6520756bc3a17a6b61206f7a6ec3a16d656ec3ad2e2056c3ad636520696e666f726d6163c3ad207ac3ad736bc3a17465206e6120737472c3a16e6bc3a16368203c6120687265663d2268656c702f61626f75745f68656c702e706870223e4f206ec3a1706f76c49b64c49b20762073797374c3a96d7520415475746f723c2f613e, '2004-02-22 06:25:45', ''),
('sk', '_template', 'default_description', 0x56c3bd63686f7ac3ad20706f706973, '2007-11-26 20:36:30', ''),
('sk', '_template', 'default_language', 0x56c3bd63686f7ac3ad206a617a796b, '2007-11-26 20:36:45', ''),
('sk', '_template', 'default_modules', 0x56c3bd63686f7ac3ad206ec3a17374726f6a652070726f2073747564656e7479, '2007-11-26 20:36:59', ''),
('sk', '_template', 'days', 0x446e79, '2007-11-26 20:32:58', ''),
('sk', '_template', 'default', 0x56c3bd63686f7ac3ad, '2004-05-21 08:52:14', ''),
('sk', '_template', 'day', 0x44656e, '2007-11-26 20:32:50', ''),
('sk', '_template', 'date_sunday', 0x6e6564c49b6c65, '2004-02-22 06:45:35', ''),
('sk', '_template', 'date_taken', 0x446174756d206162736f6c766f76c3a16ec3ad, '2004-02-22 06:46:15', ''),
('sk', '_template', 'date_thu', 0xc48d74, '2004-02-22 06:46:26', ''),
('sk', '_template', 'date_thursday', 0xc48d74767274656b, '2004-02-22 06:46:39', ''),
('sk', '_template', 'date_tue', 0xc3ba74, '2004-02-22 06:46:51', ''),
('sk', '_template', 'date_tuesday', 0xc3ba746572c3bd, '2004-02-22 06:47:02', ''),
('sk', '_template', 'date_wed', 0x7374, '2004-02-22 06:47:17', ''),
('sk', '_template', 'date_wednesday', 0x7374c599656461, '2004-02-22 06:47:28', ''),
('sk', '_template', 'date_jun', 0xc48d657276656e, '2004-02-22 06:41:57', ''),
('sk', '_template', 'date_june', 0xc48d657276656e, '2004-02-22 06:42:08', ''),
('sk', '_template', 'date_mar', 0x62c599657a656e, '2004-02-22 06:42:18', ''),
('sk', '_template', 'date_march', 0x62c599657a656e, '2004-02-22 06:42:31', ''),
('sk', '_template', 'date_may', 0x6b76c49b74656e, '2004-02-22 06:42:45', ''),
('sk', '_template', 'date_may_short', 0x6b76c49b74656e, '2004-02-22 06:42:57', ''),
('sk', '_template', 'date_mon', 0x706f, '2004-02-22 06:43:09', ''),
('sk', '_template', 'date_monday', 0x706f6e64c49b6cc3ad, '2004-02-22 06:43:20', ''),
('sk', '_template', 'date_nov', 0x6c6973746f706164, '2004-02-22 06:43:40', ''),
('sk', '_template', 'date_november', 0x6c6973746f706164, '2004-02-22 06:43:52', ''),
('sk', '_template', 'date_oct', 0xc599c3ad6a656e, '2004-02-22 06:44:05', ''),
('sk', '_template', 'date_october', 0xc599c3ad6a656e, '2004-02-22 06:44:17', ''),
('sk', '_template', 'date_of_birth', 0x446174756d206e61726f7a656ec3ad, '2007-11-26 20:31:13', ''),
('sk', '_template', 'date_sat', 0x736f, '2004-02-22 06:44:28', ''),
('sk', '_template', 'date_saturday', 0x736f626f7461, '2004-02-22 06:44:43', ''),
('sk', '_template', 'date_sep', 0x7ac3a1c599c3ad, '2004-02-22 06:44:59', ''),
('sk', '_template', 'date_september', 0x7ac3a1c599c3ad, '2004-02-22 06:45:10', ''),
('sk', '_template', 'date_sun', 0x6e65, '2004-02-22 06:45:25', ''),
('sk', '_template', 'date_january', 0x6c6564656e, '2004-02-22 06:41:20', ''),
('sk', '_template', 'date_jul', 0xc48d657276656e6563, '2004-02-22 06:41:33', ''),
('sk', '_template', 'date_july', 0xc48d657276656e6563, '2004-02-22 06:41:45', ''),
('sk', '_template', 'date_jan', 0x6c6564656e, '2004-02-22 06:41:07', ''),
('sk', '_template', 'date_friday', 0x70c3a174656b, '2004-02-22 06:40:57', ''),
('sk', '_template', 'date_fri', 0x70c3a1, '2004-02-22 06:40:47', ''),
('sk', '_template', 'date_feb', 0xc3ba6e6f72, '2004-02-22 06:40:25', ''),
('sk', '_template', 'date_february', 0xc3ba6e6f72, '2004-02-22 06:40:35', ''),
('sk', '_template', 'date_dec', 0x70726f73696e6563, '2004-02-22 06:40:03', ''),
('sk', '_template', 'date_december', 0x70726f73696e6563, '2004-02-22 06:40:14', ''),
('sk', '_template', 'date_created', 0x446174756d20767974766fc599656e6f, '2007-11-26 20:12:18', ''),
('sk', '_template', 'date_aug', 0x737270656e, '2004-02-22 06:39:32', ''),
('sk', '_template', 'date_august', 0x737270656e, '2004-02-22 06:39:17', ''),
('sk', '_template', 'date', 0x446174756d, '2004-02-21 16:05:06', ''),
('sk', '_template', 'date_apr', 0x647562656e, '2004-02-22 06:37:37', ''),
('sk', '_template', 'date_april', 0x647562656e, '2004-02-22 06:48:38', ''),
('sk', '_template', 'database_table', 0x50c59965686c6564206461746162c3a17ac3ad, '2007-11-26 20:11:18', ''),
('sk', '_template', 'database', 0x4461746162c3a17a65, '2007-11-26 20:10:39', ''),
('sk', '_template', 'd', 0x44, '2007-11-26 20:09:22', ''),
('sk', '_template', 'curren_tests_surveys', 0x50726f62c3ad68616ac3ad63c3ad2074657374792061207072c5af7a6b756d79, '2007-11-26 20:08:37', ''),
('sk', '_template', 'current_path', 0x4365737461206b20616b7475c3a16c6ec3ad20736c6fc5be63653a, '2004-02-22 07:18:25', ''),
('sk', '_template', 'current_location', 0x28736f75c48d61736ec3a920756dc3ad7374c49b6ec3ad29, '2004-02-22 06:50:24', ''),
('sk', '_template', 'current_course_size', 0x416b7475c3a16c6ec3ad2076656c696b6f7374206b75727a75, '2004-05-21 08:52:00', ''),
('sk', '_template', 'cron_url_usage', 0x54656e746f206f646b617a206a652074c59965626120706f75c5bec3ad742070c59969206e61737461766f76c3a16ec3ad20736c75c5be62792063726f6d2e20496e737472756b63652076697a2073656b6365203c656d3e43726f6e205365742d55703c2f656d3e2076203c656d3e50c599c3ad7275c48d63652070726f20415475746f723c2f656d3e202e, '2007-11-26 20:04:12', ''),
('sk', '_template', 'cron_url', 0x55524c2070726f207661c5a16920736c75c5be62752063726f6e206a653a, '2007-11-26 19:50:01', ''),
('sk', '_template', 'cron_config', 0x43726f6e206e6173746176656ec3ad, '2007-11-26 19:49:15', ''),
('sk', '_template', 'cron', 0x43726f6e, '2007-11-26 19:48:41', ''),
('sk', '_template', 'create_user', 0x567974766fc59969742075c5be69766174656c736bc3bd20c3bac48d6574, '2007-11-26 19:38:10', ''),
('sk', '_template', 'create_test', 0x567974766fc599697420746573742f7072c5af7a6b756d, '2007-11-26 19:37:56', ''),
('sk', '_template', 'create_new_question', 0x567974766fc5996974206e6f766f75206f74c3a17a6b75, '2007-11-26 19:36:53', ''),
('sk', '_template', 'create_new_file', 0x567974766fc5996974206e6f76c3bd20736f75626f72, '2007-11-26 19:36:20', ''),
('sk', '_template', 'create_module', 0x567974766fc5996974206d6f64756c, '2007-11-26 19:36:07', ''),
('sk', '_template', 'create_group', 0x567974766fc599697420736b7570696e75, '2007-11-26 19:29:49', ''),
('sk', '_template', 'create_groups', 0x567974766fc599697420736b7570696e79, '2007-11-26 19:35:13', ''),
('sk', '_template', 'create_forum', 0x567974766fc59969742066c3b372756d, '2007-11-26 19:29:57', ''),
('sk', '_template', 'create_folder', 0x567974766fc599697420736c6fc5be6b75, '2004-02-22 07:17:03', ''),
('sk', '_template', 'create_course', 0x567974766fc5996974206e6f76c3bd206b75727a, '2004-02-22 05:30:01', ''),
('sk', '_template', 'create_category', 0x567974766fc5996974206e6f766f75206b617465676f726969, '2007-11-26 19:28:21', ''),
('sk', '_template', 'create_basic', 0x567974766fc5996974207ac3a16b6c61646ec3ad206f7a6ec3a16d656ec3ad2c206f6273616820612066c3b372756d2e, '2007-11-26 19:26:29', ''),
('sk', '_template', 'create_backup_about', 0x3c703e567974766fc599656ec3ad6d207ac3a16c6f687920746f686f746f206b75727a75207a617263686976756a657465207665c5a16b6572c3bd20646f737475706ec3bd206d6174657269c3a16c20646f206a65646e6f686f205a495020736f75626f72752e20506f20767974766fc599656ec3ad206a65207ac3a16c6f686120646f737475706ec3a1206b6520737461c5be656ec3ad2c20757363686f76c3a16ec3ad2c206f626e6f76c49b206e65626f2070726f206a696ec3bd206b75727a2070726f7374c59965646e69637476c3ad6d20737072c3a1766365207ac3a16c6f682e203c2f703e0d0a0d0a3c703e2056207ac3a17669736c6f737469206e612076656c696b6f737469206b75727a75206120646f737475706ec3bd6368207a64726f6ac3ad63682073657276657275206dc5afc5be65207ac3a16c6f686f76c3a16ec3ad206ec49b6a616b6f7520646f62752074727661742e203c2f703e0d0a0d0a3c703e20506f7a6ec3a16d6b613a204e796ec3ad206a737465206f6d657a656e6920706f757a65206e61202573207ac3a16c6f682062c49b68656d206b75727a752e203c2f703e, '2007-11-26 19:18:33', ''),
('sk', '_template', 'create_backup', 0x567974766fc5996974207ac3a16c6f6875, '2007-11-26 19:06:32', ''),
('sk', '_template', 'create_admin', 0x567974766fc59969742061646d696e69737472c3a1746f72736bc3bd20c3bac48d6574, '2007-11-26 19:06:22', ''),
('sk', '_template', 'created_date', 0x567974766fc599656e6f, '2004-05-20 12:39:20', ''),
('sk', '_template', 'created', 0x567974766fc599656e6f, '2004-02-21 13:06:24', ''),
('sk', '_template', 'create', 0x567974766fc5996974, '2004-02-22 07:24:10', ''),
('sk', '_template', 'course_total', 0x4b75727a2063656c6b656d, '2004-02-22 07:19:46', ''),
('sk', '_template', 'course_total_zip', 0x4b75727a2063656c6b656d202870c599656420726f7a62616c656ec3ad6d29, '2004-05-21 08:46:09', ''),
('sk', '_template', 'course_stats', 0x53746174697374696b79206b75727a75, '2004-05-21 08:45:26', ''),
('sk', '_template', 'course_quota', 0x4b76c3b37461206b75727a75, '2004-05-20 12:38:31', ''),
('sk', '_template', 'course_properties', 0x566c6173746e6f737469206b75727a75, '2004-05-21 08:44:01', ''),
('sk', '_template', 'course_list', 0x50c59965686c6564206b75727a75, '2007-11-26 19:04:40', ''),
('sk', '_template', 'course_instructor', 0x4c656b746f72206b75727a75, '2007-11-26 19:04:13', ''),
('sk', '_template', 'course_id', 0x4944206b75727a75, '2004-06-26 17:30:58', ''),
('sk', '_template', 'course_forums', 0x46c3b372756d206b75727a75, '2007-11-26 19:03:56', ''),
('sk', '_template', 'courses_below', 0x5a617073616ec3a9206b75727a79, '2004-02-22 08:26:33', ''),
('sk', '_template', 'course_available', 0x566f6c6ec3a9206dc3ad73746f2070726f206b75727a, '2004-02-22 07:20:45', ''),
('sk', '_template', 'course_available_zip1', 0x446f737475706ec3bd206b75727a202870c599656420726f7a62616c656ec3ad6d29, '2007-11-26 17:58:57', ''),
('sk', '_template', 'course_available_zip2', 0x446f737475706ec3bd206b75727a2028706f20726f7a62616c656ec3ad29, '2007-11-26 17:59:21', ''),
('sk', '_template', 'course_backups', 0x5ac3a16c6f686f76c3a16ec3ad206b75727a75, '2007-11-26 17:59:30', ''),
('sk', '_template', 'course_copyright', 0x5a766cc3a1c5a1746ec3ad206f7a6ec3a16d656ec3ad206f206175746f72736bc3a96d207072c3a17675, '2007-11-26 18:00:16', ''),
('sk', '_template', 'course_email', 0x456d61696c206b75727a75, '2004-02-22 06:29:07', ''),
('sk', '_template', 'course_enrolment', 0x5ac3a170697320646f206b75727a75, '2004-02-21 14:41:47', ''),
('sk', '_template', 'course_files', 0x4b75727a202d20736f75626f7279, '2007-11-26 19:03:43', ''),
('sk', '_template', 'course', 0x4b75727a, '2004-02-21 12:28:12', ''),
('sk', '_template', 'courses', 0x4b75727a79, '2004-02-21 12:28:23', ''),
('sk', '_template', 'country', 0x5374c3a174, '2004-02-21 12:55:09', ''),
('sk', '_template', 'core', 0x486c61766ec3ad, '2007-11-26 17:57:42', ''),
('sk', '_template', 'correct_answer', 0x537072c3a1766ec3a1206f64706f76c49bc48f, '2004-02-21 13:21:02', ''),
('sk', '_template', 'count', 0x536f75c48d6574, '2007-11-26 17:58:10', ''),
('sk', '_template', 'continue', 0x506f6b7261c48d6f766174, '2007-11-26 17:57:17', ''),
('sk', '_template', 'copyright', 0x5a64726f6a6f76c3bd206bc3b364206ec3a17374726f6a652070726f2063686f642074c49b6368746f20737472c3a16e656b206a6520636f707972696768742026233136393b20323030312d32303034203c6120687265663d22687474703a2f2f7777772e617475746f722e636122207461726765743d225f6e657722207469746c653d22415475746f722e6361202d206f746576c599652073652076206e6f76c3a96d206f6b6ec49b223e415475746f723c2f613e3c7375703e26233137343b3c2f7375703e, '2004-02-21 12:01:43', ''),
('sk', '_template', 'content_packaging_disabled', 0x42616c656ec3ad206f627361687520746f686f746f206b75727a75206e6562796c6f20706f766f6c656e6f2e, '2004-05-20 12:35:49', ''),
('sk', '_template', 'content_packaging_none', 0x4e656ec3ad20646f737475706ec3a9206e6120c5bec3a1646ec3a920737472c3a16e6365, '2004-02-22 05:34:12', ''),
('sk', '_template', 'content_packaging_top', 0x446f737475706ec3a920706f757a65206e6120686c61766ec3ad636820737472c3a16e6bc3a16368, '2007-12-13 16:37:32', ''),
('sk', '_template', 'content_usage', 0x506f75c5bec3ad76c3a16ec3ad206f6273616875, '2007-11-26 17:57:07', ''),
('sk', '_template', 'content_packaging_all', 0x446f737475706ec3a9206e61206b61c5be64c3a920737472c3a16e6365, '2004-02-22 05:35:27', ''),
('sk', '_template', 'content_packaging', 0x496d706f72742f4578706f7274206f6273616875, '2007-11-26 17:56:09', ''),
('sk', '_template', 'content_navigation', 0x4e61766967616365, '2007-11-26 17:55:43', ''),
('sk', '_template', 'content_editor', 0x456469746f72206f6273616875, '2007-11-26 17:54:42', ''),
('sk', '_template', 'content', 0x4f62736168, '2004-02-22 06:06:26', ''),
('sk', '_template', 'contents', 0x4f62736168, '2004-02-21 15:02:37', ''),
('sk', '_template', 'contact_support', 0x506f64706f7261206b6f6e74616b7475, '2007-11-26 17:54:17', ''),
('sk', '_template', 'contact_name', 0x4a6dc3a96e6f206b6f6e74616b7475, '2004-05-20 12:34:58', ''),
('sk', '_template', 'contact_instructor', 0x4b6f6e74616b746f76617420696e737472756b746f7261, '2004-02-21 13:07:11', ''),
('sk', '_template', 'confirm_password', 0x506f747672c48f7465206865736c6f, '2007-11-26 17:53:14', ''),
('sk', '_template', 'contact_email', 0x4b6f6e74616b746ec3ad20652d6d61696c, '2007-11-26 17:53:33', ''),
('sk', '_template', 'confirm_deny_instructor', 0x4368797374c3a17465207365207a616dc3ad746e6f757420706fc5be61646176656b20696e737472756b746f7261206e6120746f686f746f2075c5be69766174656c653a, '2007-12-13 01:59:46', ''),
('sk', '_template', 'confirm_admin_create', 0x436863657465206f707261766475207a616c6fc5be69742073757065722d61646d696e69737472c3a1746f72736bc3bd20c3bac48d65743f, '2007-11-26 17:52:29', ''),
('sk', '_template', 'confirm', 0x506f747672646974, '2007-11-26 17:50:35', ''),
('sk', '_template', 'confirm_account_text', 0x506f6b75642075c5be206dc3a17465207a616c6fc5be656e20c3bac48d65742c2070726f73c3ad6d203c6120687265663d22636f6e6669726d2e706870223e706f747672c48f74652073766f7520652d6d61696c6f766f75206164726573753c2f613e2e, '2007-11-26 17:51:25', ''),
('sk', '_template', 'configuration', 0x4e6173746176656ec3ad, '2007-11-26 17:50:27', ''),
('sk', '_template', 'completed_tests', 0x486f746f76c3a9207465737479202d20c599617a656ec3a920646c65206b75727a75, '2004-05-23 18:48:19', ''),
('sk', '_template', 'comments_num', 0x2573206b6f6d656e74c3a1c59928c5af29, '2007-11-26 17:49:56', ''),
('sk', '_template', 'comments', 0x4b6f6d656e74c3a1c59965, '2007-11-26 17:49:36', ''),
('sk', '_template', 'comment', 0x4b6f6d656e74c3a1c599, '2007-11-26 17:49:29', ''),
('sk', '_template', 'colors', 0x4261727679, '2004-02-21 16:14:15', ''),
('sk', '_template', 'codes', 0x50c599c3ad6b617a79, '2004-02-21 16:17:01', ''),
('sk', '_template', 'close_related_topics', 0x5a6176c599c3ad7420736f75766973656ac3ad63c3ad2074c3a96d617461, '2004-02-21 14:51:23', ''),
('sk', '_template', 'close_menus', 0x5a6176c599c3ad74206e6162c3ad646b79, '2004-02-21 14:50:15', ''),
('sk', '_template', 'close_help_window', 0x5a6176c599c3ad74206f6b6e6f206ec3a1706f76c49b6479, '2004-02-21 14:56:18', ''),
('sk', '_template', 'close_file_manager', 0x5a6176c599c3ad7420737072c3a176636520736f75626f72c5af, '2007-11-26 17:37:45', ''),
('sk', '_template', 'close_after_saving', 0x5a6176c599c3ad7420706f20756c6fc5be656ec3ad, '2004-05-21 07:41:08', ''),
('sk', '_template', 'close', 0x5a6176c599c3ad74, '2007-11-26 17:37:17', ''),
('sk', '_template', 'click_code', 0x4b6c696b6ec49b7465206e612070c599c3ad6b617a206e65626f20736d616a6cc3ad6b612c206b746572c3a9686f2063686365746520766c6fc5be69742e, '2004-02-21 16:16:48', ''),
('sk', '_template', 'cid', 0x434944, '2004-05-21 07:41:32', ''),
('sk', '_template', 'choice', 0x56c3bd62c49b72, '2004-05-21 07:41:46', ''),
('sk', '_template', 'child_of', 0x506f746f6d656b202573, '2004-05-21 07:42:04', ''),
('sk', '_template', 'checked', 0x5a6b6f6e74726f6c6f76c3a16e6f, '2007-12-01 12:16:19', ''),
('sk', '_template', 'chat_you', 0x5679, '2004-05-21 07:42:35', ''),
('sk', '_template', 'chat_user_logged_out', 0x55c5be69766174656c2025732062796c206f64686cc3a1c5a1656e206b76c5af6c69206e65c48d696e6e6f7374692e, '2004-05-21 07:46:21', ''),
('sk', '_template', 'chat_user_logged_in', 0x55c5be69766174656c2025732073652070c59969686cc3a173696c2e, '2007-12-01 12:15:49', ''),
('sk', '_template', 'chat_tran_file_name', 0x4ec3a17a65762070c59965706973752028616c66616e756d657269636bc3bd2c2062657a206d657a6572293a, '2007-12-01 12:09:45', ''),
('sk', '_template', 'chat_transcript_start', 0x5a61c48dc3a174656b2070c59965706973753a, '2007-12-01 12:10:12', ''),
('sk', '_template', 'chat_transcript_end', 0x4b6f6e65632070c59965706973753a, '2007-12-01 12:09:59', ''),
('sk', '_template', 'chat_transcript', 0x50c59965706973, '2004-05-23 18:49:01', ''),
('sk', '_template', 'chat_system', 0x53797374c3a96d, '2007-12-01 12:09:14', ''),
('sk', '_template', 'chat_stop_tran', 0x5a61737461766974207563686f76c3a176c3a16ec3ad2070c5996570697375, '2007-12-01 12:09:05', ''),
('sk', '_template', 'chat_start_transcript', 0x5a6168c3a16a69742f7a617374617669742070c59965706973, '2007-12-01 12:08:44', ''),
('sk', '_template', 'chat_start_tran', 0x5a6168c3a16a6974207563686f76c3a176c3a16ec3ad2070c5996570697375, '2007-12-01 12:08:28', ''),
('sk', '_template', 'chat_return', 0x5a70c49b74206e6120706f6b6563, '2007-12-01 12:07:35', ''),
('sk', '_template', 'chat_refresh_message', 0x4f626e6f766974207a7072c3a17679, '2007-12-01 12:05:22', ''),
('sk', '_template', 'chat_prefs_checking', 0x4e6173746176656ec3ad206b6f6e74726f6c79207a7072c3a176, '2007-12-01 12:04:06', ''),
('sk', '_template', 'chat_quick_keys', 0x527963686cc3bd2070c599c3ad73747570, '2007-12-01 12:04:29', ''),
('sk', '_template', 'chat_post', 0x566c6fc5be69743a204f6465736c617420686f746f766f75207a7072c3a17675, '2007-12-01 12:03:47', ''),
('sk', '_template', 'chat_order_prefs', 0x506fc5996164c3ad207a7072c3a1763a, '2007-12-01 12:03:12', ''),
('sk', '_template', 'chat_options', 0x566f6c6279, '2007-12-01 12:03:02', ''),
('sk', '_template', 'chat_oldnew_prefs', 0x4f64206e656a73746172c5a1c3ad6368, '2007-12-01 12:02:53', ''),
('sk', '_template', 'chat_no_new_messages', 0x4e656dc3a1746520c5bec3a1646ec3a9206e6f76c3a9207a7072c3a176792e, '2007-12-01 12:02:44', ''),
('sk', '_template', 'chat_none_found', 0xc5bdc3a1646ec3a92070c5996570697379206e656e616c657a656e792e, '2007-12-01 12:02:33', ''),
('sk', '_template', 'chat_newold_prefs', 0x4f64206e656a6e6f76c49b6ac5a1c3ad6368, '2007-12-01 12:02:18', ''),
('sk', '_template', 'chat_newmsg_prefs', 0x5a6f6272617a697420706f757a65206e6f76c3a9207a7072c3a176793f, '2007-12-01 12:02:00', ''),
('sk', '_template', 'chat_message_order_help', 0x5a766f6c7465204f64206e656a6e6f76c49b6ac5a1c3ad63682070726f207a6f6272617a656ec3ad206e6f76c3bd6368207a7072c3a176206e61207672636875206f6272617a6f766b792c2061204f64206e656a73746172c5a1c3ad63682070726f207a6f6272617a656ec3ad206e6f76c3bd6368207a7072c3a176206e612073706f646ec3ad6d206b6f6e6369206f6272617a6f766b792e, '2007-12-01 12:01:40', ''),
('sk', '_template', 'chat_message_new_help', 0x55c5be69766174656cc3a920c48d746563c3ad636820706f6dc5af63656b207a766f6c74652022416e6f222c2073706f6c752073206d616e75c3a16c6ec3ad206f626e6f766f75206f6272617a6f766b792e, '2008-03-17 19:08:21', ''),
('sk', '_template', 'chat_message_chime', 0x4e6f76c3a1207a7072c3a17661202d207a76756b3a, '2007-12-01 11:59:23', ''),
('sk', '_template', 'chat_message_checking', 0x4b6f6e74726f6c61207a7072c3a1763a, '2004-05-21 07:59:34', ''),
('sk', '_template', 'chat_message_check_help', 0x5a766f6c746520736920696e74657276616c2070726f207ac3ad736bc3a176c3a16ec3ad206e6f76c3bd6368207a7072c3a176207a6520736572766572752e2055c5be69766174656cc3a92073637265656e2072656164657275207369206e6173746176c3ad207475746f206d6fc5be6e6f7374206e6120766f6c6275205275c48d6ec3ad206f626e6f766f76c3a16ec3ad2e, '2007-12-13 00:14:24', ''),
('sk', '_template', 'chat_messages', 0x5a7072c3a17679, '2004-05-21 07:58:01', ''),
('sk', '_template', 'chat_manual_checking', 0x5275c48d6ec3ad20616b7475616c697a616365, '2007-12-01 11:55:45', ''),
('sk', '_template', 'chat_logged_out', 0x55c5be69766174656c2025732062796c206f64686cc3a1c5a1656e2e, '2004-05-21 07:58:42', ''),
('sk', '_template', 'chat_list_and_history', 0x53657a6e616d2075c5be69766174656cc5af206120686973746f726965, '2007-12-01 11:55:26', ''),
('sk', '_template', 'chat_layout_prefs', 0x4e6173746176656ec3ad20767a686c656475, '2007-12-01 11:55:05', ''),
('sk', '_template', 'chat_keep_tran', 0x5461746f2073656b63652076c3a16d20756d6fc5bec588756a6520756b6cc3a164617420686973746f72696920706f6b6563752e, '2007-12-13 16:16:52', ''),
('sk', '_template', 'chat_jump_to_message', 0x50c599656ac3ad74206e61207a7072c3a17679, '2007-12-01 11:53:25', ''),
('sk', '_template', 'chat_inactive', 0x4e65616b7469766ec3ad, '2007-12-01 11:53:16', ''),
('sk', '_template', 'chat_history_messages', 0x486973746f726965202d207a7072c3a176792025732061c5be202573206f64202573, '2004-06-04 06:20:02', ''),
('sk', '_template', 'chat_help_screen', 0x4f6272617a6f766b61206ec3a1706f76c49b6479, '2004-05-21 07:40:28', ''),
('sk', '_template', 'chat_help_options_jump', 0x50c599656ac3ad74206e61206ec3a1706f76c49b647520766f6c6562, '2004-05-21 07:57:48', ''),
('sk', '_template', 'chat_help_options_frame', 0x4ec3a1706f76c49b646120766f6c6562202876707261766f206e61686fc5996529, '2004-05-21 07:57:21', ''),
('sk', '_template', 'chat_help_options_blurb', 0x3c756c3e203c6c693e4b6c696b6e7574c3ad6d206e61206f646b617a203c656d3e5570726176697420707265666572656e63653c2f656d3e206f746576c599657465206e6173746176656ec3ad2061207a6465206dc5afc5be657465206dc49b6e69742073766f6a652070c5996564766f6c6279206f766cc3a164c3a16ec3ad206120767a686c6564752e3c2f6c693e203c6c693e4f646b617a203c656d3e4f707573697420706f6b65633c2f656d3e20756b6f6ec48dc3ad2076c3a1c5a120706f627974207620706f6b6563752e3c2f6c693e203c6c693e4f646b617a203c656d3e4ec3a1706f76c49b64613c2f656d3e2076c3a173207672c3a174c3ad206e61207475746f206f6272617a6f766b752e2028416c742b512b456e746572293c2f6c693e203c2f756c3e, '2007-12-13 00:12:50', ''),
('sk', '_template', 'chat_help_history_frame', 0x53657a6e616d2075c5be69766174656cc5af2061206ec3a1706f76c49b64612070726f20686973746f726969, '2007-12-01 11:51:23', ''),
('sk', '_template', 'chat_help_history_jump', 0x50c599656ac3ad74206e612073657a6e616d2075c5be69766174656cc5af2061206ec3a1706f76c49b64752070726f20686973746f726969, '2007-12-01 11:51:45', ''),
('sk', '_template', 'chat_help_jump_top', 0x50c599656ac3ad74206e6120767263686f6c, '2004-05-21 07:54:27', ''),
('sk', '_template', 'chat_help_history_blurb', 0x3c656d3e53657a6e616d2075c5be69766174656cc5af3c2f656d3e207a6f6272617a756a6520436861742049442076c5a16563682075c5be69766174656cc5af2063686174752e204b6c696b6ec49b7465206e6120436861742049442070726f207a6f6272617a656ec3ad207a7072c3a1762c206b746572c3a920c3bac48d6173746ec3ad6b207a61736c616c2c2073706f6c752073207661c5a1696d69207a7072c3a176616d692e204b6c696b6e7574c3ad6d206e61203c656d3e416c6c2055736572733c2f656d3e207a6f6272617ac3ad7465207a7072c3a17679207a61736c616ec3a92076c5a1656d6920c3bac48d6173746ec3ad6b792e, '2007-12-01 11:51:01', ''),
('sk', '_template', 'chat_help_display_jump', 0x50c599656ac3ad74206e61206f6b6e6f206ec3a1706f76c49b6479, '2007-12-01 11:48:51', ''),
('sk', '_template', 'chat_help_display_frame', 0x5a6f6272617a6974206f6b6e6f206ec3a1706f76c49b64792028766c65766f206e61686fc5996529, '2007-12-01 11:48:27', ''),
('sk', '_template', 'chat_help_display_blurb', 0x3c703e506f7a6ec3a16d6b613a203c656d3e50c599656ac3ad74206e613c2f656d3e2061203c656d3e527963686cc3bd2070c599c3ad737475703c2f656d3e207365207a6f6272617ac3ad20706f757a6520706f6b7564206dc3a17465207a61706e75746f7520203c656d3e506f6d6f632070c59969206e617669676163693c2f656d3e76206e6173746176656ec3ad2e3c2f703e0d0a0d0a3c756c3e0d0a3c6c693e4f646b617a203c656d3e50c599656ac3ad74206e6120727963686cc3bd2070c599c3ad737475703c2f656d3e20286e61686fc59965292076c3a173206e61736dc49b72756a65206e612073657a6e616d20727963686cc3bd63682070c599c3ad73747570c5af2070726f20506f6b65632e20203c2f6c693e0d0a3c6c693e3c656d3e5a7072c3a176793c2f656d3e207a6f6272617ac3ad206e656a6e6f76c49b6ac5a1c3ad207a7072c3a176792028706f736c65646ec3ad6368203130292e203c2f6c693e0d0a3c6c693e4b6c696b6e7574c3ad6d206e613c656d3e50c599656ac3ad74206e61207a7072c3a176793c2f656d3e207365206f6369746e657465206e61207a61c48dc3a1746b752073657a6e616d75207a7072c3a1762028416c742b4d29203c2f6c693e0d0a3c6c693e4b6c696b6e7574c3ad6d206e613c656d3e4f626e6f766974207a7072c3a176793c2f656d3e207a6f6272617ac3ad7465206e6f76c3a9207a7072c3a176792028416c742b52292e203c2f6c693e0d0a3c6c693e20506f6d6f63c3ad20706f6c65203c656d3e567974766fc5996974206e6f766f75207a7072c3a176753c2f656d3e2061203c656d3e4f6465736c61743c2f656d3e206dc5afc5be65746520766b6cc3a16461742061206f646573c3ad6c6174207a7072c3a176792028416c742b432070726f20767974766fc599656ec3ad2c20456e7465722070726f206f6465736cc3a16ec3ad292e203c2f6c693e0d0a3c2f756c3e, '2007-12-01 11:45:28', ''),
('sk', '_template', 'chat_full_history', 0x43656cc3a120686973746f726965, '2004-05-21 07:39:24', ''),
('sk', '_template', 'chat_exit', 0x4f70757374697420706f6b6563, '2004-05-21 07:39:11', ''),
('sk', '_template', 'chat_enter', 0x5673746f7570697420646f20706f6b656375, '2004-05-21 05:23:26', ''),
('sk', '_template', 'chat_edit_prefs', 0x5570726176697420707265666572656e6365, '2004-05-21 05:23:11', ''),
('sk', '_template', 'chat_delete_transcript', 0x536d617a61742070c59965706973, '2004-05-21 05:22:00', ''),
('sk', '_template', 'chat_current_tran', 0x416b7475c3a16c6ec3ad2070c59965706973206dc5afc5be65746520766964c49b74206e61, '2004-05-21 05:21:00', ''),
('sk', '_template', 'chat_currently_active', 0x4d6f6d656e74c3a16c6ec49b20616b7469766ec3ad, '2004-05-21 05:20:34', ''),
('sk', '_template', 'chat_compose_message', 0x567974766fc5996974207a7072c3a17675, '2004-05-21 05:20:17', ''),
('sk', '_template', 'chat_chime_help', 0x4e61737461767465206e612022416e6f222c20706f6b75642063686365746520736c79c5a16574207a76756b6f76c3bd207369676ec3a16c2070c599692070c599c3ad63686f6475206e6f76c3a9686f2070c599c3ad7370c49b766b752e204e6566756e67756a652076652076c5a16563682070726f686cc3adc5be65c48dc3ad63682e, '2004-05-21 05:19:45', ''),
('sk', '_template', 'chat_auto60_checking', 0x4175746f6d617469636b792028706f20363020767465c599696ec3a1636829, '2004-05-21 05:16:58', ''),
('sk', '_template', 'chat_auto5_checking', 0x4175746f6d617469636b792028706f203520767465c599696ec3a1636829, '2004-05-21 05:16:47', ''),
('sk', '_template', 'chat_auto20_checking', 0x4175746f6d617469636b792028706f20323020767465c599696ec3a1636829, '2004-05-21 05:16:34', ''),
('sk', '_template', 'chat_auto180_checking', 0x4175746f6d617469636b792028706f2031383020767465c599696ec3a1636829, '2004-05-21 05:16:09', ''),
('sk', '_template', 'chat_altr', 0x416c74202b2052202b20456e7465723a20416b7475616c697a6f766174207a7072c3a17679, '2004-05-21 05:15:43', ''),
('sk', '_template', 'chat_altq', 0x416c74202b2051202b20456e746572203a2050c599656ac3ad74206e61206ec3a1706f76c49b6475206b20706f6b656375, '2004-05-21 05:14:20', ''),
('sk', '_template', 'chat_altm', 0x416c74202b204d202b20456e7465723a2050c599656ac3ad74206e61207a7072c3a17679, '2004-05-21 05:12:54', ''),
('sk', '_template', 'chat_altc', 0x416c74202b20433a2050c599656ac3ad74206e612074766f726275207a7072c3a17679, '2004-05-21 05:12:33', ''),
('sk', '_template', 'chat', 0x506f6b6563, '2004-02-21 15:40:38', ''),
('sk', '_template', 'charset', 0x536f75626f72207a6e616bc5af, '2007-12-01 11:37:23', ''),
('sk', '_template', 'change_password', 0x5a6dc49b6e6974206865736c6f, '2007-12-01 11:36:59', ''),
('sk', '_template', 'change_email', 0x5a6dc49b6e697420652d6d61696c, '2007-12-01 11:36:50', ''),
('sk', '_template', 'center', 0x5570726f7374c5996564, '2004-02-21 16:19:56', ''),
('sk', '_template', 'cat_theme', 0x4ec3a17a6576206b617465676f726965, '2007-11-26 17:36:48', ''),
('sk', '_template', 'cats_uncategorized', 0x4e65726f7a74c599c3ad64c49b6ec3a9, '2004-02-21 13:01:15', ''),
('sk', '_template', 'cats_view_links', 0x4f646b617a7920706f646c65207a61c599617a656ec3ad20646f206b617465676f726965, '2007-11-26 17:36:20', ''),
('sk', '_template', 'cats_parent_category', 0x4e6164c599617a656ec3a1206b617465676f726965, '2004-05-20 11:10:56', ''),
('sk', '_template', 'cats_no_categories', 0xc5bdc3a1646ec3a9206b617465676f726965, '2004-05-21 07:53:39', ''),
('sk', '_template', 'cats_none', 0x4e6963, '2004-05-21 07:53:26', ''),
('sk', '_template', 'cats_categories', 0x4b617465676f726965, '2004-02-21 13:00:43', ''),
('sk', '_template', 'cats_all', 0x56c5a16563686e79206b617465676f726965, '2007-11-26 17:34:39', ''),
('sk', '_template', 'category', 0x4b617465676f726965, '2004-02-21 13:05:41', ''),
('sk', '_template', 'categories', 0x4b617465676f726965, '2007-11-26 17:33:20', ''),
('sk', '_template', 'cannot_find_remote_languages', 0x4e656ec3ad206d6fc5be6ec3a9206e6176c3a17a61742073706f6a656ec3ad207320415475746f722e63612070726f206f626e6f76752073657a6e616d7520646f737475706ec3bd6368206a617a796bc5af2e, '2007-11-26 17:33:07', ''),
('sk', '_template', 'cancel', 0x5a7275c5a16974, '2004-02-21 12:21:11', ''),
('sk', '_template', 'cache_directory', 0x536c6fc5be6b612070726f207679726f766ec3a1766163c3ad2070616dc49bc5a5, '2007-11-26 17:32:00', ''),
('sk', '_template', 'c', 0x43, '2007-11-26 17:29:18', ''),
('sk', '_template', 'bytes', 0x627974c5af, '2004-05-21 07:51:51', ''),
('sk', '_template', 'bug_identifier', 0x4964656e746966696bc3a1746f722063687962, '2007-12-13 01:56:47', ''),
('sk', '_template', 'bug_count', 0x506fc48dc3ad7461646c6f2063687962, '2007-12-13 01:34:31', ''),
('sk', '_template', 'bt', 0x42, '2008-03-17 18:42:46', ''),
('sk', '_template', 'browse_courses', 0x446f737475706ec3a9206b75727a79, '2004-02-21 11:38:33', ''),
('sk', '_template', 'bottom', 0x646f6cc5af, '2007-11-26 17:27:41', ''),
('sk', '_template', 'body', 0x54657874, '2004-02-22 06:01:53', ''),
('sk', '_template', 'bold', 0x5475c48d6ec3bd, '2004-02-21 16:20:12', ''),
('sk', '_template', 'blue_guests', 0x4d6f64c599c3ad203d20486f7374c3a9, '2004-05-20 11:06:40', ''),
('sk', '_template', 'blue', 0x6d6f6472c3a1, '2004-02-23 06:49:24', ''),
('sk', '_template', 'blogs', 0x426c6f6779, '2007-11-26 17:27:06', ''),
('sk', '_template', 'before_topic', 0x50c59965643a202573, '2007-11-26 17:26:53', ''),
('sk', '_template', 'banner', 0x42616e6e6572, '2007-11-26 17:26:36', ''),
('sk', '_template', 'back_to_summary', 0x5a70c49b74206e6120736f7568726e, '2004-05-21 05:09:16', ''),
('sk', '_template', 'back_to_profile', 0x5a70c49b74206e612070726f66696c, '2007-11-26 17:25:21', ''),
('sk', '_template', 'back_to_main', 0x5a70c49b74206e6120686c61766ec3ad20737472c3a16e6b75, '2007-11-26 17:24:49', ''),
('sk', '_template', 'back_to', 0x5a70c49b74206e613a, '2007-11-26 17:24:39', ''),
('sk', '_template', 'backup_manager', 0x537072c3a17661207ac3a16c6f686f76c3a16ec3ad, '2007-11-26 17:26:17', ''),
('sk', '_template', 'backups', 0x5ac3a16c6f6879, '2007-11-26 17:26:25', ''),
('sk', '_template', 'b', 0x42, '2007-11-26 17:24:29', ''),
('sk', '_template', 'back', 0x5a70c49b74, '2004-05-21 05:07:52', ''),
('sk', '_template', 'avg_duration', 0x7072c5af6d2e20747276c3a16ec3ad2028762073656b2e29, '2004-05-21 05:07:42', ''),
('sk', '_template', 'average', 0x5072c5af6dc49b72, '2004-05-21 05:07:18', ''),
('sk', '_template', 'availablity', 0x446f737475706e6f7374, '2007-11-26 17:24:16', ''),
('sk', '_template', 'available_on_my_courses', 0x4f646b617a207a6520737472c3a16e6b79203c656d3e4d7920436f75727365733c2f656d3e, '2007-11-26 17:24:04', ''),
('sk', '_template', 'available_immediately', 0x53707573746974206f6b616dc5be6974c49b, '2007-11-26 17:22:56', ''),
('sk', '_template', 'availability', 0x446f737475706e6f7374, '2007-11-26 17:22:36', ''),
('sk', '_template', 'auto_login1', 0x4175746f6d617469636bc3a92070c59969686cc3a1c5a1656ec3ad, '2004-02-21 12:44:51', ''),
('sk', '_template', 'auto_install_languages_cron', 0x4a652074c599656261206e656a64c599c3ad7665206e61737461766974203c6120687265663d2261646d696e2f63726f6e5f636f6e6669672e706870223e63726f6e3c2f613e2070726f20706f75c5be6974c3ad20746f686f746f20646f706cc5886b752e, '2007-11-26 17:22:17', ''),
('sk', '_template', 'auto_install_languages', 0x4175746f6d617469636b7920696e7374616c6f766174206e6f76c3a9206a617a796b6f76c3a92062616cc3adc48d6b79, '2007-11-26 17:20:21', ''),
('sk', '_template', 'auto_check_new_version', 0x4175746f6d617469636b79207679686c6564617420616b7475616c697a61636520415475746f7261, '2007-11-26 17:20:04', ''),
('sk', '_template', 'auth_access_text', 0x506fc5a16c6574652074656e746f206f646b617a2076c5a1656d2c206b7465c599c3ad206279206dc49b6c69206dc3ad74206f6d657a656ec3bd2070c599c3ad73747570206b207661c5a1656d7520636872c3a16ec49b6ec3a96d7520c48d6920736f756b726f6dc3a96d75206b75727a752e, '2007-11-26 17:17:29', ''),
('sk', '_template', 'auto_approve_instructors', 0x4175746f6d617469636b792073636876c3a16c697420706fc5be616461766b7920696e737472756b746f7261, '2007-12-13 01:59:34', ''),
('sk', '_template', 'authenticated_access', 0x4f76c49bc599656ec3bd2070c599c3ad73747570, '2007-11-26 17:18:20', ''),
('sk', '_template', 'author', 0x4175746f72, '2007-11-26 17:19:15', ''),
('sk', '_template', 'at_tools', 0x4ec3a17374726f6a6520415475746f7261, '2004-05-21 05:06:46', ''),
('sk', '_template', 'atutor_version_text', 0x3a20200925732e203c6120687265663d22687474703a2f2f617475746f722e63612f636865636b5f617475746f725f76657273696f6e2e7068703f763d2573223e506f64c3ad76656a7465207365206e6120706f736c65646ec3ad207665727a693c2f613e2e, '2007-11-26 17:16:37', ''),
('sk', '_template', 'atutor_version', 0x5665727a6520415475746f7261, '2007-11-26 17:15:49', '');
INSERT INTO `AT_language_text` (`language_code`, `variable`, `term`, `text`, `revised_date`, `context`) VALUES
('sk', '_template', 'atutor_links', 0x3c703e44616cc5a1c3ad20696e666f726d616365206f203c6120687265663d22687474703a2f2f617475746f722e63612f696e6465782e706870223e415475746f726f76693c2f613e20736520646f7a76c3ad746520706f206ec3a176c5a174c49b76c49b2074c49b6368746f206f646b617ac5af3a3c2f703e203c756c3e203c6c693e3c6120687265663d22687474703a2f2f7777772e617475746f722e63612f686f77746f2e706870223e415475746f72206b75727a3c656d3e4a616b206e6120746f3c2f656d3e3c2f613e202d204e6175c48dc3ad746520736520706f75c5bec3ad76617420415475746f722070726f7374c59965646e69637476c3ad6d20696e737472756bc48d6ec3ad686f206b75727a753c2f6c693e203c6c693e3c6120687265663d22687474703a2f2f617475746f722e63612f617475746f722f646f63732f696e6465782e706870223e4641513c2f613e202d20c48d6173746f206b6c6164656ec3a9206f74c3a17a6b792061206f64706f76c49b64693c2f6c693e203c6c693e3c6120687265663d22687474703a2f2f617475746f722e63612f666f72756d732f696e6465782e706870223e46c3b372756d20706f646f7072793c2f613e202d2050c599c3ad7370c49b766b79206f642075c5be69766174656cc5af3c2f6c693e203c6c693e3c6120687265663d22687474703a2f2f617475746f722e63612f73657276696365732f696e6465782e706870223e506f6470c5af726ec3a920736c75c5be62793c2f613e202d20706f74c5996562756a6574652d6c69206e61c5a16920706f6d6f632c20706f64706f7261206a65206b20646973706f7a6963693c2f6c693e203c6c693e3c6120687265663d22687474703a2f2f617475746f722e63612f617475746f722f7472616e736c6174652f696e6465782e706870223e4c6f6b616c697a6163653c2f613e202d2053746168756a7465206a617a796b6f76c3a92062616cc3adc48d6b792c207a61706f6a746520736520646f2070c599656b6c6164753c2f6c693e203c6c693e3c6120687265663d22687474703a2f2f617475746f722e63612f73657276696365732f6c6963656e73696e672e706870223e4c6963656e63653c2f613e202d20415475746f7220736f667477617265206a6520766f6c6ec49b206b20646973706f7a696369207a61207572c48d6974c3bd636820706f646dc3ad6e656b3c2f6c693e203c6c693e3c6120687265663d22687474703a2f2f617475746f722e63612f617475746f722f646f776e6c6f61642e706870223e446f776e6c6f61643c2f613e202d2076c5a1656368656e20736f66747761726520706f74c59965626ec3bd206b20726f7a63686f7a656ec3ad20415475746f7261206a65206d6fc5be6e6f207374c3a1686e6f7574207a64653c2f6c693e3c2f756c3e, '2007-11-26 17:15:37', ''),
('sk', '_template', 'atutor_is', 0x3c7374726f6e673e3c656d3e415475746f723c2f656d3e3c2f7374726f6e673e206a65204f70656e20536f75726365205765622d6261736564203c7374726f6e673e4c6561726e696e6720436f6e74656e74204d616e6167656d656e742053797374656d20284c434d53293c2f7374726f6e673e200d0a6e617672c5be656ec3bd207a766cc3a1c5a174c49b2073206f686c6564656d206e612070c599c3ad737475706e6f737420612070c599697a70c5af736f6269766f73742e2041646d696e69737472c3a1746fc59969206d6f686f7520696e7374616c6f766174206e65626f20616b7475616c697a6f76617420415475746f72612062c49b68656d206ec49b6b6f6c696b61206d696e75742e20567975c48d756ac3ad63c3ad206d6f686f7520727963686c652073657374617669742c207a6162616c6974206120726564697374726962756f7661742076c3bd756b6f76c3bd206f627361682061206f6e6c696e652070726f766f7a6f766174207376c3a9206b75727a792e2053747564656e74692073652075c48dc3ad20762070c599697a70c5af736f626976c3a96d2076c3bd756b6f76c3a96d2070726f7374c5996564c3ad2e, '2007-12-11 23:19:36', ''),
('sk', '_template', 'atutor_home', 0x415475746f7220646f6dc5af, '2004-05-21 04:54:46', ''),
('sk', '_template', 'atutor_handbook', 0x4f66696369c3a16c6ec3ad2070c599c3ad7275c48d6b612070726f20706f75c5bec3ad76c3a16ec3ad20415475746f7261, '2007-11-26 17:14:30', ''),
('sk', '_template', 'atutor_accessibility_text', 0x3c703e415475746f72206f62736168756a65206d6e6f686f2066756e6b63c3ad206e617672c5be656ec3bd63682070726f207a6c6570c5a1656ec3ad2070c599c3ad737475706e6f737469206f62736168752076c5a1656d20706f74656e6369c3a16c6ec3ad6d2075c5be69766174656cc5af6d2c2076c48d65746ec49b2074c49b63682c206b7465c599c3ad206d616ac3ad20706f6d616cc3a92070c59969706f6a656ec3ad206b20496e7465726e6574752c2073746172c3a920c48d69206174797069636bc3a92070726f686cc3adc5be65c48d652c206e65626f206b7465c599c3ad206b76c5af6c69207a647261766f746ec3ad6d20706f737469c5be656ec3ad6d206d7573656ac3ad20767975c5bec3ad766174206b2070c599c3ad7374757075206e61207765622072c5af7a6ec3a920706f6dc5af636b792e205479746f206d6fc5be6e6f737469206a736f752064c3a16c652064657461696c6ec49b20706f7073c3a16e792e3c2f703e, '2004-05-20 11:02:32', ''),
('sk', '_template', 'attempts', 0x506f6b757379, '2007-11-26 17:06:51', ''),
('sk', '_template', 'assistants', 0x506f6d6f636ec3ad6369, '2007-11-26 17:06:36', ''),
('sk', '_template', 'as_individual_content', 0x446c65206a65646e6f746c6976c3bd636820737472c3a16e656b2073206f62736168656d, '2007-12-13 02:02:14', ''),
('sk', '_template', 'at', 0x76, '2004-02-22 06:49:11', ''),
('sk', '_template', 'assign_to', 0x5a61646174, '2007-11-26 17:05:33', ''),
('sk', '_template', 'assign_unassigned', 0x5a61646174206e6570c5996964c49b6c656ec3a9, '2007-11-26 17:05:55', ''),
('sk', '_template', 'assistant', 0x506f6d6f636ec3ad6b, '2007-11-26 17:06:27', ''),
('sk', '_template', 'assignments', 0xc39a6b6f6c79, '2007-11-26 17:05:26', ''),
('sk', '_template', 'assigned_to', 0x5a6164c3a16e6f, '2007-11-26 17:05:08', ''),
('sk', '_template', 'assignment', 0xc39a6b6f6c, '2007-11-26 17:05:16', ''),
('sk', '_template', 'archive_total', 0x4172636869766f7661742063656cc3a9, '2004-05-20 11:05:14', ''),
('sk', '_template', 'approved', 0x53636876c3a16c656e6f, '2007-11-26 17:04:17', ''),
('sk', '_template', 'approve', 0x4f64736f75686c61736974, '2004-02-22 07:28:44', ''),
('sk', '_template', 'apply_to_all_results', 0x506f75c5bec3ad742070726f2076c5a16563686e792076c3bd736c65646b79, '2007-11-26 17:04:05', ''),
('sk', '_template', 'apply_theme_subcategories', 0x50c599696461742074c3a96d61206b20706f64c599617a656ec3bd6d206b617465676f7269c3ad6d, '2007-11-26 17:03:47', ''),
('sk', '_template', 'apply', 0x506f75c5bec3ad74, '2007-11-26 17:03:20', ''),
('sk', '_template', 'applies_to_all_sub_pages', 0x427564652061706c696b6f76c3a16e6f206e612076c5a16563686e7920706f64c599617a656ec3a920737472c3a16e6b79, '2007-04-21 08:01:42', ''),
('sk', '_template', 'anonymous_test', 0x416e6f6e796d6ec3ad, '2007-11-26 17:02:23', ''),
('sk', '_template', 'answer', 0x4f64706f76c49bc48f, '2004-02-21 13:16:04', ''),
('sk', '_template', 'answers', 0x4f64706f76c49b6469, '2007-11-26 17:02:34', ''),
('sk', '_template', 'answer_size', 0x56656c696b6f7374206f64706f76c49b6469, '2004-05-20 12:32:14', ''),
('sk', '_template', 'append_content', 0x50c59969646174206b206578697374756ac3ad63c3ad6d75206f62736168752e, '2004-05-20 12:32:35', ''),
('sk', '_template', 'anonymous', 0x416e6f6e796d6ec3ad, '2007-11-26 17:02:15', ''),
('sk', '_template', 'announcement_date_format', 0x25256c202525462025256a2c20252559, '2004-05-25 16:56:37', ''),
('sk', '_template', 'announcements', 0x4f7a6ec3a16d656ec3ad, '2004-05-20 11:04:43', ''),
('sk', '_template', 'always', 0x56c5be6479, '2007-11-26 17:01:52', ''),
('sk', '_template', 'alumni', 0x4162736f6c76656e7469, '2007-11-26 17:01:45', ''),
('sk', '_template', 'alternate_text', 0x416c7465726e617469766ec3ad2074657874, '2007-11-26 17:00:40', ''),
('sk', '_template', 'all_users', 0x56c5a16963686e692075c5be69766174656cc3a9, '2007-11-26 17:00:24', ''),
('sk', '_template', 'all_students', 0x56c5a16963686e692073747564656e7469, '2007-11-26 17:00:12', ''),
('sk', '_template', 'all_questions_on_page', 0x56c5a16563686e79206f74c3a17a6b79206e61206a65646ec3a920737472616ec49b, '2008-03-17 18:42:01', ''),
('sk', '_template', 'all_forums', 0x5364c3ad6c65742073652076c5a1656d69206b75727a792c206e65626f, '2007-12-13 00:48:33', ''),
('sk', '_template', 'all_courses', 0x56c5a16563686e79206b75727a79, '2007-11-26 16:57:56', ''),
('sk', '_template', 'all_available_courses', 0x56c5a16563686e7920646f737475706ec3a9206b75727a79, '2007-11-26 16:57:46', ''),
('sk', '_template', 'allow_instructor_requests', 0x506f766f6c697420706fc5be616461766b7920696e737472756b746f7261, '2007-12-13 01:59:08', ''),
('sk', '_template', 'allow_guests', 0x506f766f6c6974206e6570c59969686cc3a1c5a1656ec3a92075c5be69766174656c65, '2007-11-26 16:59:35', ''),
('sk', '_template', 'all', 0x56c5a16963686e69, '2004-05-25 16:56:14', ''),
('sk', '_template', 'allow_editing', 0x506f766f6c697420c3ba7072617679, '2007-11-26 16:59:12', ''),
('sk', '_template', 'age', 0x56c49b6b, '2004-02-21 12:52:35', ''),
('sk', '_template', 'after_topic', 0x506f3a202573, '2004-05-25 16:55:51', ''),
('sk', '_template', 'affected_entries', 0x5a617361c5be656ec3a9207ac3a17a6e616d79, '2007-11-26 16:57:26', ''),
('sk', '_template', 'admin_new_account', 0x42796c2076c3a16d207ac599c3ad7a656e2075c5be69766174656c736bc3bd20c3bac48d6574206e61202531732e204b2070c599c3ad737475707520646f20746f686f746f20c3bac48d74752073652070726f73c3ad6d2070c59969686c61c5a174652e2044c5af72617a6ec49b20646f706f7275c48d756a656d65207a6dc49b6e75206865736c6120706f2070c59969686cc3a1c5a1656ec3ad2e, '2007-12-13 00:41:23', ''),
('sk', '_template', 'admin_new_account_confirm', 0x42796c2076c3a16d207ac599c3ad7a656e2075c5be69766174656c736bc3bd20c3bac48d6574206e61202531732e204b2070c599c3ad737475707520646f20746f686f746f20c3bac48d7475206e656a64c599c3ad766520706f747672c48f7465207376c5af6a20652d6d61696c206b6c696b6e7574c3ad6d206e61206ec3a1736c6564756ac3ad63c3ad206f646b617a3a202532732e2044c5af72617a6ec49b20646f706f7275c48d756a656d6520706f2070c59969686cc3a1c5a1656ec3ad207a6dc49b6e75206865736c612e, '2007-11-26 16:56:53', ''),
('sk', '_template', 'admin_log', 0x5ac3a17a6e616d206f20c48d696e6e6f7374692061646d696e69737472c3a1746f7261, '2007-11-26 16:54:28', ''),
('sk', '_template', 'admin_email', 0x5a61736c617420656d61696c2075c5be69766174656cc5af6d, '2007-11-26 16:53:50', ''),
('sk', '_template', 'admin_bundle_instructions', 0x50726f73c3ad6d207a766f6c74652070726f66696c2879292c206b746572c3a920636863657465207376c3a17a61742061207a61736c617420652d6d61696c656d2e204275646f75207a61736cc3a16e792076c48d65746ec49b20636879626ec3bd6368207ac3a1706973c5af2e, '2007-12-13 00:43:53', ''),
('sk', '_template', 'administrators', 0x41646d696e69737472c3a1746fc59969, '2007-11-26 16:54:07', ''),
('sk', '_template', 'administration', 0x41646d696e69737472616365, '2004-05-20 12:31:58', ''),
('sk', '_template', 'add_to_test_survey', 0x50c59969646174206b2074657374752f7072c5af7a6b756d75, '2007-11-26 16:51:17', ''),
('sk', '_template', 'add_top_page', 0x50c5996964617420686c61766ec3ad20737472c3a16e6b75, '2007-12-13 16:30:29', ''),
('sk', '_template', 'add_sibling_page', 0x50c5996964617420736f75726f7a656e65636b6f7520737472c3a16e6b75, '2007-11-26 16:50:34', ''),
('sk', '_template', 'add_sub_page', 0x50c5996964617420706f64c599617a656e6f7520737472c3a16e6b75, '2007-11-26 17:03:08', ''),
('sk', '_template', 'add_term', 0x50c5996964617420706f6a656d, '2004-02-22 06:09:54', ''),
('sk', '_template', 'add_questions', 0x50c59969646174206f74c3a17a6b79, '2004-05-21 10:45:27', ''),
('sk', '_template', 'add_question', 0x50c59969646174206f74c3a17a6b75, '2007-11-26 16:48:25', ''),
('sk', '_template', 'add_poll', 0x50c5996964617420616e6b657475, '2007-11-26 16:47:58', ''),
('sk', '_template', 'add_more', 0x50c599696461742073747564656e7479, '2007-11-26 16:47:13', ''),
('sk', '_template', 'add_link', 0x50c59969646174206f646b617a, '2007-11-26 16:46:57', ''),
('sk', '_template', 'add_language', 0x50c59969646174206a617a796b, '2007-11-26 16:46:48', ''),
('sk', '_template', 'add_glossary', 0x50c5996964617420706f6a656d, '2004-02-22 08:50:47', ''),
('sk', '_template', 'add_content', 0x50c59969646174206f62736168, '2007-12-13 02:02:01', ''),
('sk', '_template', 'add_code', 0x50c59969646174206bc3b364, '2004-06-04 06:18:12', ''),
('sk', '_template', 'add_a_new_language', 0x50c59969646174206e6f76c3bd206a617a796b2e, '2007-11-26 16:46:05', ''),
('sk', '_template', 'add_assignment', 0x50c5996964617420c3ba6b6f6c, '2007-11-26 16:46:25', ''),
('sk', '_template', 'add', 0x50c59969646174, '2007-11-26 16:45:55', ''),
('sk', '_template', 'add_announcement', 0x50c59969646174206f7a6ec3a16d656ec3ad, '2004-02-22 06:17:21', ''),
('sk', '_template', 'active_admin', 0x416b7469766ec3ad2061646d696e69737472c3a1746f72, '2007-11-26 16:45:46', ''),
('sk', '_template', 'ac_access_groups', 0x50c599c3ad737475706f76c3a920736b7570696e79, '2007-11-26 16:34:05', ''),
('sk', '_template', 'action', 0x50726f636573, '2007-11-26 16:45:29', ''),
('sk', '_template', 'acollab_own_window', 0x4f746576c599c3ad742041436f6c6c61622076206e6f76c3a96d206f6b6ec49b, '2007-11-26 16:44:51', ''),
('sk', '_template', 'acollab_frame', 0x53797374c3a96d2041436f6c6c616275, '2007-12-13 00:42:45', ''),
('sk', '_template', 'account_status', 0x5374617620c3bac48d7475, '2007-11-26 16:40:29', ''),
('sk', '_template', 'acollab', 0x41436f6c6c6162, '2007-11-26 16:42:49', ''),
('sk', '_template', 'account_information', 0x496e666f726d616365206f20c3bac48d7475, '2004-02-21 12:12:27', ''),
('sk', '_template', 'access_method', 0x50c599c3ad737475706f76c3a1206d65746f6461, '2004-05-21 07:50:06', ''),
('sk', '_template', 'access_stats', 0x53746174697374696b792070c599c3ad737475706f76c3bd6368206d65746f642070726f, '2004-05-21 07:50:26', ''),
('sk', '_template', 'account_authorization', 0x4f7072c3a1766ec49b6ec3ad2070726f20767974766fc599656ec3ad20c3bac48d7475, '2007-11-26 16:40:11', ''),
('sk', '_template', 'access_credit', 0x5a7072c3a17661206f2070c599c3ad737475706e6f73746920706f646c65203c61207469746c653d224b6f6e74726f6c7920646f737475706e6f7374692077656275204154524320286f746576c59965207365206e6f76c3a9206f6b6e6f2922207461726765743d225f6e65772220687265663d22687474703a2f2f636865636b65722e617472632e75746f726f6e746f2e63613f6c616e673d656e67223e4b6f6e74726f6c6120646f737475706e6f737469207765627520415452433c2f613e2e, '2007-12-13 00:40:00', ''),
('sk', '_template', 'accessibility_features_text', 0x506f75c5bec3ad76c3a16ec3ad20415475746f7261207320746563686e6f6c6f6769656d692070726f2068616e64696361706f76616ec3a920612064616cc5a1c3ad6d6920706f6d6f636ec3bd6d692066756e6b63656d69, '2007-12-13 00:40:41', ''),
('sk', '_template', 'access', 0x446f737475706e6f7374, '2004-02-21 13:04:06', ''),
('sk', '_template', 'accessibility', 0x50c599c3ad737475706e6f7374, '2004-05-20 10:53:55', ''),
('sk', '_template', 'accessibility_features', 0x4d6fc5be6e6f737469207a70c599c3ad737475706ec49b6ec3ad, '2004-05-20 10:56:56', ''),
('sk', '_template', 'accept_late_submissions', 0x50c599696a6d6f7574206f706fc5be64c49b6ec3a12070c59969686cc3a1c5a1656ec3ad, '2007-11-26 16:35:11', ''),
('sk', '_template', 'about_public', 0x566f6c6ec49b20646f737475706ec3bd2070726f2076c5a16563686e7920726567697374726f76616ec3a92075c5be69766174656c65206120686f7374792e2050c59969686cc3a1c5a1656ec3ad20646f2073797374c3a96d75206e656ec3ad20706fc5be61646f76c3a16e6f2e205ac3a170697320646f206b75727a75206a6520766f6c6974656c6ec3bd2e, '2004-02-22 05:40:32', ''),
('sk', '_template', 'about_protected', 0x566f6c6ec49b20646f737475706ec3bd20706f757a652070726f20726567697374726f76616ec3a92075c5be69766174656c652e2050c59969686cc3a1c5a1656ec3ad20646f2073797374c3a96d75206a65207679c5be61646f76c3a16e6f2e205ac3a170697320646f206b75727a75206a6520766f6c6974656c6ec3bd2e, '2004-02-22 05:40:10', ''),
('sk', '_template', 'about_private', 0x446f737475706ec3bd20706f757a652070726f207a617073616ec3a92073747564656e74792e2050c59969686cc3a1c5a1656ec3ad20646f2073797374c3a96d75206a65207679c5be61646f76c3a16e6f2e205ac3a170697320646f206b75727a752073636876616c756a6520696e737472756b746f722e, '2004-02-22 05:42:20', ''),
('sk', '_template', 'about_atutor_help_text', 0x496e666f726d616365206f207a70c5af736f62656368206ec3a1706f76c49b647920762073797374c3a96d7520415475746f722061206f6265636ec3a9206d6fc5be6e6f737469206ec3a1706f76c49b64792e, '2004-02-21 16:39:07', ''),
('sk', '_template', 'a', 0x41, '2007-03-30 12:56:24', ''),
('sk', '_template', '404', 0x43687962613a20537472c3a16e6b75206e656c7a65207a6f6272617a6974, '2007-12-09 13:25:48', ''),
('sk', '_template', '20_max_chars', 0x4d6178696dc3a16c6ec49b203230207a6e616bc5af, '2004-02-21 12:49:32', ''),
('sk', '_template', '15_max_chars', 0x4d696e696dc3a16c6ec3ad20706fc48d6574207a6e616bc5af20382c206d6178696dc3a16c6ec3ad20706fc48d6574207a6e616bc5af203135, '2007-12-09 13:25:27', ''),
('sk', '_msgs', 'AT_WARNING_TRANSLATE_ON', 0x4e796ec3ad207365206e616368c3a17ac3ad746520762070c599656b6c61646174656c736bc3a96d206dc3b364752e204b61c5be64c3bd2075c5be69766174656c206dc5afc5be65206b64796b6f6c6976207a6f6272617a69742070c599656b6c61646174656c736b6f7520737472c3a16e6b752e2050726f207679706e7574c3ad20746f686f746f206dc3b364752070726f73c3ad6d206e617374617674652041545f444556454c5f5452414e534c415445207620736f75626f7275202f696e636c7564652f766974616c732e696e632e706870206e61206e756c752e, '2007-12-13 16:34:27', ''),
('sk', '_msgs', 'AT_WARNING_THEME_VERSION_DIFF', 0x54c3a96d61203c623e25733c2f623e206e656d7573c3ad2062c3bd74206b6f6d7061746962696c6ec3ad207320746f75746f207665727ac3ad20415475746f722e, '2007-03-30 12:53:19', ''),
('sk', '_msgs', 'AT_WARNING_QUESTION_WEIGHT', 0x4b206a65646ec3a9206e65626f2076c3ad6365206f74c3a17a656b207620746f6d746f207465737475206e656a736f752070c59969c599617a656e7920626f64792e2050c599657376c49b64c48d74652073652c207a6461206a652076c5a165207620706fc599c3a1646b752c20706f70c599c3ad706164c49b20766c6fc5be746520686f646e6f7479206b206f74c3a17a6bc3a16d2c206b746572c3bd6d206e6562796c792070c5996964c49b6c656e7920626f64792e, '2007-12-11 22:48:55', ''),
('sk', '_msgs', 'AT_WARNING_SAVE_YOUR_WORK', 0x556c6fc5be74652073692073766f75207072c3a163692070c5996564206f746576c599656ec3ad6d206e65626f207a6176c599656ec3ad6d20737072c3a176636520736f75626f72c5af2e, '2007-12-11 22:50:16', ''),
('sk', '_msgs', 'AT_WARNING_LANG_EXISTS', 0x4a617a796b2c206b746572c3bd20736520736e61c5bec3ad7465206e616872c3a1742c206a65206a69c5be207620746f6d746f2073797374c3a96d75206e61696e7374616c6f76c3a16e2e2056796d61c5be7465206578697374756ac3ad63c3ad206a617a796b206b6c696b6e7574c3ad6d206e6120c599c3a164656b20223c7374726f6e673e4f64737472616e69743c2f7374726f6e673e22207665646c652073657a6e616d75206ec3adc5be652e, '2007-12-11 22:47:06', ''),
('sk', '_msgs', 'AT_WARNING_DELETE_CATEGORY', 0x4f7072617664752073692070c599656a65746520736d617a6174207475746f206b617465676f7269692073652076c5a1656d69206f646b617a793f, '2007-12-11 22:45:03', ''),
('sk', '_msgs', 'AT_WARNING_CHAT_TRAN_EXISTS', 0x50c5996570697320706f64206ec3a17a76656d202573206a69c5be206578697374756a652e2056796d61c5be74652070c5af766f646ec3ad2070c599657069732c2070616b207a6e6f7675206f6465c5a16c6574652c206e65626f2070c599656a6d656e756a74652076c3a1c5a1206e6f76c3bd2070c599657069732e, '2007-12-11 22:46:01', ''),
('sk', '_msgs', 'AT_INFOS_TRACKING_OFFST', 0x50726f2074656e746f206b75727a206e656ec3ad20706f766f6c656e6f20736c65646f76c3a16ec3ad2e, '2007-12-11 22:43:59', ''),
('sk', '_msgs', 'AT_INFOS_TRACKING_NO_INST1', 0x496e666f726d616365206f20736c65646f76c3a16ec3ad206e656ec3ad20756b6cc3a164c3a16e612070726f20696e737472756b746f7279206b75727a752e2056697a203c6120687265663d22746f6f6c732f636f757273655f747261636b65722e706870223e536c65646f76c3a16ec3ad206b75727a753c2f613e2070726f207ac3a17a6e616d20c48d696e6e6f7374692076206b75727a752e, '2007-12-11 22:42:36', ''),
('sk', '_msgs', 'AT_INFOS_TRACKING_OFFIN', 0x50726f2074656e746f206b75727a206e656ec3ad20706f766f6c656e6f20736c65646f76c3a16ec3ad2e20506f6b7564206a656a2063686365746520706f766f6c69742c206b6f6e74616b74756a7465207661c5a165686f2073797374c3a96d6f76c3a9686f2061646d696e69737472c3a1746f72612e, '2007-12-11 22:43:30', ''),
('sk', '_msgs', 'AT_INFOS_TRACKING_NO_INST', 0x5a766f6c696c69206a737465207369207376c3a920766c6173746ec3ad20494420c48dc3ad736c6f2e20496e666f726d616365206f20736c65646f76c3a16ec3ad206e656ec3ad20756b6cc3a164c3a16e612070726f20696e737472756b746f7279206b75727a752e205a766f6c7465207369206a696ec3a9686f2075c5be69766174656c652e, '2007-12-11 22:41:26', ''),
('sk', '_msgs', 'AT_INFOS_SERVICE_UNAVAILABLE', 0x536c75c5be6261206a6520646fc48d61736ec49b206e65646f737475706ec3a12e, '2007-12-11 22:37:11', ''),
('sk', '_msgs', 'AT_INFOS_SAVE_CONTENT', 0x4f62736168206d7573c3ad2062c3bd7420756c6fc5be656e2c206e65c5be206a65206d6fc5be6ec3a9206a656a20686f646e6f7469742e, '2007-12-11 22:36:49', ''),
('sk', '_msgs', 'AT_INFOS_PRIVATE_ENROL', 0x4b75727a2c20646f206b746572c3a9686f20736520736e61c5bec3ad7465207a61707361742c206a65203c7374726f6e673e736f756b726f6dc3bd3c2f7374726f6e673e2e205ac3a170697320646f20746f686f746f206b75727a75207679c5be6164756a6520736f75686c617320696e737472756b746f72612e203c6272202f3e, '2007-12-11 22:32:56', ''),
('sk', '_msgs', 'AT_INFOS_NO_POSTS_FOUND', 0x546f746f2066c3b372756d206e656f62736168756a6520c5bec3a1646ec3a92070c599c3ad7370c49b766b792e, '2007-12-11 22:28:55', ''),
('sk', '_msgs', 'AT_INFOS_NO_SEARCH_RESULTS', 0x4e6562796c79206e616c657a656e7920c5bec3a1646ec3a92076c3bd736c65646b79207679686c6564c3a176c3a16ec3ad2e, '2007-12-11 22:29:27', ''),
('sk', '_msgs', 'AT_INFOS_NO_STUDENTS', 0x446f20746f686f746f206b75727a75206e656a736f75207a617073c3a16e6920c5bec3a1646ec3ad2073747564656e74692e, '2007-12-11 22:30:11', ''),
('sk', '_msgs', 'AT_INFOS_OVER_QUOTA', 0x50c599656b726fc48d696c69206a737465206d6178696dc3a16c6ec3ad206e6f726d75207374616e6f76656e6f752070726f2074656e746f206b75727a2e20427564657465206d757365742076796d617a6174206ec49b6b746572c3a920736f75626f72792c20706f6b75642073692070c599656a657465206e616872c3a1742064616cc5a1c3ad2e, '2007-12-11 22:32:13', ''),
('sk', '_msgs', 'AT_INFOS_NO_POLLS', 0x4d6f6d656e74c3a16c6ec49b206e656a736f75206b20646973706f7a69636920c5bec3a1646ec3a920616e6b6574792e, '2007-12-11 22:28:18', ''),
('sk', '_msgs', 'AT_INFOS_NO_PERMISSION', 0x4e656dc3a17465206f7072c3a1766ec49b6ec3ad2070726f2070c599c3ad73747570206e61207475746f20737472c3a16e6b752e, '2007-12-11 22:27:03', ''),
('sk', '_msgs', 'AT_INFOS_NO_PAGE_CONTENT', 0x4e612074c3a9746f20737472c3a16e6365206e656ec3ad206b20646973706f7a69636920c5bec3a1646ec3bd206f627361682e, '2007-12-11 22:26:08', ''),
('sk', '_msgs', 'AT_INFOS_NO_PACKAGES', 0x4e6562796c79206e616c657a656e7920c5bec3a1646ec3a92062616cc3adc48d6b792e, '2007-12-11 22:25:52', ''),
('sk', '_msgs', 'AT_INFOS_NO_LINK_CATEGORIES', 0x4d6f6d656e74c3a16c6ec49b206e656a736f75206b20646973706f7a69636920c5bec3a1646ec3a9206b617465676f726965206f646b617ac5af2e204f646b617a206e656c7a65206e617672686e6f75742c20646f6b7564206e656a736f7520767974766fc599656e79206b617465676f726965206f646b617ac5af2e, '2007-12-11 22:25:35', ''),
('sk', '_msgs', 'AT_INFOS_NO_COURSES_INST', 0x4e6562796c79206e616c657a656e7920c5bec3a1646ec3a9206b75727a792e204dc5afc5be657465203c6120687265663d222e2f75736572732f62726f7773652e706870223e70726f686cc3adc5be65743c2f613e206578697374756ac3ad63c3ad206b75727a792c206e65626f203c6120687265663d222e2f75736572732f6372656174655f636f757273652e706870223e767974766fc59969743c2f613e206e6f76c3bd206b75727a2e, '2007-12-13 02:38:18', ''),
('sk', '_msgs', 'AT_INFOS_NO_COURSES', 0x4e6562796c79206e616c657a656e7920c5bec3a1646ec3a9206b75727a792e203c6120687265663d222e2f75736572732f62726f7773652e706870223e50726f686cc3adc5be65743c2f613e206578697374756ac3ad63c3ad206b75727a792e, '2007-12-11 22:22:47', ''),
('sk', '_msgs', 'AT_INFOS_NOT_RELEASED', 0x54656e746f206f62736168206a65c5a174c49b206e6562796c207a7665c599656a6ec49b6e2e20506cc3a16e6f76616ec3a9207a7665c599656a6ec49b6ec3ad20646e652025732e, '2007-12-11 22:30:56', ''),
('sk', '_msgs', 'AT_INFOS_NO_ACOLLAB', 0x41436f6c6c6162206e656ec3ad206b20646973706f7a696369, '2007-12-11 22:21:28', ''),
('sk', '_msgs', 'AT_INFOS_NO_CONTENT', 0x446f206b75727a75206a65c5a174c49b206e6562796c20766c6fc5be656e20c5bec3a1646ec3bd206f627361682e, '2007-12-11 22:22:02', ''),
('sk', '_msgs', 'AT_INFOS_NOT_ENROLLED', 0x50726f2070c599c3ad73747570206b2074c3a9746f206f626c61737469207365206d7573c3ad7465207a617073617420646f206b75727a752e, '2007-12-11 22:30:33', ''),
('sk', '_msgs', 'AT_INFOS_MSG_SEND_LOGIN', 0x4b206f646573c3ad6cc3a16ec3ad207a7072c3a176206d7573c3ad74652062c3bd742070c59969686cc3a1c5a1656e69, '2007-12-11 22:20:47', ''),
('sk', '_msgs', 'AT_INFOS_MASTER_LIST_DISABLED', 0x486c61766ec3ad2073657a6e616d2062796c207a61626c6f6b6f76c3a16e2e2050726f20706f766f6c656ec3ad2074c3a9746f2066756e6b6365206a64c49b7465206e61203c6120687265663d2261646d696e2f636f6e6669675f656469742e706870223e53797374c3a96d6f76c3a9206e6173746176656ec3ad3c2f613e2e, '2007-12-11 22:20:07', ''),
('sk', '_msgs', 'AT_INFOS_LOGIN_TO_POST', 0x50726f20706f73c3ad6cc3a16ec3ad207a7072c3a176207365206d7573c3ad74652070c59969686cc3a17369742e, '2007-12-11 22:19:13', ''),
('sk', '_msgs', 'AT_INFOS_INVALID_USER', 0x50726f20706f75c5be6974c3ad2074c3a9746f2073656b6365206d7573c3ad74652062c3bd74203c6120687265663d226c6f67696e2e7068703f636f757273653d2573223e70c59969686cc3a1c5a1656e693c2f613e2e, '2007-12-11 22:18:57', ''),
('sk', '_msgs', 'AT_INFOS_INVALID_URL', 0x4c6f63616c686f7374206e656ec3ad20706c61746ec3a92055524c, '2007-12-11 22:18:16', ''),
('sk', '_msgs', 'AT_INFOS_INBOX_SENT_MSGS_TTL', 0x4f6465736c616ec3a9207a7072c3a17679206a736f75206175746f6d617469636b7920736d617ac3a16e7920706f20257320646e6563682e, '2007-12-11 22:17:34', ''),
('sk', '_msgs', 'AT_INFOS_GLOSSARY_REMAINS', 0x52c3a1646920627963686f6d2075706f7a6f726e696c692c20c5be65206f64737472616ec49b6ec3ad6d207465726dc3ad6e75207a207661c5a165686f206f6273616875207365203c7374726f6e673e6e653c2f7374726f6e673e6f64737472616ec3ad207465726dc3ad6e207a6520736c6f766ec3adc48d6b752e, '2007-12-11 22:16:56', ''),
('sk', '_msgs', 'AT_INFOS_DECISION_REVERSED', 0x526f7a686f646e7574c3ad2062796c6f20c3ba7370c49bc5a16ec49b207a6dc49b6ec49b6e6f2e, '2007-12-11 22:14:14', ''),
('sk', '_msgs', 'AT_INFOS_FEATURE_NOT_AVAILABLE', 0x5461746f206d6fc5be6e6f7374206e656ec3ad20646f737475706ec3a12e, '2007-12-11 22:14:40', ''),
('sk', '_msgs', 'AT_INFOS_DECISION_NOT_SAVED', 0x526f7a686f646e7574c3ad206e656c7a6520756c6fc5be69742e, '2007-12-11 22:13:55', ''),
('sk', '_msgs', 'AT_INFOS_DECISION_NOT_REVERSED', 0x526f7a686f646e7574c3ad206e656c7a65206dc49b6e69742e, '2007-12-11 22:13:41', ''),
('sk', '_msgs', 'AT_INFOS_COURSE_ENDED', 0x54656e746f206b75727a20736b6f6ec48d696c2025732e, '2007-12-11 22:10:51', ''),
('sk', '_msgs', 'AT_INFOS_ASSIGNMENT_FS_SUBMISSIONS', 0x5a6164c3a16ec3ad20c3ba6b6f6cc5af207365207a6173c3ad6cc3a12070726f7374c59965646e69637476c3ad6d20736b7570696e6f76c3a9686f20556b6cc3a164c3a16ec3ad20536f75626f72c5af2e205a6164656a7465206a656a2076c5a1656d2073747564656e74c5af6d2c206e65626f20767974766fc599746520736b7570696e75206120706f766f6c74652076206ec3ad20556b6cc3a164c3a16ec3ad20536f75626f72c5af2070726f2070c5996964c3a16ec3ad2064726f702d626f78752e, '2007-12-13 20:31:25', ''),
('sk', '_msgs', 'AT_INFOS_APPROVAL_PENDING', 0x5661c5a16520c5bec3a1646f73742062796c61206f6465736cc3a16e612e2042756465746520696e666f726d6f76c3a16e69206f206a656ac3ad6d2070c599696a6574c3ad2e203c6272202f3e3c6272202f3e4ec3a17672617420646f3c6120687265663d2275736572732f696e6465782e706870223e4d6f6a65206b75727a793c2f613e2e, '2007-12-11 22:05:14', ''),
('sk', '_msgs', 'AT_INFOS_ALREADY_ENROLLED', 0x4a69c5be206a73746520706f64616c6920c5bec3a1646f7374206f207a617073c3a16ec3ad20646f20746f686f746f206b75727a752e20c48c656bc3a1207365206e6120736f75686c617320696e737472756b746f72612e2042756465746520696e666f726d6f76c3a16e69206f2070c599696a6574c3ad207661c5a1c3ad20c5bec3a1646f7374692e, '2007-12-11 22:04:31', ''),
('sk', '_msgs', 'AT_INFOS_ACCOUNT_APPROVED', 0x56c3a1c5a120c3bac48d65742062796c20c3ba7370c49bc5a16ec49b20706f76c3bdc5a1656e206e6120696e737472756b746f72736b6f7520c3ba726f7665c5882e, '2007-12-11 22:00:49', ''),
('sk', '_msgs', 'AT_INFOS_ACCESS_PUBLIC', 0x5461746f206d6fc5be6e6f7374206a65206b20646973706f7a696369206a656e2070726f20636872c3a16ec49b6ec3a9206e65626f20736f756b726f6dc3a9206b75727a792e, '2007-12-11 21:59:22', ''),
('sk', '_msgs', 'AT_INFOS_404_BLURB', 0x537472c3a16e6b612c206b7465726f7520636863657465207a6f6272617a6974203c693e25733c2f693e206e656578697374756a65206e65626f2062796c612070c5996573756e7574612e205a6b7573746520706f75c5bec3ad74203c6120687265663d22736974656d61702e706870223e4d61707520737472c3a16e656b3c2f613e2e, '2007-12-11 22:44:44', ''),
('sk', '_msgs', 'AT_FEEDBACK_THREAD_UNSUBSCRIBED', 0xc39a7370c49bc5a16ec49b206a737465207365206f64686cc3a173696c69207a20766cc3a16b6e61203c7374726f6e673e25733c2f7374726f6e673e2e204e6f76c3a9207a7072c3a176792076c3a16d206e656275646f75206a69c5be207a6173c3ad6cc3a16e792e, '2007-12-11 21:56:32', ''),
('sk', '_msgs', 'AT_FEEDBACK_THREAD_UNLOCKED', 0x54c3a96d612062796c6f20c3ba7370c49bc5a16ec49b203c7374726f6e673e3c656d3e6f64656dc48d656e6f3c2f656d3e3c2f7374726f6e673e2e, '2007-12-11 21:49:20', ''),
('sk', '_msgs', 'AT_FEEDBACK_THREAD_LOCKED', 0x54c3a96d612062796c6f20c3ba7370c49bc5a16ec49b203c7374726f6e673e3c656d3e757a616dc48d656e6f3c2f656d3e3c2f7374726f6e673e2e, '2007-12-11 21:15:05', ''),
('sk', '_msgs', 'AT_FEEDBACK_THREAD_SUBSCRIBED', 0xc39a7370c49bc5a16ec49b206a7374652073652070c59969686cc3a173696c6920646f20766cc3a16b6e61203c7374726f6e673e25733c2f7374726f6e673e2e204e6f76c3a9207a7072c3a17679207620746f6d746f2074c3a96d6174752076c3a16d206275646f752070c59965706f73c3ad6cc3a16e7920656d61696c656d2e20c39a707261767920656d61696c6f76c3a920616472657379206a65206d6fc5be6e6f2070726f76c3a164c49b74207665207661c5a1656d2070726f66696c752e, '2007-12-11 21:34:10', ''),
('sk', '_msgs', 'AT_FEEDBACK_THEME_DISABLED', 0x4d6f746976203c623e2025733c2f623e2062796c20c3ba7370c49bc5a16ec49b207a61626c6f6b6f76c3a16e203c623e2875c5be69766174656cc3a92c206b7465c599c3ad206a656a206d6f6d656e74c3a16c6ec49b20706f75c5bec3ad76616ac3ad2c206a656a206d6f686f7520706f75c5bec3ad7661742069206e6164c3a16c652c20646f6b7564206e656275646520736d617ac3a16e293c2f623e, '2007-12-11 21:13:27', ''),
('sk', '_msgs', 'AT_FEEDBACK_THEME_DEFAULT', 0x4d6f746976203c623e25733c2f623e206a65206e796ec3ad2076c3bd63686f7ac3ad6d206d6f746976656d2e, '2007-12-11 21:12:18', ''),
('sk', '_msgs', 'AT_FEEDBACK_RESULT_DELETED', 0x56c3bd736c6564656b2062796c20736d617ac3a16e2e, '2007-12-11 21:11:17', ''),
('sk', '_msgs', 'AT_FEEDBACK_RESULTS_UPDATED', 0x56c3bd736c6564656b2062796c20c3ba7370c49bc5a16ec49b20616b7475616c697a6f76c3a16e2e, '2007-12-11 21:11:56', ''),
('sk', '_msgs', 'AT_FEEDBACK_REG_THANKS_CONFIRM', 0x44c49b6b756a656d65207a6120726567697374726163692e2050726f20706f7476727a656ec3ad207661c5a165686f20c3bac48d74752073652070726f73c3ad6d20c59969c48f746520696e737472756b63656d692c206b746572c3a9206a736d652076c3a16d207a61736c616c69206e612076c3a1c5a120656d61696c2e205376c5af6a20c3bac48d6574206d7573c3ad74652070c59965642070c59969686cc3a1c5a1656ec3ad6d20706f7476726469742e, '2007-12-11 21:10:27', ''),
('sk', '_msgs', 'AT_FEEDBACK_REG_THANKS', 0x44c49b6b756a656d65207a6120726567697374726163692e203c6120687265663d226c6f67696e2e706870223e50c59969686c61c5a174652073653c2f613e2070726f73c3ad6d2e, '2007-11-11 23:36:11', ''),
('sk', '_msgs', 'AT_FEEDBACK_QUESTION_UPDATED', 0x4f74c3a17a6b612062796c6120c3ba7370c49bc5a16ec49b20616b7475616c697a6f76c3a16e612e, '2007-12-11 21:06:47', ''),
('sk', '_msgs', 'AT_FEEDBACK_QUESTION_REMOVED', 0x4f74c3a17a6b612062796c6120c3ba7370c49bc5a16ec49b20736d617ac3a16e61207a2074657374752f7072c5af7a6b756d752e, '2007-12-11 21:05:36', ''),
('sk', '_msgs', 'AT_FEEDBACK_QUESTION_DELETED', 0x4f74c3a17a6b612062796c6120c3ba7370c49bc5a16ec49b20736d617ac3a16e612e, '2007-12-11 21:05:07', ''),
('sk', '_msgs', 'AT_FEEDBACK_PROFILE_UPDATED_ADMIN', 0x55c5be69766174656c736bc3bd2070726f66696c2062796c20c3ba7370c49bc5a16ec49b20616b7475616c697a6f76c3a16e2e, '2007-12-11 21:02:49', ''),
('sk', '_msgs', 'AT_FEEDBACK_PROFILE_UPDATED', 0x56c3a1c5a12070726f66696c2062796c20c3ba7370c49bc5a16ec49b20616b7475616c697a6f76c3a16e2e, '2007-12-11 21:02:59', ''),
('sk', '_msgs', 'AT_FEEDBACK_PROFILE_CREATED_ADMIN', 0x55c5be69766174656c736bc3bd20c3bac48d65742062796c20c3ba7370c49bc5a16ec49b20767974766fc599656e2e, '2007-12-11 21:02:24', ''),
('sk', '_msgs', 'AT_FEEDBACK_PRIVS_CHANGED', 0x5072c3a176612062796c7920c3ba7370c49bc5a16ec49b207a6dc49b6ec49b6e79, '2007-12-11 21:01:56', ''),
('sk', '_msgs', 'AT_FEEDBACK_PREFS_LOGIN', 0x4e656dc5afc5be65746520756b6cc3a164617420746f746f206e6173746176656ec3ad2e204e656a7374652070c59969686cc3a1c5a1656e692e, '2007-12-11 21:01:34', ''),
('sk', '_msgs', 'AT_FEEDBACK_PASSWORD_SUCCESS', 0x5661c5a1652070c59969686c61c5a16f766163c3ad206a6dc3a96e6f2061206865736c6f2076c3a16d2062796c6f207a61736cc3a16e6f20656d61696c656d2e, '2007-12-11 21:00:52', ''),
('sk', '_msgs', 'AT_FEEDBACK_PASSWORD_CHANGED', 0x4865736c6f2062796c6f207a6dc49b6ec49b6e6f2e204e796ec3ad2073652070c59969686c61c5a1746520706f6d6f63c3ad206e6f76c3a9686f206865736c612e, '2007-12-11 20:57:23', ''),
('sk', '_msgs', 'AT_FEEDBACK_PACKAGE_IMPORT_SUCCESS', 0x42616cc3adc48d656b20222573222062796c20c3ba7370c49bc5a16ec49b20696d706f72746f76c3a16e2e, '2007-12-11 20:53:54', ''),
('sk', '_msgs', 'AT_FEEDBACK_PACKAGES_IMPORT_SUCCESS', 0x42616cc3adc48d6b79203c6f6c3e202573203c2f6f6c3e2062796c7920c3ba7370c49bc5a16ec49b20696d706f72746f76c3a16e792e, '2007-12-11 20:54:12', ''),
('sk', '_msgs', 'AT_FEEDBACK_NOW_ENROLLED', 0x4a737465206d6f6d656e74c3a16c6ec49b207a617073c3a16e6920646f206b75727a752025732e204dc5afc5be65746520646f206ec49b6a206b64796b6f6c69207673746f757069742e2050726f207679c5a16b72746e7574c3ad207a766f6c746520225679c5a16b72746e6f75742220287665646c652073657a6e616d75206b75727ac5af2076204dc3bd6368206b75727a656368292e, '2007-12-11 20:53:36', ''),
('sk', '_msgs', 'AT_FEEDBACK_NOT_ENROLLED', 0x4ec3a1736c6564756ac3ad63c3ad2073747564656e7469206e6562796c69207a617073c3a16e693a203c756c3e202573203c2f756c3e, '2007-12-11 20:52:43', ''),
('sk', '_msgs', 'AT_FEEDBACK_MOVED_FILES', 0x536f75626f72792062796c792070c5996573756e7574792e, '2007-12-11 20:52:27', ''),
('sk', '_msgs', 'AT_FEEDBACK_MOD_INSTALLED', 0x4d6f64756c2062796c20c3ba7370c49bc5a16ec49b206e61696e7374616c6f76c3a16e2e, '2007-12-11 20:52:16', ''),
('sk', '_msgs', 'AT_FEEDBACK_MEMBERS_UNENROLLED', 0x5a766f6c656ec3ad2075c5be69766174656cc3a92062796c6920c3ba7370c49bc5a16ec49b207679c5a16b72746e757469207a206b75727a752e, '2007-12-11 20:52:01', ''),
('sk', '_msgs', 'AT_FEEDBACK_MEMBERS_REMOVED', 0x56796272616ec3ad2075c5be69766174656cc3a92062796c6920c3ba7370c49bc5a16ec49b206f64737472616ec49b6e69207a206b75727a752e, '2007-12-11 20:51:43', ''),
('sk', '_msgs', 'AT_FEEDBACK_MEMBERS_ENROLLED', 0x56796272616ec3ad2073747564656e74692062796c6920c3ba7370c49bc5a16ec49b207a617073c3a16e6920646f206b75727a752e, '2007-12-11 20:51:25', ''),
('sk', '_msgs', 'AT_FEEDBACK_MEMBERS_ALUMNI', 0x53747564656e746f76692062796c2070c5996964c49b6c656e20737461747573206162736f6c76656e74612e, '2007-12-11 20:51:10', ''),
('sk', '_msgs', 'AT_FEEDBACK_MASTER_LIST_UPLOADED', 0x486c61766ec3ad2073657a6e616d2073747564656e74c5af2062796c20c3ba7370c49bc5a16ec49b20616b7475616c697a6f76c3a16e2e, '2007-12-11 20:50:44', ''),
('sk', '_msgs', 'AT_FEEDBACK_MASTER_LIST_NO_CHANGES', 0x5620686c61766ec3ad6d2073657a6e616d752073747564656e74c5af206e6562796c792070726f766564656e7920c5bec3a1646ec3a9207a6dc49b6e792e, '2007-12-11 20:50:23', ''),
('sk', '_msgs', 'AT_FEEDBACK_LOGOUT', 0x42796c69206a73746520c3ba7370c49bc5a16ec49b206f64686cc3a1c5a1656e69207a652073797374c3a96d752e, '2004-02-21 12:08:21', ''),
('sk', '_msgs', 'AT_FEEDBACK_LOGIN_SUCCESS', 0xc39a7370c49bc5a16ec49b206a7374652073652070c59969686cc3a173696c692e2056c3ad74c3a16d652076c3a17321, '2007-12-11 20:49:35', ''),
('sk', '_msgs', 'AT_FEEDBACK_LINK_ADDED', 0x4f646b617a2062796c2070c5996964c3a16e2e2042756465207a6f6272617a656e20706f2073636876c3a16c656ec3ad2e, '2007-12-11 20:42:23', ''),
('sk', '_msgs', 'AT_FEEDBACK_LANG_UPDATED', 0x4a617a796b2062796c20c3ba7370c49bc5a16ec49b20616b7475616c697a6f76c3a16e2e, '2007-12-11 20:41:54', ''),
('sk', '_msgs', 'AT_FEEDBACK_LANG_DELETED', 0x4a617a796b2062796c20c3ba7370c49bc5a16ec49b206f64737472616ec49b6e2e, '2007-12-11 20:41:29', ''),
('sk', '_msgs', 'AT_FEEDBACK_LANG_ADDED', 0xc39a7370c49bc5a16ec49b206a73746520767974766fc599696c69206e6f76c3bd206a617a796b2e20506f75c5be696a74652070c5996570c3ad6e61c48d206a617a796bc5af2070726f2076c3bd62c49b72206e6f76c3a9686f206a617a796b612c20706f74c3a9207a61c48d6ec49b74652070c5996964c3a17661742070c599656c6fc5be656ec3a9207465726dc3ad6e792e204ec3a17374726f6a652070726f2070c599656b6cc3a164c3a16ec3ad206a736f7520706f766f6c656e79207620696e636c7564652f766974616c732e696e632e706870, '2007-12-11 20:40:46', ''),
('sk', '_msgs', 'AT_FEEDBACK_IMPORT_LANG_SUCCESS', 0xc39a7370c49bc5a16ec49b206a73746520696d706f72746f76616c69206e6f76c3bd206a617a796b2e204dc5afc5be657465206a656a207a6f6272617a6974206120757072617669742076796272c3a16ec3ad6d207a206e6162c3ad646b79206ec3adc5be652e, '2007-12-11 20:39:38', ''),
('sk', '_msgs', 'AT_FEEDBACK_IMPORT_CANCELLED', 0x496d706f72742062796c207a7275c5a1656e2e, '2007-12-11 20:38:21', ''),
('sk', '_msgs', 'AT_FEEDBACK_GROUP_UPDATED', 0x536b7570696e612062796c6120c3ba7370c49bc5a16ec49b20616b7475616c697a6f76c3a16e612e, '2007-12-11 20:37:49', ''),
('sk', '_msgs', 'AT_FEEDBACK_GROUP_TYPE_DELETED', 0x536b7570696e612062796c6120736d617ac3a16e612e, '2007-12-11 20:37:14', ''),
('sk', '_msgs', 'AT_FEEDBACK_GROUP_TYPE_EDITED_SUCCESSFULLY', 0x54797020736b7570696e792062796c207570726176656e2e, '2007-12-11 20:37:25', ''),
('sk', '_msgs', 'AT_FEEDBACK_GROUP_MEMBERS_SAVED', 0xc48c6c656e6f76c3a92062796c6920c3ba7370c49bc5a16ec49b20766c6fc5be656e6920646f20736b7570696e792e, '2007-12-11 20:36:48', ''),
('sk', '_msgs', 'AT_FEEDBACK_GROUP_EDITED_SUCCESSFULLY', 0x536b7570696e612062796c61207570726176656e612e, '2007-12-11 20:23:28', ''),
('sk', '_msgs', 'AT_FEEDBACK_GROUP_DELETED', 0x536b7570696e612062796c6120736d617ac3a16e612e, '2007-12-11 20:23:01', ''),
('sk', '_msgs', 'AT_FEEDBACK_GOOGLE_KEY_SAVED', 0x476f6f676c65206b6cc3adc48d2062796c20c3ba7370c49bc5a16ec49b20756c6fc5be656e2e, '2007-12-11 20:21:38', ''),
('sk', '_msgs', 'AT_FEEDBACK_FORUM_UNSUBSCRIBED', 0xc39a7370c49bc5a16ec49b206a737465207365206f64686cc3a173696c69207a2066c3b37261203c7374726f6e673e25733c2f7374726f6e673e2e204e6f76c3a9207a7072c3a17679206e6120746f6d746f2066c3b372752076c3a16d206a69c5be206e656275646f75207a6173c3ad6cc3a16e792e, '2007-12-11 20:21:24', ''),
('sk', '_msgs', 'AT_FEEDBACK_FORUM_SUBSCRIBED', 0xc39a7370c49bc5a16ec49b206a737465207365207a617073616c6920646f2066c3b37261203c7374726f6e673e25733c2f7374726f6e673e2e204e6f76c3a92070c599c3ad7370c49b766b79207620746f6d746f2066c3b372752076c3a16d206275646f75207a6173c3ad6cc3a16e79206e612075766564656ec3bd20656d61696c2e20c39a707261767920656d61696c6f76c3a920616472657379206c7a652070726f76c3a164c49b74207665207661c5a1656d2070726f66696c752e, '2007-12-11 20:20:41', ''),
('sk', '_msgs', 'AT_FEEDBACK_FORUM_POSTING', 0x50726f207a6173c3ad6cc3a16ec3ad207a7072c3a17620646f206e6f76c3a9686f2066c3b372612073652070c59969686c6173746520646f2073797374c3a96d7520415475746f72206a616b6f2075c5be69766174656c206e65626f20696e737472756b746f722e, '2007-12-11 20:17:59', ''),
('sk', '_msgs', 'AT_FEEDBACK_FOLDER_EDITED_SUCCESSFULLY', 0x536c6fc5be6b612062796c61207570726176656e612e, '2007-12-11 20:13:19', ''),
('sk', '_msgs', 'AT_FEEDBACK_FILE_UPLOADED_ZIP', 0x536f75626f722062796c20c3ba7370c49bc5a16ec49b206e616872c3a16e2e204e796ec3ad206a656a206dc5afc5be657465203c6120687265663d22746f6f6c732f66696c656d616e616765722f7a69702e7068703f706174686578743d253124732534247366696c653d2532247325342473706f7075703d25332473223e726f7a62616c69743c2f613e2e, '2007-12-11 20:12:59', ''),
('sk', '_msgs', 'AT_FEEDBACK_FILE_SAVED', 0x536f75626f722062796c20756c6fc5be656e206a616b6f203c7374726f6e673e25733c2f7374726f6e673e, '2007-12-11 20:11:13', ''),
('sk', '_msgs', 'AT_FEEDBACK_FILE_UPLOADED', 0x536f75626f722062796c20c3ba7370c49bc5a16ec49b206e616872c3a16e2e, '2007-12-11 20:12:03', ''),
('sk', '_msgs', 'AT_FEEDBACK_FILE_PASTED', 0x566c6fc5be696c69206a73746520736f75626f7220646f20746578746f76c3a9686f20706f6c65206ec3adc5be652e203c7374726f6e673e3c656d3e556c6fc5be69742070726f2070726f766564656ec3ad207a6dc49b6e3c2f656d3e3c2f7374726f6e673e206e65626f205a7275c5a169742070726f206ec3a17672617420646f206f627361687520756c6fc5be656ec3a9686f2064c599c3ad76652e, '2007-12-11 20:10:39', ''),
('sk', '_msgs', 'AT_FEEDBACK_FILE_OVERWRITE', 0x536f75626f722062796c20c3ba7370c49bc5a16ec49b2070c599657073c3a16e2e, '2007-12-11 20:09:08', ''),
('sk', '_msgs', 'AT_FEEDBACK_FILE_EXISTS', 0x536f75626f72203c7374726f6e673e253124733c2f7374726f6e673e206a69c5be206578697374756a652e204e6f76c49b206e616872616ec3bd20736f75626f722062796c20756c6fc5be656e206a616b6f203c7374726f6e673e253224733c2f7374726f6e673e2e203c6120687265663d22746f6f6c732f66696c656d616e616765722f696e6465782e7068703f6f76657277726974653d2532247325352473706174686578743d2533247325352473706f7075703d25342473223e50c59965707361743c2f613e206578697374756ac3ad63c3ad20736f75626f72206e6f76c3bd6d2e, '2007-12-11 20:07:59', ''),
('sk', '_msgs', 'AT_FEEDBACK_FILE_EDITED_SUCCESSFULLY', 0x536f75626f722062796c207570726176656e2e, '2007-12-11 20:06:53', ''),
('sk', '_msgs', 'AT_FEEDBACK_FILE_EDITED', 0x536f75626f722062796c207570726176656e2e, '2007-12-11 20:02:40', ''),
('sk', '_msgs', 'AT_FEEDBACK_FILES_MOVED', 0x536f75626f722062796c2070c5996573756e75742e, '2007-12-11 20:11:48', ''),
('sk', '_msgs', 'AT_FEEDBACK_EXPORT_CANCELLED', 0x4578706f7274207a7275c5a1656e2e, '2007-12-11 20:02:04', ''),
('sk', '_msgs', 'AT_FEEDBACK_ERROR_LOG_RESET', 0x50726f746f6b6f6c206f2063687962c3a163682062796c20c3ba7370c49bc5a16ec49b2072657365746f76c3a16e2e, '2007-12-11 19:54:52', ''),
('sk', '_msgs', 'AT_FEEDBACK_ENROLLED', 0x5479746f20c3bac48d74792062796c7920c3ba7370c49bc5a16ec49b2070c5996964c3a16e7920646f2073657a6e616d75206b75727ac5af3a203c756c3e202573203c2f756c3e, '2007-12-11 19:54:28', ''),
('sk', '_msgs', 'AT_FEEDBACK_DIR_DELETED', 0x536c6fc5be6b612062796c6120c3ba7370c49bc5a16ec49b20736d617ac3a16e612e, '2007-12-11 19:51:20', ''),
('sk', '_msgs', 'AT_FEEDBACK_DIRS_MOVED', 0x4164726573c3a1c5996520c3ba7370c49bc5a16ec49b2070c5996573756e7574792e, '2007-12-11 19:53:46', ''),
('sk', '_msgs', 'AT_FEEDBACK_COURSE_REMOVED', 0x4b75727a2062796c207679c5a16b72746e75742e, '2004-02-21 17:58:07', ''),
('sk', '_msgs', 'AT_FEEDBACK_COURSE_PROPERTIES', 0x566c6173746e6f737469206b75727a752062796c7920c3ba7370c49bc5a16ec49b20616b7475616c697a6f76c3a16e792e, '2007-12-11 19:50:39', ''),
('sk', '_msgs', 'AT_FEEDBACK_COURSE_PREFS_SAVED', 0x50c5996564766f6c6279206b75727a752062796c7920756c6fc5be656e79, '2007-12-11 19:48:53', ''),
('sk', '_msgs', 'AT_FEEDBACK_COURSE_DEFAULT_FSIZE', 0x274d6178696dc3a16c6ec3ad2076656c696b6f737420736f75626f7275272062796c61206e6173746176656e61206e61202756c3bd63686f7ac3ad272c2070726f746fc5be65206e6562796c61207a6164c3a16e6120c5bec3a1646ec3a120686f646e6f74612c206e65626f2062796c61207ac3a1706f726ec3a12e, '2004-02-21 17:55:22', ''),
('sk', '_msgs', 'AT_FEEDBACK_CONTENT_DIR_CREATED', 0x4164726573c3a1c5992062796c20c3ba7370c49bc5a16ec49b20767974766fc599656e2e, '2007-12-11 19:48:19', ''),
('sk', '_msgs', 'AT_FEEDBACK_CONTENT_DELETED', 0x4b617069746f6c612062796c61206f64737472616ec49b6e61, '2004-02-21 17:48:05', ''),
('sk', '_msgs', 'AT_FEEDBACK_CONFIRM_GOOD', 0x5661c5a16520656d61696c6f76c3a1206164726573612062796c6120706f7476727a656e612e, '2007-12-11 19:47:16', ''),
('sk', '_msgs', 'AT_FEEDBACK_CONFIRM_EMAIL2', 0x452d6d61696c207320696e737472756b63656d692070726f207a6e6f76757ac3ad736bc3a16ec3ad206865736c612062796c207a61736cc3a16e2e, '2007-12-11 19:45:09', ''),
('sk', '_msgs', 'AT_FEEDBACK_CONFIRM_EMAIL', 0x4e612076c3a16d69207a6164616ec3bd206e6f76c3bd20652d6d61696c2062796c61207a61736cc3a16e61207a7072c3a176612e2050726f20c3ba7370c49bc5a16ec3a92070726f766564656ec3ad207a6dc49b6e20736520c59969c48f746520696e737472756b63656d69207620746f6d746f20652d6d61696c75, '2007-12-11 19:44:19', ''),
('sk', '_msgs', 'AT_FEEDBACK_CONFIG_SAVED', 0x50c5996564766f6c62792073797374c3a96d752062796c7920c3ba7370c49bc5a16ec49b20756c6fc5be656e792e20536f75626f72207ac3a16c6f68792073746172c3a9686f206e6173746176656ec3ad2062796c20767974766fc599656e206120756c6fc5be656e206a616b6f202573207665207661c5a1656d206164726573c3a1c599692e, '2007-12-11 19:38:27', ''),
('sk', '_msgs', 'AT_FEEDBACK_CLOSED', 0xc39a7370c49bc5a16ec49b207a6176c599656e6f, '2007-12-11 19:31:02', ''),
('sk', '_msgs', 'AT_FEEDBACK_CANCELLED', 0xc39a7370c49bc5a16ec49b207a7275c5a1656e6f2062657a2070726f766564656ec3ad207a6dc49b6e2e, '2007-12-11 19:27:30', ''),
('sk', '_msgs', 'AT_FEEDBACK_AUTO_ENABLED', 0x4175746f6d617469636bc3a92070c59969686c61c5a16f76c3a16ec3ad2062796c6f20706f766f6c656e6f2e2050c599692070c599c3adc5a174c3ad6d2070c59969686cc3a1c5a1656ec3ad20646f2073797374c3a96d7520415475746f7220706f6d6f63c3ad20746f686f746f20706fc48dc3ad7461c48d65206e6562756465207a6f6272617a656e612070c59969686c61c5a16f766163c3ad20737472c3a16e6b612e, '2004-02-21 17:38:35', ''),
('sk', '_msgs', 'AT_FEEDBACK_AUTO_DISABLED', 0x4175746f6d617469636bc3a92070c59969686c61c5a16f76c3a16ec3ad2062796c6f207a616bc3a17ac3a16e6f, '2004-02-21 17:37:32', ''),
('sk', '_msgs', 'AT_FEEDBACK_ATUTOR_UPDATE_AVAILABLE', 0x4a6520646f737475706ec3a1206e6f76c3a1207665727a6520415475746f7261212050726f2064657461696c79206b6c696b6ec49b7465207a64653a203c6120687265663d22687474703a2f2f617475746f722e63612f617475746f722f6368616e67655f6c6f672e706870223e5a6dc49b6e69742070726f746f6b6f6c3c2f613e2e, '2007-12-11 19:26:55', ''),
('sk', '_msgs', 'AT_FEEDBACK_ASSIGNMENT_HANDED_IN', 0x536c6fc5be6b79207a6164c3a16ec3ad2062796c7920c3ba7370c49bc5a16ec49b206f6465736cc3a16e792e, '2007-12-11 19:24:56', ''),
('sk', '_msgs', 'AT_FEEDBACK_ASSIGNMENT_ADDED', 0x5a6164c3a16ec3ad20c3ba6b6f6c752062796c6f20c3ba7370c49bc5a16ec49b2070c5996964c3a16e6f2e, '2007-12-11 19:23:38', ''),
('sk', '_msgs', 'AT_FEEDBACK_ARCHIVE_EXTRACTED', 0x4f62736168206b6f6d7072696d6f76616ec3a920736c6fc5be6b792062796c20c3ba7370c49bc5a16ec49b206578747261686f76c3a16e2e, '2004-02-21 17:37:07', ''),
('sk', '_msgs', 'AT_FEEDBACK_APPROVAL_PENDING', 0x56c3a1c5a120706fc5be61646176656b2062796c206f6465736cc3a16e2e20506f206f64736f75686c6173656ec3ad20706fc5be616461766b752076c3a16d2062756465207a61736cc3a16e61207a7072c3a176612e3c6272202f3e3c6272202f3e5672c3a174697420736520646f203c6120687265663d2275736572732f696e6465782e706870223e6f766cc3a1646163c3ad686f2063656e7472613c2f613e2e, '2007-12-11 19:23:15', ''),
('sk', '_msgs', 'AT_FEEDBACK_ALREADY_REQUESTED', 0x4a69c5be206a73746520706fc5bec3a164616c69206f207a617073c3a16ec3ad20646f20746f686f746f206b75727a752e205661c5a16520c5bec3a1646f7374206a65c5a174c49b206e6562796c612073636876c3a16c656e612e204f2073636876c3a16c656ec3ad2062756465746520696e666f726d6f76c3a16e6920652d6d61696c656d2e, '2007-12-11 19:22:26', ''),
('sk', '_msgs', 'AT_FEEDBACK_ALREADY_ENROLLED', 0x5469746f2073747564656e7469206a736f75206a69c5be207a617073c3a16e693a203c756c3e202573203c2f756c3e, '2007-12-11 19:19:01', ''),
('sk', '_msgs', 'AT_FEEDBACK_ADMIN_LOG_RESET', 0x50726f746f6b6f6c206f20c48d696e6e6f7374692061646d696e69737472c3a1746f72612062796c20c3ba7370c49bc5a16ec49b2076796e756c6f76c3a16e2e, '2007-12-11 19:17:53', ''),
('sk', '_msgs', 'AT_FEEDBACK_ADMIN_DELETED', 0x41646d696e69737472c3a1746f72736bc3bd20c3bac48d65742062796c20c3ba7370c49bc5a16ec49b20736d617ac3a16e2e, '2007-12-11 19:13:42', ''),
('sk', '_msgs', 'AT_FEEDBACK_ADMIN_CREATED', 0x41646d696e69737472c3a1746f72736bc3bd20c3bac48d65742062796c20c3ba7370c49bc5a16ec49b20767974766fc599656e2e, '2007-12-11 19:05:50', ''),
('sk', '_msgs', 'AT_FEEDBACK_ACTION_COMPLETED_SUCCESSFULLY', 0x416b636520c3ba7370c49bc5a16ec49b20646f6b6f6ec48d656e612e, '2007-12-11 19:05:29', ''),
('sk', '_msgs', 'AT_FEEDBACK_ACCOUNT_APPROVED', 0x56c3a1c5a120c3bac48d65742062796c20c3ba7370c49bc5a16ec49b2070c59965766564656e206e6120696e737472756b746f72736bc3bd2e, '2007-12-11 18:55:41', ''),
('sk', '_msgs', 'AT_ERROR_WRONG_PASSWORD', 0x4865736c6f206e656ec3ad20737072c3a1766ec3a92e, '2007-12-11 18:54:55', ''),
('sk', '_msgs', 'AT_ERROR_USER_NOT_FOUND', 0x55c5be69766174656c206e656e616c657a656e2e, '2007-12-11 18:54:19', ''),
('sk', '_msgs', 'AT_ERROR_TRANSCRIPT_ACTIVE', 0x4e656c7a65206f64737472616e697420616b7469766ec3ad2070c599657069732e, '2007-12-11 18:53:42', ''),
('sk', '_msgs', 'AT_ERROR_UNKNOWN', 0x5679736b79746c61207365206e656fc48d656bc3a176616ec3a12063687962612e, '2007-12-11 18:53:59', ''),
('sk', '_msgs', 'AT_ERROR_TILE_UNAVAILABLE', 0x5265706f7a6974c3a1c5992054494c45206e656ec3ad20646f737475706ec3bd2e, '2007-12-11 18:53:20', ''),
('sk', '_msgs', 'AT_ERROR_THEME_NOT_DISABLED', 0x4d6f746976206e656c7a65207a61626c6f6b6f7661742c206a65206d6f6d656e74c3a16c6ec49b20706f75c5bec3ad76c3a16e2e, '2007-12-11 18:52:53', ''),
('sk', '_msgs', 'AT_ERROR_THEME_NOT_DELETED', 0x4d6f746976206e656d6f686c2062c3bd7420736d617ac3a16e2c206a65206275c48f206d6f6d656e74c3a16c6ec49b20706f75c5bec3ad76c3a16e206e65626f207365206a65646ec3a1206f2076c3bd63686f7ac3ad206d6f7469762e, '2007-12-11 18:52:29', ''),
('sk', '_msgs', 'AT_ERROR_TERM_EXISTS', 0x5465726dc3ad6e203c7374726f6e673e25733c2f7374726f6e673e206a69c5be206578697374756a652e, '2007-12-11 18:42:16', ''),
('sk', '_msgs', 'AT_ERROR_START_DATE_INVALID', 0x546f746f20646174756d207a6168c3a16a656ec3ad206e656ec3ad20706c61746ec3a92e, '2007-12-11 18:41:34', ''),
('sk', '_msgs', 'AT_ERROR_STUD_INFO_NOT_FOUND', 0x496e666f726d616365206f2073747564656e746f7669206e656e616c657a656e792e, '2007-12-11 18:41:48', ''),
('sk', '_msgs', 'AT_ERROR_SEND_MEMBERS', 0x5a7072c3a17679206dc5afc5be657465207a6173c3ad6c617420706f757a652075c5be69766174656cc5af6d2c206b7465c599c3ad206a736f75207a617073c3a16e69207665207374656a6ec3bd6368206b75727a6563682e204f736f62612c206b746572c3a920636863657465207a7072c3a17675207a61736c61742c206b75727a206d6fc5be6ec3a12070726f686cc3adc5bec3ad2c20616c65206e656ec3ad207a617073616ec3a12e, '2007-12-11 18:39:46', ''),
('sk', '_msgs', 'AT_ERROR_SESSION_COOKIES', 0x50726f2070c59969686cc3a1c5a1656ec3ad206d7573c3ad746520706f766f6c697420636f6f6b696573207665207661c5a1656d2070726f686cc3adc5be65c48d692e, '2007-12-11 18:41:13', ''),
('sk', '_msgs', 'AT_ERROR_SEND_ENROL', 0x5a7072c3a17679206f737461746ec3ad6d20c48d6c656ec5af6d206a65206d6fc5be6e6f207a6173c3ad6c61742061c5be20706f207a617073c3a16ec3ad20646f206b75727a752e, '2007-12-11 13:19:03', ''),
('sk', '_msgs', 'AT_ERROR_SENDING_ERROR', 0x42c49b68656d207a6173c3ad6cc3a16ec3ad20656d61696c75207365207679736b79746c612063687962612e, '2007-12-11 13:19:54', ''),
('sk', '_msgs', 'AT_ERROR_SEARCH_TERM_REQUIRED', 0x4d7573c3ad7465207a61646174206e656a6dc3a96ec49b206a6564656e207465726dc3ad6e206b207679686c6564c3a176c3a16ec3ad2e, '2007-12-11 13:14:57', ''),
('sk', '_msgs', 'AT_ERROR_SCO_DISABLED', 0x53434f524d20312e3220525445206e656ec3ad20706f766f6c656e2e, '2007-12-11 13:14:38', ''),
('sk', '_msgs', 'AT_ERROR_SCO_DIR_NOT_WRITEABLE', 0x446f206164726573c3a1c599652053434f524d20525445206e656c7a65207a617069736f7661742e205a6164656a74652070c599c3ad6b617a203c636f64653e63686d6f6420612b7277782073636f3c2f636f64653e207620686c61766ec3ad6d206164726573c3a1c5996920415475746f72612e, '2007-12-11 13:14:14', ''),
('sk', '_msgs', 'AT_ERROR_SCO_DIR_NOT_EXIST', 0x4164726573c3a1c5992053434f524d20525445206e656578697374756a652e20567974766fc5997465206164726573c3a1c5992073206ec3a17a76656d203c656d3e73636f3c2f656d3e2076206e656a7679c5a1c5a1c3ad6d206164726573c3a1c599692070726f20696e7374616c616365202870c599c3ad6b6c61643a203c636f64653e7365727665722e636f6d2f415475746f722f73636f3c2f636f64653e292e, '2007-12-11 13:08:47', '');
INSERT INTO `AT_language_text` (`language_code`, `variable`, `term`, `text`, `revised_date`, `context`) VALUES
('sk', '_msgs', 'AT_ERROR_RESULTS_NOT_RELEASED', 0x4e656dc3a17465206f7072c3a1766ec49b6ec3ad206b207a6f6272617a656ec3ad2076c3bd736c65646bc5af20746f686f746f2074657374752e, '2007-12-11 13:06:33', ''),
('sk', '_msgs', 'AT_ERROR_RESTORE_TOO_BIG', 0x4b75727a206a652070c599c3ad6c69c5a1206d616cc3bd2c206f626e6f76656ec3ad207ac3a16c6f6879206e656c7a652070726f76c3a973742e, '2007-12-11 13:04:54', ''),
('sk', '_msgs', 'AT_ERROR_REGISTER_MASTER_USED', 0x4b6f6d62696e6163652049442073747564656e746120612050494e206bc3b36475206a65206275c48f206a69c5be207a6164616ec3a1206e65626f206a65206e65706c61746ec3a12e, '2007-12-11 13:03:36', ''),
('sk', '_msgs', 'AT_ERROR_RAND_TEST_Q_WEIGHT', 0x56c5a16563686e79206e65706f76696e6ec3a9206f74c3a17a6b79206d7573656ac3ad206dc3ad74207374656a6e6f752064c5af6c65c5be69746f73742e, '2007-12-11 12:58:23', ''),
('sk', '_msgs', 'AT_ERROR_PASSWORD_MISMATCH', 0x4865736c61207365206e6573686f64756ac3ad2e, '2007-12-11 12:49:38', ''),
('sk', '_msgs', 'AT_ERROR_POLL_QUESTION_MINIMUM', 0x416e6b657461206d7573c3ad206f627361686f766174206d696e696dc3a16c6ec49b206476c49b206f74c3a17a6b792e, '2007-12-11 12:49:57', ''),
('sk', '_msgs', 'AT_ERROR_PASSWORD_LENGTH', 0x4865736c6f206d7573c3ad206dc3ad74206e656a6dc3a96ec49b2038207a6e616bc5af2e, '2007-11-11 23:27:38', ''),
('sk', '_msgs', 'AT_ERROR_PASSWORD_CHARS', 0x4865736c6f206d7573c3ad206f627361686f7661742070c3ad736d656e612c20c48dc3ad736c69636520612073796d626f6c79, '2007-11-11 23:29:46', ''),
('sk', '_msgs', 'AT_ERROR_PAGE_NOT_FOUND', 0x537472c3a16e6b61206e656e616c657a656e612e, '2007-12-11 12:24:39', ''),
('sk', '_msgs', 'AT_ERROR_PACKAGE_DIR_FAILED', 0x5679736b79746c2073652070726f626cc3a96d2073206164726573c3a1c599656d2062616cc3adc48d6b752e, '2007-12-11 12:24:28', ''),
('sk', '_msgs', 'AT_ERROR_NO_SUCH_USER', 0x55c5be69766174656c206e656578697374756a652e, '2007-12-11 12:21:28', ''),
('sk', '_msgs', 'AT_ERROR_NO_STUDENT_SELECTED', 0x4e6576796272616c69206a73746520c5bec3a1646ec3a92073747564656e74792e, '2007-12-11 12:21:15', ''),
('sk', '_msgs', 'AT_ERROR_NO_SPACE_LEFT', 0x5620746f6d746f206b75727a75206a69c5be206e656ec3ad206dc3ad73746f2070726f206578747261686f76c3a16ec3ad20746f686f746f20617263686976752e, '2007-12-11 12:21:04', ''),
('sk', '_msgs', 'AT_ERROR_NO_QUESTIONS_SELECTED', 0x4e6576796272616c69206a73746520c5bec3a1646ec3a9206f74c3a17a6b792070726f2070c5996964c3a16ec3ad20646f20746f686f746f2074657374752e, '2007-12-11 12:20:42', ''),
('sk', '_msgs', 'AT_ERROR_NO_QUESTIONS', 0x4e656e616c657a656e7920c5bec3a1646ec3a9206f74c3a17a6b792070726f2074656e746f20746573742e, '2007-12-11 12:20:25', ''),
('sk', '_msgs', 'AT_ERROR_NO_PROFILE_SELECTED', 0x4e6562796c2076796272c3a16e20c5bec3a1646ec3bd2070726f66696c2e, '2007-12-11 12:20:10', ''),
('sk', '_msgs', 'AT_ERROR_NO_MEMBERS', 0x4e656e616c657a656e6920c5bec3a1646ec3ad2075c5be69766174656cc3a92e, '2007-12-11 12:20:00', ''),
('sk', '_msgs', 'AT_ERROR_NO_LOG_SELECTED', 0x4e657a766f6c696c69206a737465206c6f6720736f75626f722e, '2007-12-11 12:19:29', ''),
('sk', '_msgs', 'AT_ERROR_NO_LOGS_SELECTED', 0x4d7573c3ad7465207369207a766f6c6974206e656a6dc3a96ec49b206a6564656e2070726f66696c206b20767974766fc599656ec3ad207376617a6b752e, '2007-12-11 12:19:47', ''),
('sk', '_msgs', 'AT_ERROR_NO_LANGUAGE', 0x5a766f6c656ec3bd206a617a796b206e656ec3ad20706f64706f726f76c3a16e2e, '2007-12-11 12:18:52', ''),
('sk', '_msgs', 'AT_ERROR_NO_ITEM_SELECTED', 0x50c5996564206b6c696b6e7574c3ad6d206e6120746c61c48dc3ad746b6f207679626572746520706f6c6fc5be6b752e, '2007-12-11 12:18:37', ''),
('sk', '_msgs', 'AT_ERROR_NO_IMS_BACKUP', 0x54656e746f20736f75626f72206a65207072617664c49b706f646f626ec49b203c6120687265663d22746f6f6c732f6261636b75702f223e7ac3a16c6f6861206b75727a753c2f613e2c206e656a65646ec3a1207365206f2062616cc3adc48d656b2073206f62736168656d2e, '2007-12-11 12:15:36', ''),
('sk', '_msgs', 'AT_ERROR_NO_IMSMANIFEST', 0x536f75626f7220494d53206d616e69666573742063687962c3ad2e204e65706c61746ec3bd206f627361686f76c3bd2062616cc3adc48d656b20494d532e, '2007-12-11 12:17:53', ''),
('sk', '_msgs', 'AT_ERROR_NO_FAQ_TOPICS', 0x4d7573c3ad7465206e656a707276652070c599696461742074c3a96d612e, '2007-12-11 12:14:48', ''),
('sk', '_msgs', 'AT_ERROR_NO_COURSE_FLOAT', 0x4e65706c61746ec3a1206d6178696dc3a16c6ec3ad20686f646e6f7461206b75727a752e, '2007-12-11 12:12:59', ''),
('sk', '_msgs', 'AT_ERROR_NO_CONTENT_SPACE', 0x4e656ec3ad206b20646973706f7a69636920646f73746174656b206dc3ad7374612070726f206e616872c3a16ec3ad206164726573c3a1c599652073206f62736168656d2e204c696d69742070c599656b726fc48d656e206f202573204b422e, '2007-12-11 12:00:11', ''),
('sk', '_msgs', 'AT_ERROR_NO_ASSIGNMENTS_FOUND', 0x5620746f6d746f20707261636f766ec3ad6d2070726f73746f7275206e65c48d656b616ac3ad20c5bec3a1646ec3a1207a6164c3a16ec3ad2e205a6b7573746520706f75c5bec3ad74206a696ec3bd20707261636f766ec3ad2070726f73746f722e, '2007-12-11 11:59:43', ''),
('sk', '_msgs', 'AT_ERROR_NO_ACTION_SELECTED', 0x4e6562796c612076796272c3a16e6120c5bec3a1646ec3a120616b63652e, '2007-12-11 11:40:55', ''),
('sk', '_msgs', 'AT_ERROR_NOT_RELEASED', 0x54656e746f206f62736168206a65c5a174c49b206e6562796c207a7665c599656a6ec49b6e2e202573, '2007-12-11 12:23:58', ''),
('sk', '_msgs', 'AT_ERROR_NOT_OWNER', 0x4e657665646574652074656e746f206b75727a2c206e65626f206b75727a206e656578697374756a652e, '2007-12-11 12:23:28', ''),
('sk', '_msgs', 'AT_ERROR_NOT_IN_ANY_GROUPS', 0x4e656a737465207620c5bec3a1646ec3a920736b7570696ec49b2e, '2007-12-11 12:23:11', ''),
('sk', '_msgs', 'AT_ERROR_NODELETE_USER', 0x4e656c7a6520736d617a6174207479746f2075c5be69766174656c652c206a736f75207665646f7563c3ad6d69206b75727ac5af2e204e656a64c599c3ad7665206f6473747261c5887465206b75727a792e, '2007-12-11 12:14:34', ''),
('sk', '_msgs', 'AT_ERROR_NOT_CONFIRMED', 0x456d61696c6f76c3a120616472657361206b207661c5a1656d7520c3bac48d7475206a65c5a174c49b206e6562796c6120706f7476727a656e612e2050c599657376c49b64c48d74652073652c207a6461206a737465206a69c5be206f626472c5be656c6920706f7476727a6f766163c3ad207a7072c3a176752e20506f6b7564206e652c206b6f6e74616b74756a7465206ec3a1732e, '2007-12-11 12:22:59', ''),
('sk', '_msgs', 'AT_ERROR_NEED_FILENAME', 0x4ec3a17a657620736f75626f7275206a65207072c3a17a646ec3bd2e2050726f20767974766fc599656ec3ad206e6f76c3a9686f20736f75626f7275206a652074c599656261207a61646174206a65686f206ec3a17a65762e, '2007-12-11 11:38:26', ''),
('sk', '_msgs', 'AT_ERROR_MODULE_INSTALL', 0x50c5996920696e7374616c6f76c3a16ec3ad20746f686f746f206d6f64756c75207365207679736b79746c79206ec3a1736c6564756ac3ad63c3ad2063687962793a0d0a3c756c3e25733c2f756c3e, '2007-12-11 11:38:02', ''),
('sk', '_msgs', 'AT_ERROR_MISSING_THEMEXML', 0x4e656c7a6520696d706f72746f7661742e20562062616cc3adc48d6b752063687962c3ad2064c5af6c65c5be6974c3a120736c6fc5be6b613a207468656d65732e786d6c2e2050726f73c3ad6d2c2070c599657376c49b64c48d74652073652c20c5be652062616cc3adc48d656b206d6f74697675206a652070726f207665727a6920312e342e33206e65626f206e6f76c49b6ac5a1c3ad2e, '2007-12-11 11:37:28', ''),
('sk', '_msgs', 'AT_ERROR_MAX_STORAGE_EXCEEDED', 0x50c5996964c3a16ec3ad6d20746f686f746f20736f75626f72752070c599656b726fc48dc3ad7465206d6178696dc3a16c6ec3ad206c696d69742070726f20756b6cc3a164c3a16ec3ad20646174207620746f6d746f206b75727a752e, '2007-12-11 11:36:14', ''),
('sk', '_msgs', 'AT_ERROR_MAX_ATTEMPTS', 0x4e656c7a65206162736f6c766f7661742074656e746f20746573742e204e656ec3ad2076207475746f20636876c3ad6c69206b20646973706f7a696369206e65626f206a737465206a69c5be207679c48d657270616c692076c5a16563686e7920706f6b7573792070726f2074656e746f20746573742e, '2007-12-11 11:35:29', ''),
('sk', '_msgs', 'AT_ERROR_LOG_NOT_RESET', 0x50726f746f6b6f6c206f2063687962c3a16368206e656c7a652076796e756c6f7661742e, '2007-12-11 11:32:39', ''),
('sk', '_msgs', 'AT_ERROR_LOGIN_TO_POST', 0x4b207a6173c3ad6cc3a16ec3ad2070c599c3ad7370c49b766bc5af206d7573c3ad74652062c3bd742070c59969686cc3a1c5a1656e692e, '2007-12-11 11:31:32', ''),
('sk', '_msgs', 'AT_ERROR_LOGIN_ENROL', 0x4b207a617073c3a16ec3ad20646f206b75727a75207365206d7573c3ad74652070c59969686cc3a17369742e, '2007-12-11 11:28:27', ''),
('sk', '_msgs', 'AT_ERROR_LOGIN_EXISTS', 0x546f746f2070c59969686c61c5a16f766163c3ad206a6dc3a96e6f206a69c5be206578697374756a652c207a766f6c7465207369206a696ec3a92e, '2007-12-11 11:28:46', ''),
('sk', '_msgs', 'AT_ERROR_LAST_LANGUAGE', 0x4e656c7a6520736d617a617420706f736c65646ec3ad206a617a796b2e204e656a6dc3a96ec49b206a6564656e206a617a796b206d7573c3ad2062c3bd74206b20646973706f7a6963692e, '2007-12-11 11:26:42', ''),
('sk', '_msgs', 'AT_ERROR_LINK_CAT_EMPTY', 0x4e656c7a652070c59969646174206f646b617a2c2070726f746fc5be65206e656578697374756ac3ad20c5bec3a1646ec3a9206b617465676f7269652e, '2007-12-11 11:27:05', ''),
('sk', '_msgs', 'AT_ERROR_LINK_CAT_NOT_EMPTY', 0x4b617465676f726965206f646b617ac5af206e656dc5afc5be652062c3bd7420736d617ac3a16e612c206a656c696b6fc5be206f62736168756a65207375622d6b617465676f72696520612f6e65626f206f646b617a792e, '2007-12-11 11:27:54', ''),
('sk', '_msgs', 'AT_ERROR_LOGIN_CHARS', 0x5661c5a1652070c59969686c61c5a16f766163c3ad206a6dc3a96e6f206dc5afc5be65206f627361686f76617420706f757a652070c3ad736d656e612c20c48dc3ad736c612c207465c48d6b79206120706f647472c5bec3ad746b6120285f2773292e, '2007-12-11 11:29:19', ''),
('sk', '_msgs', 'AT_ERROR_LANG_WRONG_VERSION', 0x4a617a796b6f76c3bd2062616cc3adc48d656b2c206b746572c3bd20636863657465206e616872c3a1742c206e656ec3ad206b6f6d7061746962696c6ec3ad207320746f75746f207665727ac3ad20415475746f72612e204368636574652d6c692070c5996573746f2074656e746f2062616cc3adc48d656b206e616872c3a1742c206a652074c59965626120706f766f6c6974203c656d3e70c599656b6cc3a164c3a16ec3ad3c2f656d3e20706f646c6520696e737472756b63c3ad20646f6c65206e612074c3a9746f20737472c3a16e63652e, '2007-12-11 11:25:25', ''),
('sk', '_msgs', 'AT_ERROR_LANG_NOT_COMPLETE', 0x4a617a796b6f76c3bd2062616cc3adc48d656b2c206b746572c3bd20636863657465206e616872c3a1742c206e656ec3ad206a65c5a174c49b206f7a6e61c48d656e206a616b6f206b6f6d706c65746ec3ad2061207a7665c599656a6ec49b6ec3bd2e2050726f20706f75c5be6974c3ad206e65c3ba706c6ec3bd6368206a617a796b6f76c3bd63682062616cc3adc48d6bc5af206a652074c59965626120706f766f6c6974203c656d3e70c599656b6cc3a164c3a16ec3ad3c2f656d3e20706f646c6520696e737472756b63c3ad20646f6c65206e612074c3a9746f20737472c3a16e63652e, '2007-12-11 11:22:13', ''),
('sk', '_msgs', 'AT_ERROR_LANG_IMPORT_FAILED', 0x496d706f7274206a617a796b61207365206e657a6461c599696c2e, '2007-12-11 11:17:24', ''),
('sk', '_msgs', 'AT_ERROR_LANG_EXISTS', 0x4a617a796b6f76c3bd2062616cc3adc48d656b2c206b746572c3bd20636863657465206e616872c3a1742c206a69c5be206578697374756a652e204a617a796b206a69c5be206578697374756a652e204dc5afc5be6574652075707261766974206e6173746176656ec3ad206a617a796b61206b6c696b6e7574c3ad6d206e6120706f6c6fc5be6b75203c656d3e706f6b7261c48d6f7661743c2f656d3e2076206e6162c3ad6463652076c3bdc5a1652e, '2007-12-11 11:17:00', ''),
('sk', '_msgs', 'AT_ERROR_ITEM_NOT_FOUND', 0x506f6c6fc5be6b61206e656e616c657a656e612e, '2007-12-11 11:15:32', ''),
('sk', '_msgs', 'AT_ERROR_INVALID_URL', 0x4c6f63616c686f7374206e656ec3ad20706c61746ec3a12055524c2e, '2007-12-11 11:14:21', ''),
('sk', '_msgs', 'AT_ERROR_INVALID_LOGIN', 0x436879626ec3a1206b6f6d62696e616365206c6f67696e2f6865736c6f2e, '2004-05-20 12:08:58', ''),
('sk', '_msgs', 'AT_ERROR_INVALID_LINK', 0x54656e746f206f646b617a206a65206e65706c61746ec3bd2e, '2007-12-11 01:49:31', ''),
('sk', '_msgs', 'AT_ERROR_INST_INFO_NOT_FOUND', 0x4e656c7a65206e616cc3a97a7420696e666f726d61636520696e737472756b746f72612e, '2004-05-20 12:09:24', ''),
('sk', '_msgs', 'AT_ERROR_INCORRECT_FILE_FORMAT', 0x4e65737072c3a1766ec3bd20666f726dc3a17420736f75626f7275206e6120c599c3a1646b752025732e205a6e6f7675207a6f6272617a746520c599c3a164656b202573207620736f75626f72752073657a6e616d75206b75727ac5af20612070c599657376c49b64c48d74652073652c20c5be65206f64706f76c3ad64c3a120706fc5be616461766bc5af6d206e6120666f726dc3a1742e, '2007-12-11 01:49:12', ''),
('sk', '_msgs', 'AT_ERROR_INCOMPLETE', 0x5679706cc588746520666f726d756cc3a1c59920646c65206ec3adc5be652075766564656ec3a9686f206ec3a1766f64752e, '2007-12-11 01:48:29', ''),
('sk', '_msgs', 'AT_ERROR_IMPORT_NOT_PROPER_FORMAT', 0x4e65706c61746ec3bd2062616cc3adc48d656b206d6f7469767520767a686c6564752e, '2007-12-11 01:48:11', ''),
('sk', '_msgs', 'AT_ERROR_IMPORT_FAILED', 0x496d706f7274207365206e657a6461c599696c, '2007-12-11 01:47:50', ''),
('sk', '_msgs', 'AT_ERROR_IMPORT_ERROR_IN_ZIP', 0x54656e746f20736f75626f72205a4950206e656c7a65206578747261686f7661742c2070726f746fc5be653a203c623e202573203c2f623e, '2007-12-11 01:47:37', ''),
('sk', '_msgs', 'AT_ERROR_IMPORTFILE_EMPTY', 0x496d706f72746f76616ec3bd20736f75626f72206e65736dc3ad2062c3bd74207072c3a17a646ec3bd2e, '2004-05-20 12:10:15', ''),
('sk', '_msgs', 'AT_ERROR_IMPORTDIR_IMS_NOTVALID', 0x4e65706c61746ec3bd20736f75626f72205a49502e, '2007-12-11 01:47:18', ''),
('sk', '_msgs', 'AT_ERROR_IMPORTDIR_FAILED', 0x4e656c7a6520767974766fc599697420696d706f72746ec3ad206164726573c3a1c5992e, '2007-12-11 01:47:00', ''),
('sk', '_msgs', 'AT_ERROR_ID_ZERO', 0x4944206f6273616875206a652030206e65626f2063687962c3ad2e, '2007-12-13 02:02:47', ''),
('sk', '_msgs', 'AT_ERROR_HAND_IN_FOLDER', 0x536c6fc5be6b79206e656c7a652070c5996564c3a17661742e, '2007-12-11 01:44:04', ''),
('sk', '_msgs', 'AT_ERROR_GROUP_NO_STUDENTS', 0x4e656e616c657a656e692073747564656e7469206b20767974766fc599656ec3ad206e6f76c3bd636820736b7570696e2e, '2007-12-11 01:31:41', ''),
('sk', '_msgs', 'AT_ERROR_GROUP_NOT_FOUND', 0x536b7570696e61206e656e616c657a656e612e, '2007-12-11 01:43:55', ''),
('sk', '_msgs', 'AT_ERROR_GOOGLE_QUERY_FAILED', 0x446f74617a207365206e657a6461c599696c2e, '2007-12-11 01:30:44', ''),
('sk', '_msgs', 'AT_ERROR_GOOGLE_KEY_MISSING', 0x50726f20706f766f6c656ec3ad207679686c6564c3a176c3a16ec3ad2076206b75727a656368206d7573c3ad7465207a6164617420476f6f676c65206b6cc3adc48d2e2056657069c5a174652074656e746f206b6cc3adc48d20706f64206ec3a1706973204b6f6e66696775726163652e, '2007-12-11 01:30:00', ''),
('sk', '_msgs', 'AT_ERROR_GOOGLE_KEY_INVALID', 0x4e65706c61746ec3bd206b6cc3adc48d2e, '2007-12-11 01:16:01', ''),
('sk', '_msgs', 'AT_ERROR_GENERAL', 0x4368796261207679686c6564c3a176c3a16ec3ad206120257320415475746f722e, '2007-12-11 01:15:49', ''),
('sk', '_msgs', 'AT_ERROR_FORUM_NO_SUBSCRIBE', 0x4e656c7a65207365207a617073617420646f20706fc5be61646f76616ec3a9686f2074c3a96d6174752e204a6520706f766f6c656e6f20706f757a65207a617073c3a16ec3ad206b20767263686ec3ad6d752070c599c3ad7370c49b766b752e, '2007-12-11 01:15:05', ''),
('sk', '_msgs', 'AT_ERROR_FORUM_NO_EDIT_SHARE', 0x4e656dc3a17465206f7072c3a1766ec49b6ec3ad2075707261766f766174207364c3ad6c656ec3a92066c3b372756d2e, '2007-12-11 01:14:02', ''),
('sk', '_msgs', 'AT_ERROR_FORUM_NO_DEL_SHARE', 0x4e656dc3a17465206f7072c3a1766ec49b6ec3ad20736d617a6174207364c3ad6c656ec3a92066c3b372756d2e, '2007-12-11 01:13:48', ''),
('sk', '_msgs', 'AT_ERROR_FORUM_NOT_FOUND', 0x46c3b372756d206e656e616c657a656e6f2e, '2007-12-11 01:15:16', ''),
('sk', '_msgs', 'AT_ERROR_FORUM_DENIED', 0x4e656dc3a17465206f7072c3a1766ec49b6ec3ad2070c599697370c3ad76617420646f20746f686f746f2066c3b372612e, '2007-12-11 01:13:02', ''),
('sk', '_msgs', 'AT_ERROR_FOLDER_NOT_EXIST', 0x536c6fc5be6b61206e656e616c657a656e612e, '2007-12-11 01:12:41', ''),
('sk', '_msgs', 'AT_ERROR_FOLDER_NOT_CREATED', 0x536c6fc5be6b6120222025732022206e656dc5afc5be652062c3bd7420767974766fc599656e612e, '2007-12-11 01:12:31', ''),
('sk', '_msgs', 'AT_ERROR_FIRST_LAST_NAME_UNIQUE', 0x4b6f6d62696e616365206bc5996573746ec3ad686f206a6dc3a96e612c2064727568c3a9686f206a6dc3a96e6120612070c599c3ad6a6d656ec3ad206d7573c3ad2062c3bd74206a6564696e65c48d6ec3a12e, '2007-12-11 01:12:17', ''),
('sk', '_msgs', 'AT_ERROR_FILE_NOT_SELECTED', 0x4e6576796272616c69206a73746520c5bec3a1646ec3bd20736f75626f72206b206e616872c3a16ec3ad2e, '2007-12-11 01:11:23', ''),
('sk', '_msgs', 'AT_ERROR_FILE_NOT_SAVED', 0x536f75626f72206e656c7a6520756c6fc5be69742e, '2007-12-11 01:11:11', ''),
('sk', '_msgs', 'AT_ERROR_FILE_NOT_FOUND', 0x536f75626f72206e656e616c657a656e2e, '2007-12-11 01:11:03', ''),
('sk', '_msgs', 'AT_ERROR_FILE_NOT_EXIST', 0x536f75626f72206e656578697374756a652e, '2007-12-11 01:10:50', ''),
('sk', '_msgs', 'AT_ERROR_FILE_NOT_DELETED', 0x43687962612070c59969206f6473747261c5886f76c3a16ec3ad20736f75626f72752e20536f75626f72206e656c7a65206f64737472616e69742e, '2007-12-11 01:10:39', ''),
('sk', '_msgs', 'AT_ERROR_FILE_MAX_SIZE', 0x536f75626f722070c599656b726fc48d696c206d6178696dc3a16c6ec3ad20706f766f6c656ec3bd206c696d69742076656c696b6f7374692025732e, '2004-05-20 12:14:08', ''),
('sk', '_msgs', 'AT_ERROR_FILE_ILLEGAL', 0x536f75626f7279202573206e656a736f7520706f766f6c656e792e, '2004-05-20 12:14:38', ''),
('sk', '_msgs', 'AT_ERROR_FILE_EMPTY', 0x4e6562796c2076796272c3a16e20736f75626f72206b20696d706f727475206e65626f206a6520736f75626f72207072c3a17a646ec3bd2e, '2007-12-11 01:04:02', ''),
('sk', '_msgs', 'AT_ERROR_ENROLLMENT_NONE_FOUND', 0x4e656e616c657a656e207ac3a1706973206b206578706f7274752e, '2007-12-11 01:02:24', ''),
('sk', '_msgs', 'AT_ERROR_FEED_NO_CONTENT', 0x4b616ec3a16c206e6562796c206e616c657a656e206e61206164726573652055524c206e65626f206e656ec3ad20706c61746ec3bd2e, '2007-12-11 01:03:01', ''),
('sk', '_msgs', 'AT_ERROR_END_DATE_INVALID', 0x4e65706c61746ec3a920646174756d20756b6f6ec48d656ec3ad2e, '2007-12-11 01:01:26', ''),
('sk', '_msgs', 'AT_ERROR_EMPTY_FIELDS', 0x5461746f20706f76696e6ec3a120706f6c65206a652074c599656261207679706c6e69743a203c6272202f3e0d0a25732e, '2007-12-11 00:59:26', ''),
('sk', '_msgs', 'AT_ERROR_EMAIL_NOT_FOUND', 0x4e656e616c657a656e20c5bec3a1646ec3bd20c3bac48d6574207320746f75746f20656d61696c6f766f752061647265736f752e, '2007-12-11 00:58:10', ''),
('sk', '_msgs', 'AT_ERROR_EMAIL_INVALID', 0x456d61696c6f76c3a120616472657361206e656ec3ad20706c61746ec3a12e, '2004-05-20 12:21:25', ''),
('sk', '_msgs', 'AT_ERROR_EMAIL_EXISTS', 0xc39ac48d657420732074c3ad6d746f20652d6d61696c656d206a69c5be206578697374756a652e20506f6b7564206a737465207a61706f6dc49b6c69206865736c6f2c20706f75c5be696a74652070726f73c3ad6d20766f6c6275203c6120687265663d2270617373776f72645f72656d696e6465722e706870223e5a61706f6d656e7574c3a9206865736c6f3c2f613e2070726f206a65686f206f70c49b746f766ec3a9207ac3ad736bc3a16ec3ad2e, '2004-05-20 12:21:04', ''),
('sk', '_msgs', 'AT_ERROR_DOB_INVALID', 0x4e65706c61746ec3bd20666f726dc3a1742064617461206e61726f7a656ec3ad2e, '2007-12-11 00:57:06', ''),
('sk', '_msgs', 'AT_ERROR_DISABLE_MISSING_MODULE', 0x4e656c7a65207a61626c6f6b6f766174206d6f64756c2c206b746572c3bd2063687962c3ad2e204368636574652d6c6920706f6b7261c48d6f76617420766520737072c3a176c49b20746f686f746f206d6f64756c752c206d7573c3ad7465206e656a64c599c3ad7665206f626e6f766974206164726573c3a1c5992073206a65686f20756dc3ad7374c49b6ec3ad6d2e, '2007-12-11 00:24:24', ''),
('sk', '_msgs', 'AT_ERROR_DISABLE_CORE_MODULE', 0x5ac3a16b6c61646ec3ad206d6f64756c79206e656c7a65207a61626c6f6b6f7661742e, '2007-12-11 00:23:27', ''),
('sk', '_msgs', 'AT_ERROR_DIR_NO_PERMISSION', 0x536c6fc5be6b75206e656c7a6520736d617a61742e204275c48f206e656dc3a1746520706f74c59965626ec3a1207072c3a176612c206e65626f206e656ec3ad207072c3a17a646ec3a12e, '2007-12-11 00:01:58', ''),
('sk', '_msgs', 'AT_ERROR_DIR_NOT_WRITEABLE', 0x446f206164726573c3a1c59965203c7374726f6e673e25733c2f7374726f6e673e206e656c7a65207a617069736f7661742e20562073797374c3a96d7520556e6978207a6164656a746520646f206164726573c3a1c599652070c599c3ad6b617a203c6b62643e63686d6f6420612b72773c2f6b62643e2e, '2007-12-11 00:22:49', ''),
('sk', '_msgs', 'AT_ERROR_DIR_NOT_EXIST', 0x4164726573c3a1c599203c7374726f6e673e25733c2f7374726f6e673e206e656578697374756a652c206a652074c599656261206a656a20767974766fc59969742e, '2007-12-11 00:07:26', ''),
('sk', '_msgs', 'AT_ERROR_DIR_NOT_DELETED', 0x4164726573c3a1c5992c206b746572c3bd2063686365746520736d617a61742c206e656c7a65206f746576c599c3ad742e, '2007-12-11 00:06:50', ''),
('sk', '_msgs', 'AT_ERROR_DB_NOT_UPDATED', 0x4e656c7a652070c5996964617420696e666f726d61636920646f206461746162c3a17a652e, '2007-12-10 23:13:06', ''),
('sk', '_msgs', 'AT_ERROR_CREATE_NOPERM', 0x50726f2074766f726275206b75727ac5af206e656dc3a174652070c599c3ad737475706f76c3a1207072c3a176612e, '2004-05-20 12:26:10', ''),
('sk', '_msgs', 'AT_ERROR_CREATE_MASTER_USED', 0x49442073747564656e74612c206b746572c3a920736520706f6b6f75c5a1c3ad7465207a616461742c206a69c5be20706174c599c3ad206b206a696ec3a96d752073747564656e746f76692e204368636574652d6c69207475746f2076617a62752070c5996570736174206e61206e6f76c3bd20c3bac48d65742c20706f75c5be696a7465207a61c5a16b7274c3a1766163c3ad20706f6cc3adc48d6b6f2070726f2070c599657073c3a16ec3ad2e, '2007-12-13 02:45:58', ''),
('sk', '_msgs', 'AT_ERROR_COURSE_NOT_RELEASED', 0x54656e746f206b75727a206a6520646f737475706ec3bd20706f757a65206e612025732e, '2007-12-10 23:05:01', ''),
('sk', '_msgs', 'AT_ERROR_COURSE_ENDED', 0x54656e746f206b75727a20736b6f6ec48d696c2025732e, '2007-12-10 22:54:11', ''),
('sk', '_msgs', 'AT_ERROR_CONTACT_INFO_NOT_FOUND', 0x506f64706f7261206b6f6e74616b7475206e656ec3ad20646f737475706ec3a12e204e6562796c61207a6164c3a16e6120652d6d61696c6f76c3a1206164726573612e, '2007-12-10 22:53:57', ''),
('sk', '_msgs', 'AT_ERROR_CONFIRM_BAD', 0x56c3a1c5a120652d6d61696c206120c3bac48d6574206e656d6f686f752062c3bd7420706f7476727a656e792e, '2007-12-10 22:52:19', ''),
('sk', '_msgs', 'AT_ERROR_CONFIG_NOT_WRITEABLE', 0x546f746f206e6173746176656ec3ad206e656c7a65206dc49b6e69742c2070726f746fc5be65206b6f6e666967757261c48d6ec3ad20736f75626f72206a65207a2062657a7065c48d6e6f73746ec3ad63682064c5af766f64c5af20757a616dc48d656e2e20506f6b7564206368636574652070726f76c3a164c49b74207a6dc49b6e792c206a652074c599656261206e656a64c599c3ad7665206f64656d6b6e6f757420736f75626f7220636f6e6669672e696e632e7068702074c3ad6d2c20c5be65207a6dc49b6ec3ad7465206a65686f20646f737475706e6f737420706f6d6f63c3ad2070c599c3ad6b617a75203c6b62643e63686d6f6420612b727720636f6e6669672e696e632e7068703c2f6b62643e2e, '2007-12-10 22:49:04', ''),
('sk', '_msgs', 'AT_ERROR_CHOICES_EMPTY', 0x566c6fc5be7465206d696e696dc3a16c6ec49b206476c49b206d6fc5be6e6f737469206f64706f76c49b64692e, '2007-12-11 01:46:32', ''),
('sk', '_msgs', 'AT_ERROR_CHAT_TRAN_REJECTED', 0x4ec3a17a65762070c59965706973752062796c207a616dc3ad746e75742e2050c599657376c49b64c48d74652073652c20c5be65206a73746520706f75c5be696c6920706f757a6520c48dc3ad73656c20612070c3ad736d656e2061206ec3a17a6576206e656f62736168756a65206d657a6572792e, '2007-12-11 01:46:15', ''),
('sk', '_msgs', 'AT_ERROR_CANNOT_WRITE_FILE', 0x4e656c7a65207a617069736f76617420646f20736f75626f72753a203c623e202573203c2f623e, '2007-12-10 22:47:40', ''),
('sk', '_msgs', 'AT_ERROR_CANNOT_RENAME', 0x536f75626f72206e65626f20736c6fc5be6b75206e656c7a652070c599656a6d656e6f7661742e204ec3a17a657620736f75626f727520c48d6920736c6fc5be6b79206a69c5be206578697374756a652c2070c5af766f646ec3ad20736f75626f722f736c6fc5be6b61206e656578697374756a652c206e65626f207365206ec3a17a657620736f75626f72752f736c6fc5be6b79206e657a6dc49b6e696c2e, '2007-12-10 22:47:23', ''),
('sk', '_msgs', 'AT_ERROR_CANNOT_READ_FILE', 0x4e656c7a6520c48dc3ad7374207a6520736f75626f72753a203c623e202573203c2f623e, '2007-12-10 22:46:37', ''),
('sk', '_msgs', 'AT_ERROR_CANNOT_OVERWRITE_FILE', 0x536f75626f72206e656c7a652070c59965707361742e, '2007-12-10 22:46:10', ''),
('sk', '_msgs', 'AT_ERROR_CANNOT_OPEN_FILE', 0x4e656c7a65206f746576c599c3ad7420736f75626f723a203c623e202573203c2f623e, '2007-12-10 22:44:53', ''),
('sk', '_msgs', 'AT_ERROR_CANNOT_CREATE_DIR', 0x4164726573c3a1c599206e656c7a6520767974766fc59969742e, '2007-12-10 22:33:25', ''),
('sk', '_msgs', 'AT_ERROR_CANNOT_DELETE_OWN_ACCOUNT', 0x4e656dc5afc5be65746520736d617a6174207376c5af6a20766c6173746ec3ad20c3bac48d65742e, '2007-12-10 22:36:27', ''),
('sk', '_msgs', 'AT_ERROR_CANNOT_OPEN_DIR', 0x4164726573c3a1c599206e656c7a65206f746576c599c3ad742e205a6b75737465206a656a203c6120687265663d22746f6f6c732f66696c656d616e616765722f696e6465782e7068703f6372656174653d31223e767974766fc5996974206e796ec3ad3c2f613e2e, '2007-12-10 22:43:46', ''),
('sk', '_msgs', 'AT_ERROR_CACHE_DIR_BAD', 0x536c6fc5be6b75207679726f766ec3a1766163c3ad2070616dc49b7469206e656c7a6520767974766fc59969742e205679726f766ec3a1766163c3ad2070616dc49bc5a5206e656ec3ad20646f737475706ec3a12e2056697a206e6173746176656ec3ad206b6f6e66696775726163652070726f207a61626c6f6b6f76c3a16ec3ad206e65626f207679c59965c5a1656ec3ad2070726f626cc3a96d752e, '2007-12-10 22:30:05', ''),
('sk', '_msgs', 'AT_ERROR_BAD_FOLDER_NAME', 0x4ec3a17a657620736c6fc5be6b79206f62736168756a65206e65706c61746ec3a9207a6e616b792e204dc5afc5be65746520706f75c5bec3ad7420616c66616e756d657269636bc3a9207a6e616b792c20706f647472c5bec3ad746b612c20706f6d6cc48d6b792061207465c48d6b792e, '2007-12-10 22:28:02', ''),
('sk', '_msgs', 'AT_ERROR_BAD_FILE_TYPE', 0x4e6576686f646ec3bd20666f726dc3a17420736f75626f72752e20506f64706f726f76c3a16e79206a736f75206a656e6f6d2048544d4c206120c48d697374c3bd20746578742e, '2004-05-20 12:06:13', ''),
('sk', '_msgs', 'AT_ERROR_BAD_DATE', 0x4e65706c61746ec3a920646174756d, '2007-12-10 22:15:55', ''),
('sk', '_msgs', 'AT_ERROR_BACKUP_UNSUPPORTED_GREATER_VERSION', 0x5ac3a16c6f687920767974766fc599656ec3a92076206e6f76c49b6ac5a1c3ad6368207665727ac3ad636820415475746f7275206e656a736f7520706f64706f726f76c3a16e792e, '2007-12-10 22:10:16', ''),
('sk', '_msgs', 'AT_ERROR_BACKUP_RESTORE', 0x4f626e6f76656ec3ad207365206e657a6461c599696c6f202d206e65706c61746ec3bd20736f75626f72207ac3a16c6f68792e205ac3a16c6f68792073746172c5a1c3ad206e65c5be207665727a6520312e33206e656a736f7520706f64706f726f76c3a16e792e, '2007-12-10 22:06:05', ''),
('sk', '_msgs', 'AT_ERROR_ASSIGNMENT_CUTOFF', 0x5a6164c3a16ec3ad20c3ba6b6f6c75206a69c5be2076797072c5a1656c6f2e204b6f6e6563206f6465767a64c3a176c3a16ec3ad2e, '2007-12-10 22:04:06', ''),
('sk', '_msgs', 'AT_ERROR_ALREADY_OWNED', 0x54656e746f206b75727a207665646574652c2061206e656dc5afc5be6574652073652070726f746f207a61707361742e, '2007-12-10 22:01:33', ''),
('sk', '_msgs', 'AT_ERROR_ALREADY_ENROLED', 0x4a69c5be206a73746520706f64616c6920c5bec3a1646f7374206f207a617073c3a16ec3ad20646f20746f686f746f206b75727a752c206e6562796c612076c5a1616b206a65c5a174c49b2073636876c3a16c656e612e2042756465746520696e666f726d6f76c3a16e69206f206a656ac3ad6d2070c599696a6574c3ad2e, '2007-12-10 22:00:51', ''),
('sk', '_msgs', 'AT_ERROR_ADMIN_EDIT_OWN_ACCOUNT', 0x50726f20c3ba7072617679206e6173746176656ec3ad20c3bac48d747520706f75c5be696a746520737472c3a16e6b75203c6120687265663d2261646d696e2f61646d696e732f6d795f656469742e706870223e4dc5af6a20c39ac48d65743c2f613e2e, '2007-12-10 21:58:21', ''),
('sk', '_msgs', 'AT_ERROR_ACCESS_DENIED', 0x50c599c3ad73747570206f646570c599656e, '2004-05-20 12:04:24', ''),
('sk', '_msgs', 'AT_ERROR_ACCOUNT_DISABLED', 0xc39ac48d6574207a61626c6f6b6f76c3a16e2e, '2007-12-10 21:57:33', ''),
('sk', '_msgs', 'AT_CONFIRM_UNENROLL_STUDENT', 0x4f70726176647520636863657465207679c5a16b72746e6f7574206ec3a1736c6564756ac3ad63c3ad2073747564656e74793a20203c756c3e202573203c2f756c3e, '2007-12-10 21:51:20', ''),
('sk', '_msgs', 'AT_CONFIRM_UNENROLL_PRIV', 0x4f7072617664752073692070c599656a657465207679c5a16b72746e6f7574206ec3a1736c6564756ac3ad63c3ad2075c5be69766174656c6520286a656a69636820726f6c6520612076c3bd686f6479206275646f7520736d617ac3a16e792074616bc3a9293a203c756c3e202573203c2f756c3e, '2007-12-09 14:00:37', ''),
('sk', '_msgs', 'AT_CONFIRM_UNENROLL', 0x4f70726176647520736520636863657465207679c5a16b72746e6f7574207a203c7374726f6e673e25733c2f7374726f6e673e3f, '2007-12-09 13:56:54', ''),
('sk', '_msgs', 'AT_CONFIRM_SUB_CONTENT_DELETE', 0x5461746f20737472c3a16e6b612073206f62736168656d206dc3a120706f64c599617a656ec3a920737472c3a16e6b792e20506f6b7564206a6920736d61c5be6574652c2076c5a16563686e7920706f64737472c3a16e6b79206275646f7520736d617ac3a16e792074616bc3a92e203c6272202f3e, '2007-12-09 13:55:47', ''),
('sk', '_msgs', 'AT_CONFIRM_STUDENT_REMOVE_GROUP', 0x4f70726176647520636863657465203c7374726f6e673e736d617a61743c2f7374726f6e673e206ec3a1736c6564756ac3ad63c3ad2075c5be69766174656c65207a6520736b7570696e7920272573273f203c756c3e202573203c2f756c3e, '2007-12-09 13:55:04', ''),
('sk', '_msgs', 'AT_CONFIRM_STUDENT_GROUP', 0x4f7072617664752073692070c599656a6574652070c59969646174207479746f2075c5be69766174656c6520646f20736b7570696e7920272573273f203c756c3e202573203c2f756c3e, '2007-12-09 13:54:19', ''),
('sk', '_msgs', 'AT_CONFIRM_RL_DELETE_RESOURCE', 0x4f70726176647520636863657465206f64737472616e69742074656e746f207a64726f6a3a203c7374726f6e673e25733c2f7374726f6e673e3f203c62722f3e20506f7a6e3a2056c5a16563686e792076c3bd6b6c6164792c206b746572c3a920706f75c5bec3ad76616c792074656e746f207a64726f6a2c206275646f7520736d617ac3a16e792074616bc3a92e, '2007-12-09 13:53:29', ''),
('sk', '_msgs', 'AT_CONFIRM_RL_DELETE_READING', 0x4f7072617664752063686365746520736d617a61742074656e746f2076c3bd6b6c61643a203c7374726f6e673e25733c2f7374726f6e673e3f, '2007-12-09 13:52:41', ''),
('sk', '_msgs', 'AT_CONFIRM_RESET_ERROR_LOG', 0x4f7072617664752063686365746520736d617a61742076c5a16563686e792070726f746f6b6f6c79206f2063687962c3a163683f, '2007-12-09 13:52:12', ''),
('sk', '_msgs', 'AT_CONFIRM_RESET_ADMIN_LOG', 0x4f7072617664752063686365746520736d617a61742050726f746f6b6f6c206f20c48d696e6e6f7374692061646d696e69737472c3a1746f72613f, '2007-12-09 13:51:59', ''),
('sk', '_msgs', 'AT_CONFIRM_REMOVE_TEST_QUESTION', 0x4f707261766475206368636574652076796d617a6174207475746f206f74c3a17a6b75207a2074657374753f204f74c3a17a6b61207ac5af7374616e65207a6163686f76c3a16e612076206461746162c3a17a69206f74c3a17a656b2e, '2007-12-09 13:51:41', ''),
('sk', '_msgs', 'AT_CONFIRM_REMOVE_STUDENT', 0x4f707261766475206368636574652076796d617a6174206ec3a1736c6564756ac3ad63c3ad2073747564656e74793a203c756c3e202573203c2f756c3e, '2007-12-09 13:51:03', ''),
('sk', '_msgs', 'AT_CONFIRM_NO_ANSWER', 0x4368797374c3a174652073652070c59969646174206f74c3a17a6b752062657a20737072c3a1766ec3a9206d6fc5be6e6f737469206f64706f76c49b64692e20506f6b7261c48d6f7661743f, '2007-12-09 13:50:36', ''),
('sk', '_msgs', 'AT_CONFIRM_GLOSSARY_REMAINS', 0x536d617ac3a16ec3ad6d207465726dc3ad6e75207365206e656f64737472616ec3ad206bc3b36479207465726dc3ad6ec5af207a207661c5a165686f206f62736168752e, '2007-12-09 13:48:54', ''),
('sk', '_msgs', 'AT_CONFIRM_LIST_DELETE', 0x4f7072617664752063686365746520736d617a6174203c7374726f6e673e25733c2f7374726f6e673e2049442073747564656e7461207a20686c61766ec3ad686f2073657a6e616d752073747564656e74c5af3f, '2007-12-09 13:49:16', ''),
('sk', '_msgs', 'AT_CONFIRM_LOGIN_INSTRUCTOR', 0x3c68333e253224733c2f68333e20536e61c5bec3ad74652073652070c59969686cc3a1736974206a616b6f20696e737472756b746f7220746f686f746f206b75727a752e2043686365746520706f6b7261c48d6f7661743f, '2007-12-09 13:50:01', ''),
('sk', '_msgs', 'AT_CONFIRM_FILE_MOVE', 0x4f7072617664752073692070c599656a6574652070c5996573756e6f7574203c7374726f6e673e2531733c2f7374726f6e673e20646f20736c6fc5be6b79203c7374726f6e673e2532733c2f7374726f6e673e3f, '2007-12-09 13:47:00', ''),
('sk', '_msgs', 'AT_CONFIRM_FILE_DELETE', 0x4f7072617664752073692070c599656a65746520736d617a6174206ec3a1736c6564756ac3ad63c3ad20736f75626f722879293f203c756c3e3c7374726f6e673e25733c2f7374726f6e673e3c2f756c3e, '2007-12-09 13:45:48', ''),
('sk', '_msgs', 'AT_CONFIRM_ENROLL_STUDENT', 0x4f70726176647520636863657465207a6170736174207479746f2075c5be69766174656c653a203c756c3e202573203c2f756c3e, '2007-12-09 13:45:33', ''),
('sk', '_msgs', 'AT_CONFIRM_EDIT_STATUS', 0x4f70726176647520636863657465207a6dc49b6e69742073746176206ec3a1736c6564756ac3ad63c3ad63682075c5be69766174656cc5af206e61203c7374726f6e673e25733c2f7374726f6e673e3f20537461762076796272616ec3bd636820696e737472756b746f72c5af206e6562756465207a6dc49b6ec49b6e2e202573, '2007-12-09 13:44:51', ''),
('sk', '_msgs', 'AT_CONFIRM_DIR_MOVE', 0x4f707261766475206368636574652070c5996573756e6f7574203c7374726f6e673e2531733c2f7374726f6e673e20646f20736c6fc5be6b79203c7374726f6e673e2532733c2f7374726f6e673e3f, '2007-12-09 13:44:00', ''),
('sk', '_msgs', 'AT_CONFIRM_DIR_DELETE', 0x4f7072617664752073692070c599656a65746520736d617a6174206ec3a1736c6564756ac3ad63c3ad20736c6fc5be6b752f736c6fc5be6b792061206a656ac3ad2f6a656a696368206f627361683f203c756c3e3c7374726f6e673e25733c2f7374726f6e673e3c2f756c3e, '2007-12-09 13:43:37', ''),
('sk', '_msgs', 'AT_CONFIRM_DELETE_USER', 0x436863657465206f70726176647520736d617a6174206ec3a1736c6564756ac3ad63c3ad2075c5be69766174656c653f2056796272616ec3ad20696e737472756b746fc599692c206b7465c599c3ad207665646f75206b75727a792c20736d617ac3a16e69206e656275646f752e203c7374726f6e673e25733c2f7374726f6e673e, '2007-12-09 13:42:40', ''),
('sk', '_msgs', 'AT_CONFIRM_DELETE_TRANSCRIPT', 0x4f7072617664752073692070c599656a65746520736d617a61742070c59965706973203c7374726f6e673e25733c2f7374726f6e673e3f, '2007-12-09 13:41:52', ''),
('sk', '_msgs', 'AT_CONFIRM_DELETE_TRACKING', 0x4f7072617664752073692070c599656a65746520736d617a617420696e666f726d616365206f20706f75c5be6974c3ad206f62736168752070726f2074656e746f206b75727a3f, '2007-12-09 13:41:27', ''),
('sk', '_msgs', 'AT_CONFIRM_DELETE_THEME', 0x4f7072617664752073692070c599656a65746520736d617a617420746f746f2074c3a96d613a203c623e20252073203c2f623e, '2007-12-09 13:41:01', ''),
('sk', '_msgs', 'AT_CONFIRM_DELETE_TEST_CATEGORY', 0x4f7072617664752073692070c599656a65746520736d617a6174206b617465676f726969207465737475203c7374726f6e673e25733c2f7374726f6e673e3f, '2007-12-09 13:40:10', ''),
('sk', '_msgs', 'AT_CONFIRM_DELETE_TEST', 0x4f7072617664752073692070c599656a65746520736d617a617420746573742f7072c5af7a6b756d203c7374726f6e673e3c656d3e25733c2f656d3e3c2f7374726f6e673e2061206a65686f2076c3bd736c65646b793f204f74c3a17a6b79207ac5af7374616e6f75207a6163686f76c3a16e792e, '2007-12-09 13:39:49', ''),
('sk', '_msgs', 'AT_CONFIRM_DELETE_POLL', 0x4f7072617664752073692070c599656a65746520736d617a617420616e6b65747520272573273f20506f20736d617ac3a16ec3ad206a69206e656dc5afc5be657465207a6e6f7675206f626e6f7669742e, '2007-12-09 13:38:57', ''),
('sk', '_msgs', 'AT_CONFIRM_DELETE_NEWS', 0x4f7072617664752063686365746520736d617a61742025733f, '2007-12-09 13:38:19', ''),
('sk', '_msgs', 'AT_CONFIRM_DELETE_MSGS', 0x436863657465206f70726176647520736d617a61742076796272616ec3a9207a7072c3a176793f, '2007-12-09 13:38:07', ''),
('sk', '_msgs', 'AT_CONFIRM_DELETE_LINK', 0x4f7072617664752063686365746520736d617a6174206f646b617a2025733f, '2007-12-09 13:37:49', ''),
('sk', '_msgs', 'AT_CONFIRM_DELETE_LANG', 0x4f7072617664752073692070c599656a65746520736d617a61742074656e746f206a617a796b2028203c7374726f6e673e2573203c2f7374726f6e673e293f, '2007-12-09 13:37:34', ''),
('sk', '_msgs', 'AT_CONFIRM_DELETE_GROUP_TYPE', 0x4f7072617664752073692070c599656a65746520736d617a61742074797020736b7570696e79203c656d3e25733c2f656d3e20612076c5a16563686e7920736b7570696e7920746f686f746f20747970753f, '2007-12-09 13:36:38', ''),
('sk', '_msgs', 'AT_CONFIRM_DELETE_FORUM', 0x4f7072617664752063686365746520736d617a61742066c3b372756d203c7374726f6e673e25733c2f7374726f6e673e3f2056c5a16563686e792070c599c3ad7370c49b766b79207620746f6d746f2066c3b37275206275646f7520736d617ac3a16e792e, '2007-12-09 13:32:50', ''),
('sk', '_msgs', 'AT_CONFIRM_DELETE_FEED', 0x4f7072617664752073692070c599656a65746520736d617a6174206b616ec3a16c203c7374726f6e673e25733c2f7374726f6e673e3f, '2007-12-09 13:32:18', ''),
('sk', '_msgs', 'AT_CONFIRM_DELETE_FAQ_TOPIC', 0x4f7072617664752073692070c599656a65746520736d617a61742074c3a96d61203c7374726f6e673e25733c2f7374726f6e673e206120736f75766973656ac3ad63c3ad20646f74617a793f, '2007-12-09 13:31:57', ''),
('sk', '_msgs', 'AT_CONFIRM_DELETE_FAQ_QUESTION', 0x436863657465206f70726176647520736d617a617420646f74617a203c7374726f6e673e25733c2f7374726f6e673e3f, '2007-12-09 13:31:25', ''),
('sk', '_msgs', 'AT_CONFIRM_DELETE_COURSE_2', 0x4a7374652073693c7374726f6e673e6f7072617664753c2f7374726f6e673e206a697374c3ad2c20c5be6520636863657465203c623e736d617a61743c2f623e206b75727a203c7374726f6e673e3c656d3e25733c2f656d3e3c2f7374726f6e673e3f20536d617a616ec3a9206b75727a79206a69c5be206e656c7a65206f626e6f7669742e, '2007-12-09 13:31:10', ''),
('sk', '_msgs', 'AT_CONFIRM_DELETE_COURSE_1', 0x4f70726176647520636863657465203c7374726f6e673e736d617a61743c2f7374726f6e673e206b75727a203c7374726f6e673e3c656d3e25733c2f656d3e3c2f7374726f6e673e3f, '2007-12-09 13:29:31', ''),
('sk', '_msgs', 'AT_CONFIRM_DELETE_CATEGORY', 0x4f7072617664752063686365746520736d617a6174206b617465676f726969203c7374726f6e673e25733c2f7374726f6e673e3f, '2007-12-09 13:29:03', ''),
('sk', '_msgs', 'AT_CONFIRM_DELETE_ADMIN', 0x5572c48d6974c49b2063686365746520736d617a6174206ec3a1736c6564756ac3ad63c3ad2061646d696e69737472c3a1746f72736bc3a920c3bac48d74793f203c6272202f3e3c7374726f6e673e25733c2f7374726f6e673e, '2007-12-16 18:02:48', ''),
('sk', '_msgs', 'AT_CONFIRM_DELETE', 0x4f7072617664752063686365746520736d617a6174207475746f20706f6c6fc5be6b753f, '2007-12-09 13:28:33', ''),
('sk', '_msgs', 'AT_CONFIRM_ALUMNI', 0x4f70726176647520636863657465206f7a6ec3a16d6b6f766174207479746f20c5bec3a16b79206b75727a753f203c756c3e202573203c2f756c3e, '2007-12-09 13:27:58', ''),
('sk', '_msgs', 'AT_CONFIRM_ADD_TEST_QUESTIONS', 0x4f70726176647520636863657465203c656d3e70c599696461743c2f656d3e206ec3a1736c6564756ac3ad63c3ad206f74c3a17a6b793f203c756c3e25733c2f756c3e, '2007-03-30 12:55:35', ''),
('sk', '_c_template', 'login', 0x507269686cc3a173656e6965, '2008-12-03 16:59:57', ''),
('sk', '_c_template', 'announcements', 0x4f7a6ec3a16d656e6965, '2009-05-13 19:19:09', ''),
('sk', '_msgs', 'AT_CONFIRM_ADD_FEED', 0x4f707261766475206368636574652070c599696461742074656e746f205253532f41746f6d206b616ec3a16c3f, '2007-03-30 12:54:30', ''),
('sk', '_msgs', 'AT_CONFIRM_ADD_MODULE', 0x4f70726176647520636863657465206e61696e7374616c6f766174206d6f64756c2076203c7374726f6e673e3c636f64653e25733c2f636f64653e3c2f7374726f6e673e3f, '2007-03-30 12:54:53', ''),
('sk', '_template', 'month', 0x4dc49b73c3ad63, '2007-12-06 00:03:36', ''),
('sk', '_template', 'max_file_size_system', 0x4d6178696d756d20706f766f6c656ec3a92073797374c3a96d656d, '2007-12-05 23:38:00', ''),
('sk', '_template', 'maximum', 0x4d6178696d756d, '2007-12-05 23:38:10', ''),
('sk', '_template', 'material_content_pages', 0x537472c3a16e6b792028257329, '2007-12-13 02:34:44', ''),
('sk', '_template', 'material', 0x4d6174657269c3a16c, '2007-12-05 22:55:06', ''),
('sk', '_template', 'hot_thread', 0x56656c6d6920c5be686176c3a920766cc3a16b6e6f21, '2004-05-21 09:41:50', ''),
('sk', '_template', 'fill_groups', 0x5a61706c6e697420736b7570696e79, '2007-11-28 22:26:18', ''),
('sk', '_template', 'file_name', 0x4ec3a17a657620736f75626f7275, '2007-11-28 22:20:49', ''),
('sk', '_template', 'end_date', 0x446174756d20756b6f6ec48d656ec3ad, '2004-05-21 09:05:26', ''),
('sk', '_template', 'edit_question', 0x55707261766974206f74c3a17a6b75, '2004-05-21 08:55:13', ''),
('sk', '_template', 'edit_forum', 0x557072617669742066c3b372756d, '2004-05-20 12:43:35', ''),
('sk', '_template', 'done', 0x486f746f766f, '2004-05-20 12:41:03', ''),
('sk', '_template', 'delete_language', 0x4f64737472616e6974206a617a796b, '2004-02-22 08:59:29', ''),
('sk', '_template', 'course_summaries', 0x536f7568726e79206b75727a75, '2007-11-26 19:05:54', ''),
('sk', '_template', 'contain_only', 0x4dc5afc5be65206f627361686f76617420706f757a652070c3ad736d656e612c20c48dc3ad737461206120706f647472c5bec3ad746b61, '2004-02-21 12:50:16', ''),
('sk', '_template', 'combination', 0x506f75c5be696a7465206b6f6d62696e61636920c48dc3ad73656c2c207a6e616bc5af20612073796d626f6cc5af, '2004-02-21 12:50:42', ''),
('sk', '_template', 'collapse', 0x5362616c6974, '2004-06-26 17:33:37', ''),
('sk', '_template', 'close_window', 0x5a6176c599c3ad74206f6b6e6f, '2007-11-26 17:38:43', ''),
('sk', '_template', 'city', 0x4dc49b73746f, '2004-02-21 12:54:36', ''),
('sk', '_template', 'chat_refresh_user_list', 0x4f626e6f7669742073657a6e616d2075c5be69766174656cc5af, '2007-12-01 12:06:56', ''),
('sk', '_template', 'all_label', 0x56c5a16963686e692028257329, '2007-11-26 16:59:00', ''),
('sk', '_template', 'add_topic', 0x50c599696461742074c3a96d61, '2007-11-26 16:50:57', ''),
('sk', '_template', 'about_atutor', 0x4f2073797374c3a96d7520415475746f72, '2004-02-21 12:03:14', ''),
('sk', '_msgs', 'AT_INFOS_COURSE_RELEASE', 0x54656e746f206b75727a206a65c5a174c49b206e6562796c20757665c599656a6ec49b6e2e20506cc3a16e6f76616ec3a9207a7665c599656a6ec49b6ec3ad2070726f62c49b686e6520646e652025732e, '2007-12-11 22:11:16', ''),
('sk', '_msgs', 'AT_FEEDBACK_POST_ADDED_SUCCESSFULLY', 0x5a7072c3a1766120646f20626c6f67752062796c61206f6465736cc3a16e612e, '2007-12-11 21:01:09', ''),
('sk', '_msgs', 'AT_FEEDBACK_CONFIRMATION_SENT', 0x5a7072c3a17661206f20706f7476727a656ec3ad2076c3a16d2062796c61207a61736cc3a16e6120656d61696c656d2e, '2007-12-11 19:40:30', ''),
('sk', '_msgs', 'AT_FEEDBACK_ACCOUNT_CONFIRMED', 0xc39ac48d657420706f7476727a656e2e, '2007-12-11 18:56:33', ''),
('sk', '_msgs', 'AT_ERROR_SELECT_ONE_ITEM', 0x4c7a6520767962726174206a656e203c656d3e6a65646e753c2f656d3e20706f6c6fc5be6b752e, '2007-12-11 13:15:34', ''),
('sk', '_msgs', 'AT_ERROR_FILE_TOO_BIG', 0x56656c696b6f737420736f75626f72752070c599656b726fc48d696c61206c696d6974203c7374726f6e673e2573203c2f7374726f6e673e2e2050726f206e6176c3bdc5a1656ec3ad206c696d6974752070726f73c3ad6d206b6f6e74616b74756a7465207376c3a9686f2061646d696e69737472c3a1746f726120415475746f72752e, '2007-12-11 01:12:01', ''),
('sk', '_msgs', 'AT_CONFIRM_FILE_EXISTS', 0x536f75626f72203c7374726f6e673e25733c2f7374726f6e673e206a69c5be206578697374756a652e2043686365746520736f75626f722070c59965707361743f, '2007-12-09 13:46:38', ''),
('sk', '_msgs', 'AT_CONFIRM_DELETE_GROUP', 0x4f707261766475206368636574652076796d617a617420736b7570696e753a203c7374726f6e673e25733c2f7374726f6e673e3f, '2007-12-09 13:35:39', ''),
('sk', '_msgs', 'AT_CONFIRM_DELETE_ASSIGNMENT', 0x4f7072617664752063686365746520736d617a6174207a6164c3a16ec3ad20c3ba6b6f6c75203c656d3e25733c2f656d3e3f, '2007-12-09 13:28:48', ''),
('sk', '_template', 'overwrite', 0x50c5996570736174, '2007-12-06 21:08:36', ''),
('sk', '_template', 'overwrite_master', 0x506f6b7564206a65206a69c5be20746f746f2049442073747564656e746120706f75c5bec3ad76c3a16e6f206a696ec3bd6d20c3bac48d74656d2c2070c599657069c5a17465207376617a656b2073206e6f76c3bd6d20c3bac48d74656d2e, '2007-12-06 21:14:08', ''),
('sk', '_template', 'packaged_in', 0x4f627361686f76c3bd2062616cc3adc48d656b, '2007-12-06 21:15:23', ''),
('sk', '_template', 'packages', 0x42616cc3adc48d6b79, '2007-12-06 21:20:56', ''),
('sk', '_template', 'packages_auto_advance', 0x5a61c48dc3ad74206175746f6d617469636b79206e6f76c3bd2053747564696a6ec3ad2070c59965646dc49b74, '2007-12-06 21:22:17', ''),
('sk', '_template', 'package_settings', 0x4e6173746176656ec3ad2062616cc3adc48d6b75, '2007-12-06 21:25:37', ''),
('sk', '_template', 'package_type', 0x5479702062616cc3adc48d6b75, '2007-12-06 21:26:21', ''),
('sk', '_template', 'package_type_info', 0x5a766f6c7465207479702062616cc3adc48d6b752c206b746572c3bd20636863657465206e616872c3a1742e, '2007-12-06 21:31:02', ''),
('sk', '_template', 'package_upload_file', 0x536f75626f722062616cc3adc48d6b75, '2007-12-06 21:31:17', ''),
('sk', '_template', 'package_upload_file_info', 0x5679626572746520736f75626f722062616cc3adc48d6b75207a20706fc48dc3ad7461c48d65, '2007-12-06 21:32:13', ''),
('sk', '_template', 'package_upload_url', 0x4f646b617a206e612062616cc3adc48d656b, '2007-12-06 21:34:54', ''),
('sk', '_template', 'package_upload_url_info', 0x6e65626f2076657069c5a17465206f646b617a206e612076c3a1c5a1207765626f76c3bd2070c599c3ad73747570206b20736f75626f7275, '2007-12-06 21:38:27', ''),
('sk', '_template', 'page', 0x537472c3a16e6b61, '2007-12-13 16:23:19', ''),
('sk', '_template', 'pages_found', 0x257320737472c3a16e656b206e616c657a656e6f, '2007-12-06 21:43:53', ''),
('sk', '_template', 'pages_stats', 0x53746174697374696b7920736c65646f76c3a16ec3ad20737472c3a16e656b2070726f2025732e, '2007-12-06 21:44:46', ''),
('sk', '_template', 'page_error', 0x70c599692067656e65726f76c3a16ec3ad20737472c3a16e6b6f7661c48d65207365207679736b79746c61206368796261, '2004-09-21 17:47:08', ''),
('sk', '_template', 'page_info', 0x416b7475616c697a6f76c3a16e6f3a2025732e20526576697a653a2025732e20446174756d20767964c3a16ec3ad3a2025732e, '2004-02-22 08:36:34', ''),
('sk', '_template', 'page_stats', 0x50c59965686c65642073746f706f76c3a16ec3ad206f6273616875, '2004-05-20 12:48:06', ''),
('sk', '_template', 'page_title', 0x4e616470697320737472c3a16e6b79, '2004-05-20 12:48:40', ''),
('sk', '_template', 'page_viewed', 0x5a6f6272617a656ec3a120737472c3a16e6b61, '2004-05-20 12:48:24', ''),
('sk', '_template', 'parent', 0x5a64726f6a, '2007-12-06 21:46:39', ''),
('sk', '_template', 'password', 0x4865736c6f, '2004-02-21 12:13:45', ''),
('sk', '_template', 'password_again', 0x4865736c6f202870726f206f76c49bc599656ec3ad29, '2004-02-21 12:14:12', ''),
('sk', '_template', 'password_blurb', 0x5a6164656a7465207661c5a16920656d61696c6f766f75206164726573752c206e61207475746f206164726573752076c3a16d2062756465207a61736cc3a16e6f207661c5a1652070c59969686c61c5a16f766163c3ad206a6dc3a96e6f2061206865736c6f2e202020416472657361206d7573c3ad2062c3bd742073686f646ec3a120732061647265736f752075766564656e6f752070c59969203c6120687265663d22726567697374726174696f6e2e706870223e726567697374726163693c2f613e2e, '2004-02-21 14:36:10', ''),
('sk', '_template', 'password_changed', 0x5a6dc49b6e61206865736c61, '2007-12-06 21:49:39', ''),
('sk', '_template', 'password_change_confirm', 0x5661c5a165206865736c6f2070726f2025732062796c6f20c3ba7370c49bc5a16ec49b207a6dc49b6ec49b6e6f2e2050c599656a64c49b7465206e612025732070726f2070c59969686cc3a1c5a1656ec3ad2e, '2007-12-06 21:49:16', ''),
('sk', '_template', 'password_change_msg', 0x5661c5a165206865736c6f2062796c6f207a6dc49b6ec49b6e6f2e20c59869c48f746520736520706f6b796e792075766564656ec3bd6d69206ec3adc5be652e, '2007-12-06 22:12:59', ''),
('sk', '_template', 'password_forgot', 0x5a61706f6d6ec49b6c206a73656d206865736c6f, '2007-12-06 21:47:36', ''),
('sk', '_template', 'password_new_blurb', 0x566c6fc5be7465206e6f76c3a9206865736c6f206b207661c5a1656d7520c3bac48d74752e, '2007-12-06 22:22:42', ''),
('sk', '_template', 'password_old', 0x53746172c3a9206865736c6f, '2007-12-06 22:26:37', ''),
('sk', '_template', 'password_reminder', 0x5a61706f6d6ec49b6c69206a737465206865736c6f3f, '2007-12-06 22:28:49', ''),
('sk', '_template', 'password_reminder_text', 0x506f6b7564206a737465207a74726174696c69206865736c6f2c20706f75c5be696a74652066756e6b6369205a61706f6d6ec49b6c206a73656d206865736c6f2070726f206a65686f207a6e6f76757ac3ad736bc3a16ec3ad2e, '2007-12-13 00:36:51', ''),
('sk', '_template', 'password_request2', 0x4d696cc3bd2fc3a120253124732c0d0a0d0a5661c5a1652070c59969686c61c5a16f766163c3ad206a6dc3a96e6f206a6520253124732e0d0a0d0a50726f207ac3ad736bc3a16ec3ad2070c599c3ad7374757075206b207661c5a1656d7520415475746f7220c3bac48d74752025322473206c696b6ec49b7465206e61206f646b617a206ec3adc5be652e20506c61746e6f7374206f646b617a752076797072c5a1c3ad20706f202533247320646e6563682e0d0a0d0a253424730d0a28506f6b7564206e656275646574652070c59965736dc49b726f76c3a16e69206e6120737472c3a16e6b752c207a6b6f70c3ad72756a7465206a69206120766c6fc5be746520646f2061647265736f76c3a9686f20c599c3a1646b75207665207661c5a1656d20696e7465726e65746f76c3a96d2070726f686cc3adc5be65c48d6929, '2007-12-13 02:43:39', ''),
('sk', '_template', 'paste', 0x566c6fc5be6974, '2007-12-07 13:11:26', ''),
('sk', '_template', 'paste_file', 0x566c6fc5be6974207a6520736f75626f7275, '2004-02-22 06:32:13', ''),
('sk', '_template', 'pending', 0xc48c656bc3a1, '2007-12-07 13:12:43', ''),
('sk', '_template', 'pending_approval', 0x28c48c656bc3a1206e612073636876c3a16c656ec3ad29, '2007-12-07 13:12:19', ''),
('sk', '_template', 'pending_enrollment', 0xc48c656bc3a1206e61207a617073c3a16ec3ad, '2007-12-07 13:13:04', ''),
('sk', '_template', 'period', 0x4f62646f62c3ad, '2007-12-07 13:14:38', ''),
('sk', '_template', 'personal_information', 0x4f736f626ec3ad20c3ba64616a65, '2004-02-21 12:12:54', ''),
('sk', '_template', 'per_day', 0x6e612064656e, '2004-05-20 12:49:41', ''),
('sk', '_template', 'phone', 0x54656c65666f6e6ec3ad20c48dc3ad736c6f, '2007-12-07 13:14:54', ''),
('sk', '_template', 'php_version', 0x504850205665727a65, '2007-12-07 13:15:13', ''),
('sk', '_template', 'picture', 0x4f6272c3a17a656b, '2007-12-07 13:15:28', ''),
('sk', '_template', 'plain_text', 0x4e65666f726dc3a1746f76616ec3bd2074657874, '2007-12-07 13:15:56', ''),
('sk', '_template', 'points', 0x426f64c5af, '2007-12-07 13:16:11', ''),
('sk', '_template', 'poll', 0x416e6b657461, '2004-09-21 18:06:57', ''),
('sk', '_template', 'polls', 0x416e6b657479, '2007-12-07 13:17:17', ''),
('sk', '_template', 'post', 0x4f6465736c6174, '2004-02-22 08:01:02', ''),
('sk', '_template', 'postal_code', 0x5053c48c, '2004-02-21 12:54:10', ''),
('sk', '_template', 'posted_by', 0x4f64, '2004-05-20 12:49:54', ''),
('sk', '_template', 'posted_on', 0x6f6465736cc3a16e6f, '2004-02-21 16:24:46', ''),
('sk', '_template', 'posts', 0x50c599c3ad7370c49b766b79, '2004-05-20 12:50:06', ''),
('sk', '_template', 'post_lock', 0x5a616dc48d656e6f2070726f2070c599c3ad7370c49b766b79, '2004-05-20 12:54:23', ''),
('sk', '_template', 'powered_by_google', 0x56c3bd736c65646b79206e61203c6120687265663d22687474703a2f2f7777772e676f6f676c652e636f6d223e476f6f676c653c2f613e2e, '2007-12-07 13:20:44', ''),
('sk', '_template', 'preferences', 0x4e6173746176656ec3ad, '2007-12-07 13:21:21', ''),
('sk', '_template', 'presets', 0x50c5996564766f6c6279, '2007-12-07 13:21:37', ''),
('sk', '_template', 'preset_scales', 0x50c5996564766f6c626120262064c599c3ad76652075c5bec3ad76616ec3a920737475706e696365, '2007-12-07 13:22:30', ''),
('sk', '_template', 'preview', 0x4ec3a1686c6564, '2004-02-22 06:08:38', ''),
('sk', '_template', 'preview_questions', 0x4ec3a1686c6564206f74c3a17a656b, '2007-12-07 13:23:01', ''),
('sk', '_template', 'previous', 0x70c599656463686f7ac3ad, '2004-02-22 04:46:01', ''),
('sk', '_template', 'previous_posts', 0x50c599656463686f7ac3ad2070c599c3ad7370c49b766b79, '2007-12-07 13:29:38', ''),
('sk', '_template', 'previous_topic', 0x50c599656463686f7ac3ad2074c3a96d61, '2007-12-07 13:29:54', ''),
('sk', '_template', 'prev_used', 0x44c599c3ad766520706f75c5bec3ad76616ec3a9, '2007-12-07 13:30:21', ''),
('sk', '_template', 'primary_language', 0x5ac3a16b6c61646ec3ad206a617a796b, '2007-12-07 13:30:49', ''),
('sk', '_template', 'print_page', 0x5469736b20737472c3a16e6b79, '2008-03-17 18:57:28', ''),
('sk', '_template', 'private', 0x50726976c3a1746ec3ad, '2004-02-21 13:04:34', ''),
('sk', '_template', 'private_enroll', 0x506f6b6f75c5a1c3ad7465207365206f2070c599c3ad7374757020646f203c7374726f6e673e736f756b726f6dc3a9686f3c2f7374726f6e673e206b75727a752e205ac3a170697320646f20746f686f746f206b75727a75207679c5be6164756a6520736f75686c617320696e737472756b746f72612e203c62722f3e, '2007-12-07 13:33:41', ''),
('sk', '_template', 'privileges', 0x50c599c3ad737475706f76c3a1207072c3a17661, '2004-05-20 12:50:29', ''),
('sk', '_template', 'priv_ac_access_all', 0x41436f6c6c61623a2050c599c3ad7374757020646f2076c5a165636820736b7570696e, '2007-12-07 13:31:04', ''),
('sk', '_template', 'priv_ac_create', 0x41436f6c6c61623a20567974766fc599697420736b7570696e75, '2007-12-07 13:31:26', '');
INSERT INTO `AT_language_text` (`language_code`, `variable`, `term`, `text`, `revised_date`, `context`) VALUES
('sk', '_template', 'priv_admin_super', 0x537570657261646d696e69737472c3a1746f72, '2007-12-07 13:31:39', ''),
('sk', '_template', 'priv_admin_themes', 0x54c3a96d617461, '2007-12-07 13:31:49', ''),
('sk', '_template', 'priv_forums', 0x46c3b37261206120706f6b656379, '2004-05-21 09:57:17', ''),
('sk', '_template', 'priv_test_create', 0x54766f726261207465737475, '2007-12-07 13:34:15', ''),
('sk', '_template', 'priv_test_mark', 0x5a6ec3a16d6b6f76c3a16ec3ad207465737475, '2007-12-07 13:34:32', ''),
('sk', '_template', 'profile', 0x50726f66696c2075c5be69766174656c65, '2004-02-21 12:47:55', ''),
('sk', '_template', 'profile_bundle_select', 0x48726f6d61646ec3bd2076c3bd62c49b722070726f66696cc5af, '2007-12-07 13:34:58', ''),
('sk', '_template', 'profile_pictures', 0x4f6272c3a17a6b7920762070726f66696c75, '2007-12-07 13:35:29', ''),
('sk', '_template', 'profile_student_information', 0x496e666f726d616365206f2073747564656e746f7669, '2004-05-20 12:51:25', ''),
('sk', '_template', 'properties', 0x566c6173746e6f737469, '2004-02-22 06:06:52', ''),
('sk', '_template', 'protected', 0x436872c3a16ec49b6ec3bd, '2004-02-21 13:04:52', ''),
('sk', '_template', 'province', 0x4b72616a, '2007-12-07 13:36:15', ''),
('sk', '_template', 'public', 0x5665c599656a6ec3bd, '2004-02-21 13:05:07', ''),
('sk', '_template', 'purple', 0x6e6163686f76c3a1, '2004-02-23 06:51:04', ''),
('sk', '_template', 'put_link', 0x5a646520766c6fc5be7465206ec3a17a6576206f646b617a75, '2007-12-07 13:36:33', ''),
('sk', '_template', 'question', 0x4f74c3a17a6b61, '2004-02-21 13:18:02', ''),
('sk', '_template', 'questions', 0x4f74c3a17a6b79, '2004-02-21 13:18:18', ''),
('sk', '_template', 'questions_for', 0x4f74c3a17a6b792070726f, '2004-05-21 09:15:04', ''),
('sk', '_template', 'question_categories', 0x4b617465676f726965206f74c3a17a656b, '2007-12-07 13:36:48', ''),
('sk', '_template', 'question_database', 0x4461746162c3a17a65206f74c3a17a656b, '2007-12-07 13:37:00', ''),
('sk', '_template', 'question_statistics', 0x53746174697374696b61206f74c3a17a6b79, '2004-09-21 17:48:09', ''),
('sk', '_template', 'quote', 0x436974616365, '2004-02-21 16:21:24', ''),
('sk', '_template', 'randomize_questions', 0x4f74c3a17a6b79206ec3a1686f646ec49b, '2004-05-21 09:58:26', ''),
('sk', '_template', 'raw', 0x4e657a707261636f76616ec3a9, '2007-12-07 13:37:46', ''),
('sk', '_template', 'raw_data', 0x4e657a707261636f76616ec3a920c3ba64616a65, '2007-12-07 13:50:39', ''),
('sk', '_template', 're', 0x5265, '2007-12-07 13:51:23', ''),
('sk', '_template', 'reading_list', 0x53657a6e616d206b6520c48d74656ec3ad, '2007-12-13 00:37:15', ''),
('sk', '_template', 'read_lock', 0x5a616dc48d656e6f2070726f20c48d74656ec3ad20612070c599c3ad7370c49b766b79, '2007-12-07 13:53:36', ''),
('sk', '_template', 'real_name', 0x536b757465c48d6ec3a9206a6dc3a96e6f, '2004-05-21 09:58:37', ''),
('sk', '_template', 'recipient_address', 0x4164726573612070c599c3ad6a656d6365, '2007-12-07 14:02:33', ''),
('sk', '_template', 'red', 0xc48d657276656ec3a1, '2004-02-23 06:49:44', ''),
('sk', '_template', 'red_members', 0xc48c657276656ec3ad203d20c48d6c656e6f76c3a9, '2007-12-07 14:02:56', ''),
('sk', '_template', 'regenerate', 0x4f626e6f766974, '2007-12-07 14:03:48', ''),
('sk', '_template', 'register', 0x5a61726567697374726f766174207365, '2004-02-21 11:54:24', ''),
('sk', '_template', 'register_an_account', 0x5a61726567697374726f7661742073797374c3a96d6f76c3bd20c3bac48d6574207620415475746f72, '2004-05-20 09:47:58', ''),
('sk', '_template', 'registration_text', 0x506f6b7564206a65c5a174c49b206e656dc3a17465207620746f6d746f2073797374c3a96d7520c3bac48d65742c207a616c6fc5be7465207369206a656a206b6c696b6e7574c3ad6d206e6120746c61c48dc3ad746b6f20526567697374726163652e, '2007-12-08 18:11:46', ''),
('sk', '_template', 'reg_exp', 0x4f6276796b6cc3a120666f726d756c616365, '2007-12-08 18:10:47', ''),
('sk', '_template', 'related_topics', 0x536f75766973656ac3ad63c3ad2074c3a96d617461, '2004-02-22 05:04:30', ''),
('sk', '_template', 'release_date', 0x446174756d20767964c3a16ec3ad, '2007-12-08 18:12:04', ''),
('sk', '_template', 'release_immediate', 0x4a616b6d696c65206a65206b76c3ad7a206f6465736cc3a16e, '2007-12-08 18:12:26', ''),
('sk', '_template', 'release_marked', 0x4a616b6d696c65206a65206b76c3ad7a206f6465736cc3a16e20612076c5a16563686e79206f74c3a17a6b79206f7a6ec3a16d6b6f76c3a16e79, '2007-12-08 18:12:44', ''),
('sk', '_template', 'release_never', 0x4e657a7665c599656ac5886f7661742076c3bd736c65646b79, '2007-12-08 18:12:56', ''),
('sk', '_template', 'release_on', 0x5a7665c599656a6e697420646e65, '2007-12-08 18:13:06', ''),
('sk', '_template', 'remove', 0x4f64737472616e6974, '2007-12-08 18:13:26', ''),
('sk', '_template', 'removed', 0x4f64737472616ec49b6e6f, '2004-05-20 09:48:42', ''),
('sk', '_template', 'remove_frame', 0x4f64737472616e6974206f6b6e6f, '2007-12-08 18:15:54', ''),
('sk', '_template', 'remove_question', 0x4f64737472616e6974206f74c3a17a6b75, '2007-12-08 18:15:27', ''),
('sk', '_template', 'rename', 0x50c599656a6d656e6f766174, '2004-09-21 17:48:27', ''),
('sk', '_template', 'replace_into', 0x50c5996573756e6f757420646f, '2007-12-08 18:17:05', ''),
('sk', '_template', 'replied', 0x5a6f64706f76c49b7a656e6f, '2004-05-20 09:48:59', ''),
('sk', '_template', 'replies', 0x4f64706f76c49b6469, '2004-02-22 08:02:43', ''),
('sk', '_template', 'reply', 0x4f64706f76c49b64c49b74, '2004-02-21 16:25:17', ''),
('sk', '_template', 'report_errors', 0x4e61686cc3a1736974206368796279, '2007-12-08 18:17:30', ''),
('sk', '_template', 'request_enrollment', 0x506fc5bec3a1646174206f207ac3a1706973, '2007-12-08 18:19:31', ''),
('sk', '_template', 'request_instructor', 0x4c6974756a656d652c20616c65206e656dc3a17465206f7072c3a1766ec49b6ec3ad2070726f2076797476c3a1c599656ec3ad206b75727ac5af2e204368636574652d6c69207369207a616c6fc5be697420696e737472756b746f72736bc3bd20c3bac48d65742c2076657069c5a1746520706fc5be61646f76616ec3bd20706f706973206b75727a752c206b746572c3bd2073692070c599656a65746520767974766fc59969742e, '2007-12-08 18:20:36', ''),
('sk', '_template', 'request_instructor_account', 0x506fc5bec3a1646174206f20696e737472756b746f72736bc3bd20c3bac48d6574, '2007-12-08 18:21:05', ''),
('sk', '_template', 'request_instructor_pending', 0x5661c5a16520c5bec3a1646f7374206f20696e737472756b746f72736bc3bd20c3bac48d65742062796c612070c599696a6174612e2042756465746520696e666f726d6f76c3a16e6920652d6d61696c656d206f206a65686f2070c599c3ad7061646ec3a96d2073636876c3a16c656ec3ad2e, '2007-12-08 18:21:51', ''),
('sk', '_template', 'required', 0x506f76696e6ec3a9, '2004-02-21 14:25:23', ''),
('sk', '_template', 'required_field', 0x506f76696e6ec3a120706f6c6fc5be6b61, '2007-12-08 18:22:10', ''),
('sk', '_template', 'required_information', 0x506f76696e6ec3a120696e666f726d616365, '2007-12-08 18:22:20', ''),
('sk', '_template', 'require_email_confirmation', 0x506fc5be61646f76617420706f7476727a656ec3ad20652d6d61696c656d2070726f20646f6b6f6ec48d656ec3ad2072656769737472616365, '2007-12-08 18:22:44', ''),
('sk', '_template', 'req_message9', 0x506fc5be61646176656b20696e737472756b746f726120415475746f72, '2007-12-08 18:19:20', ''),
('sk', '_template', 'req_message_instructor', 0x257320706f736c616c206e6f76c3bd20706fc5be61646176656b206e6120696e737472756b746f72736bc3bd20c3bac48d65742e20506f706973206b75727a753a2025732050726f2073636876c3a16c656ec3ad206e65626f207a616dc3ad746e7574c3ad20746f686f746f20706fc5be616461766b75206a652074c5996562612073652070c59969686cc3a1736974206a616b6f2061646d696e69737472c3a1746f72206e612025732e, '2007-12-08 18:18:56', ''),
('sk', '_template', 'reset', 0x52657365746f766174, '2007-12-08 18:23:01', ''),
('sk', '_template', 'reset_filter', 0x46696c74722070726f2072657365746f76c3a16ec3ad, '2007-12-08 18:23:25', ''),
('sk', '_template', 'reset_log', 0x50726f746f6b6f6c206f2072657365746f76c3a16ec3ad, '2007-12-08 18:23:46', ''),
('sk', '_template', 'resource_categories', 0x4b617465676f726965207a64726f6ac5af, '2004-05-20 12:55:40', ''),
('sk', '_template', 'resource_links', 0x4f646b617a79206e61207a64726f6a65, '2007-12-08 18:24:24', ''),
('sk', '_template', 'response_text', 0x5479746f206f64706f76c49b64692062796c79207a61736cc3a16e79206a616b6f207265616b6365206e613a, '2007-12-08 18:25:00', ''),
('sk', '_template', 'restore', 0x4f626e6f766974, '2007-12-08 18:25:12', ''),
('sk', '_template', 'restore_backup_about', 0x5a61c5a16b72746ec49b746520706f6cc3adc48d6b61207665646c65206f62736168752c206b746572c3bd2073692070c599656a657465206f626e6f7669742c2076796265727465206b75727a2c20646f206b746572c3a9686f20636863657465206f62736168206f626e6f7669742c206120706f74c3a9207369207a766f6c74652c207a64612074656e746f206f62736168206b65206b75727a752070c5996964c3a174652c20c48d69206ac3ad6d206e6168726164c3ad7465206f62736168206b75727a752073616d6f746ec3a9686f2e, '2007-12-13 02:48:10', ''),
('sk', '_template', 'restore_upload', 0x50726f206e616872c3a16ec3ad207ac3a16c6f6879206a652074c5996562612076657073617420706f706973207ac3a16c6f68792c207a766f6c697420736f75626f72206b206e616872c3a176c3a16ec3ad206120706f74c3a9206b6c696b6e6f7574206e6120224e616872c3a174222e20506f766f6c656e79206a736f7520706f757a65207ac3a16c6f687920767974766fc599656ec3a920762073797374c3a96d7520415475746f7220312e33206e65626f206e6f76c49b6ac5a1c3ad6368207665727ac3ad63682e204e616872c3a176c3a16ec3ad206dc5afc5be6520636876c3ad6c692074727661742076207ac3a17669736c6f737469206e612076656c696b6f737469206b75727a752061207661c5a1656d7520696e7465726e65746f76c3a96d752070c59969706f6a656ec3ad2e, '2007-12-08 18:30:16', ''),
('sk', '_template', 'resubmit', 0x4f6465736c6174207a6e6f7675, '2007-12-08 18:31:08', ''),
('sk', '_template', 'result', 0x56c3bd736c6564656b, '2007-12-08 18:31:24', ''),
('sk', '_template', 'results', 0x56c3bd736c65646b79, '2007-12-08 18:31:45', ''),
('sk', '_template', 'results_found', 0x4e616c657a656e6f2025732076c3bd736c65646bc5af, '2004-05-20 09:51:08', ''),
('sk', '_template', 'results_from', 0x56c3bd736c65646b79206f64202573, '2007-12-08 18:31:59', ''),
('sk', '_template', 'result_release', 0x5a7665c599656a6e69742076c3bd736c65646b79, '2007-12-08 18:31:36', ''),
('sk', '_template', 'resume', 0x506f6b7261c48d6f766174, '2004-02-21 13:18:40', ''),
('sk', '_template', 'return', 0x5a70c49b74, '2004-05-21 08:18:09', ''),
('sk', '_template', 'return_file_manager', 0x5a70c49b7420646f20737072c3a176636520736f75626f72c5af, '2007-12-08 18:32:22', ''),
('sk', '_template', 'return_to_admin_area', 0x5a70c49b7420646f2061646d696e69737472c3a1746f72736bc3a9207ac3b36e79, '2007-12-08 18:33:08', ''),
('sk', '_template', 'revision', 0x4f70616b6f76c3a16ec3ad, '2007-12-08 18:34:12', ''),
('sk', '_template', 'revisions', 0x4f70616b6f76c3a16ec3ad, '2007-12-08 18:34:32', ''),
('sk', '_template', 'revision_comment', 0x4f70616b6f76c3a16ec3ad202d206b6f6d656e74c3a1c599, '2007-12-08 18:34:23', ''),
('sk', '_template', 'right', 0x76707261766f, '2004-02-22 04:14:44', ''),
('sk', '_template', 'rl_add_av_material_to_resources', 0x50c59969646174206b65207a64726f6ac5af6d204156206d6174657269c3a16c, '2007-12-08 18:34:54', ''),
('sk', '_template', 'rl_add_resource_av', 0x50c59969646174207a64726f6a204156, '2007-12-08 18:35:05', ''),
('sk', '_template', 'rl_add_resource_book', 0x50c59969646174207a64726f6a6f766f75206b6e696875, '2007-12-08 18:35:17', ''),
('sk', '_template', 'rl_add_resource_file', 0x50c59969646174207a64726f6a6f76c3bd20736f75626f72, '2007-12-08 18:35:38', ''),
('sk', '_template', 'rl_add_resource_handout', 0x50c59969646174207a64726f6a6f76c3bd2068616e646f7574, '2007-12-08 18:35:50', ''),
('sk', '_template', 'rl_add_resource_url', 0x50c59969646174207a64726f6a6f766f752055524c, '2007-12-08 18:36:03', ''),
('sk', '_template', 'rl_av', 0x4156, '2007-12-08 18:36:11', ''),
('sk', '_template', 'rl_av_material_to_view', 0x4156206d6174657269c3a16c206b206e61686cc3a9646e7574c3ad, '2007-12-08 18:36:23', ''),
('sk', '_template', 'rl_book', 0x6b6e696861, '2007-12-08 18:36:32', ''),
('sk', '_template', 'rl_book_to_read', 0x4b6e696861206b2070c59965646ec3a1c5a16365, '2007-12-08 18:58:56', ''),
('sk', '_template', 'rl_create_new_av', 0x567974766fc5996974206e6f76c3a9204156, '2007-12-08 18:36:50', ''),
('sk', '_template', 'rl_create_new_book', 0x567974766fc5996974206e6f766f75206b6e696875, '2007-12-08 18:37:00', ''),
('sk', '_template', 'rl_create_new_file', 0x567974766fc5996974206e6f76c3bd20736f75626f72, '2007-12-08 18:37:12', ''),
('sk', '_template', 'rl_create_new_handout', 0x567974766fc5996974206e6f76c3bd2068616e646f7574, '2007-12-08 18:37:22', ''),
('sk', '_template', 'rl_create_new_url', 0x567974766fc5996974206e6f766f752055524c, '2007-12-08 18:37:33', ''),
('sk', '_template', 'rl_date_format', 0x25254d202525642c20252552, '2007-12-08 18:37:48', ''),
('sk', '_template', 'rl_delete_reading', 0x536d617a61742070c59965646ec3a1c5a16b75, '2007-12-08 18:58:44', ''),
('sk', '_template', 'rl_delete_resource', 0x536d617a6174207a64726f6a, '2007-12-08 18:38:12', ''),
('sk', '_template', 'rl_display_resource', 0x5a6f6272617a6974207a64726f6a, '2007-12-08 18:38:22', ''),
('sk', '_template', 'rl_display_resources', 0x5a64726f6a65, '2007-12-08 18:38:31', ''),
('sk', '_template', 'rl_edit_reading_av', 0x557072617669742076c3bd6b6c61646f76c3a9204156, '2007-12-08 18:59:38', ''),
('sk', '_template', 'rl_edit_reading_book', 0x557072617669742076c3bd6b6c61646f766f75206b6e696875, '2007-12-08 18:59:23', ''),
('sk', '_template', 'rl_edit_reading_file', 0x5570726176697420736f75626f72206b2070c59965646ec3a1c5a16365, '2007-12-08 18:59:50', ''),
('sk', '_template', 'rl_edit_reading_handout', 0x557072617669742068616e646f7574206b2070c59965646ec3a1c5a16365, '2007-12-08 19:00:01', ''),
('sk', '_template', 'rl_edit_reading_url', 0x557072617669742055524c206b2076c3bd6b6c616475, '2007-12-08 19:00:13', ''),
('sk', '_template', 'rl_edit_resource_av', 0x55707261766974207a64726f6a, '2007-12-08 18:39:58', ''),
('sk', '_template', 'rl_edit_resource_book', 0x55707261766974207a64726f6a6f766f75206b6e696875, '2007-12-08 18:40:22', ''),
('sk', '_template', 'rl_edit_resource_file', 0x55707261766974207a64726f6a6f76c3bd20736f75626f72, '2007-12-08 18:40:58', ''),
('sk', '_template', 'rl_edit_resource_handout', 0x55707261766974207a64726f6a6f76c3bd2068616e646f7574, '2007-12-08 18:45:13', ''),
('sk', '_template', 'rl_edit_resource_url', 0x55707261766974207a64726f6a6f766f752055524c, '2007-12-08 18:45:42', ''),
('sk', '_template', 'rl_end', 0x4b6f6e6563, '2007-12-08 18:46:20', ''),
('sk', '_template', 'rl_file', 0x736f75626f72, '2007-12-08 18:48:09', ''),
('sk', '_template', 'rl_goto_url', 0x5a6f6272617a697420737472c3a16e6b75, '2007-12-08 18:49:42', ''),
('sk', '_template', 'rl_handout', 0x68616e646f7574, '2007-12-08 18:50:16', ''),
('sk', '_template', 'rl_isbn_number', 0x4953424e, '2007-12-08 18:50:51', ''),
('sk', '_template', 'rl_name_reading', 0x4ec3a17a65762070c59965646ec3a1c5a16b79, '2007-12-08 19:00:27', ''),
('sk', '_template', 'rl_new_reading_av', 0x4e6f76c3a92076c3bd6b6c61646f76c3a9204156, '2007-12-08 19:00:42', ''),
('sk', '_template', 'rl_new_reading_book', 0x4e6f76c3a1206b6e696861206b2076c3bd6b6c616475, '2007-12-08 19:00:55', ''),
('sk', '_template', 'rl_new_reading_file', 0x4e6f76c3bd20736f75626f72206b2076c3bd6b6c616475, '2007-12-08 19:03:06', ''),
('sk', '_template', 'rl_new_reading_handout', 0x4e6f76c3bd2068616e646f7574206b2076c3bd6b6c616475, '2007-12-08 19:05:04', ''),
('sk', '_template', 'rl_new_reading_url', 0x4e6f76c3a92055524c206b2076c3bd6b6c616475, '2007-12-08 19:05:14', ''),
('sk', '_template', 'rl_no_read_by_date', 0x5a616bc3a17a617420c48d74656ec3ad20646f20646e65, '2007-12-08 19:05:29', ''),
('sk', '_template', 'rl_optional_reading', 0x446f62726f766f6c6ec3a920c48d74656ec3ad, '2007-12-08 19:05:43', ''),
('sk', '_template', 'rl_or', 0x6e65626f, '2007-12-08 19:05:56', ''),
('sk', '_template', 'rl_pages', 0x537472c3a16e656b, '2007-12-13 16:44:24', ''),
('sk', '_template', 'rl_publisher', 0x56796461766174656c, '2007-12-08 19:06:22', ''),
('sk', '_template', 'rl_reading_date', 0x446174756d2076c3bd6b6c616475, '2007-12-08 19:07:05', ''),
('sk', '_template', 'rl_read_by_date', 0x50c59965c48dc3ad737420646f20646e65, '2007-12-08 19:06:33', ''),
('sk', '_template', 'rl_select_book', 0x567962726174206b6e696875, '2007-12-08 19:07:18', ''),
('sk', '_template', 'rl_select_file', 0x56796272617420736f75626f72, '2007-12-08 19:07:55', ''),
('sk', '_template', 'rl_select_handout', 0x5679627261742068616e646f7574, '2007-12-08 19:08:15', ''),
('sk', '_template', 'rl_select_url', 0x5679627261742055524c, '2007-12-08 19:08:24', ''),
('sk', '_template', 'rl_start', 0x5a61c48dc3a174656b, '2007-12-08 19:08:36', ''),
('sk', '_template', 'rl_type_of_reading', 0x5479702070c59965646ec3a1c5a16b79, '2007-12-08 19:08:46', ''),
('sk', '_template', 'rl_type_of_resource', 0x547970207a64726f6a65, '2007-12-08 19:09:00', ''),
('sk', '_template', 'rl_url', 0x55524c, '2007-12-08 19:09:09', ''),
('sk', '_template', 'rl_year_written', 0x5a617073616ec3bd20726f6b, '2007-12-13 00:37:30', ''),
('sk', '_template', 'role', 0x526f6c65, '2004-05-21 08:18:36', ''),
('sk', '_template', 'rss_feeds', 0x53647275c5be656ec3a9206d6174657269c3a16c79, '2007-12-08 19:12:09', ''),
('sk', '_template', 'rtl', 0x5a707261766120646f6c657661, '2007-12-08 19:12:20', ''),
('sk', '_template', 'same_course_users', 0x5a6f6272617a656e69206a736f7520706f757a652075c5be69766174656cc3a9207a65207374656a6ec3a9686f206b75727a752e, '2004-02-21 16:11:48', ''),
('sk', '_template', 'save', 0x556c6fc5be6974, '2007-12-08 19:12:39', ''),
('sk', '_template', 'save_changes', 0x556c6fc5be6974207a6dc49b6e79, '2004-02-22 06:03:09', ''),
('sk', '_template', 'save_changes_saved', 0x56c5a16563686e79207a6dc49b6e792062796c7920756c6fc5be656e792e, '2004-02-22 06:11:44', ''),
('sk', '_template', 'save_changes_unsaved', 0x50726f766564656ec3a9207a6dc49b6e79206e6562796c7920756c6fc5be656e792e, '2007-12-08 19:14:12', ''),
('sk', '_template', 'search', 0x486c65646174, '2007-12-08 19:14:56', ''),
('sk', '_template', 'search_all_words', 0x56c5a16563686e6120736c6f7661, '2007-12-08 19:14:28', ''),
('sk', '_template', 'search_any_word', 0x4c69626f766f6c6ec3a920736c6f766f, '2007-12-08 19:14:37', ''),
('sk', '_template', 'search_in', 0x486c656461742076, '2004-05-21 08:22:12', ''),
('sk', '_template', 'search_match', 0x53686f6461, '2007-12-08 19:16:14', ''),
('sk', '_template', 'search_results', 0x56c3bd736c65646b79207679686c6564c3a176c3a16ec3ad, '2007-12-08 19:16:32', ''),
('sk', '_template', 'search_site', 0x5679686c6564c3a176617420706f757a652076203c7374726f6e673e25733c2f7374726f6e673e2e, '2007-12-08 19:16:49', ''),
('sk', '_template', 'search_words', 0x536c6f7661, '2007-12-08 19:17:04', ''),
('sk', '_template', 'second_name', 0x50c599c3ad6a6d656ec3ad, '2007-12-08 19:17:25', ''),
('sk', '_template', 'second_short', 0x73, '2007-12-08 19:17:33', ''),
('sk', '_template', 'section', 0x53656b6365, '2007-12-08 19:17:41', ''),
('sk', '_template', 'see', 0x56697a, '2007-12-08 19:18:10', ''),
('sk', '_template', 'see_attached', 0x56697a2070c599c3ad6c6f6861, '2007-12-08 19:18:01', ''),
('sk', '_template', 'select', 0x567962726174, '2007-12-08 19:18:33', ''),
('sk', '_template', 'select_all', 0x5679627261742076c5a165, '2004-05-21 08:34:22', ''),
('sk', '_template', 'select_av', 0x5a766f6c697420617564696f2f766964656f, '2007-12-08 19:20:11', ''),
('sk', '_template', 'select_cat', 0x5a766f6c6974206b617465676f726969, '2007-12-08 19:20:30', ''),
('sk', '_template', 'select_directory', 0x5a766f6c746520736920736c6fc5be6b752c20646f206b746572c3a9206368636574652070c5996573756e6f75742076796272616ec3a920736f75626f72793a, '2007-12-08 19:20:56', ''),
('sk', '_template', 'select_member', 0x5679626572746520c3bac48d6173746ec3ad6b612c206b746572c3bd207365206dc3a1207a6f6272617a6974, '2004-05-20 12:57:10', ''),
('sk', '_template', 'select_parent_topic', 0x5a766f6c6974206e6164c599617a656ec3a92074c3a96d61, '2007-12-08 19:22:16', ''),
('sk', '_template', 'select_term_to_edit', 0x567962726174207465726dc3ad6e206b20c3ba70726176c49b2e, '2007-12-08 19:22:40', ''),
('sk', '_template', 'send', 0x4f6465736c6174, '2004-05-20 11:11:58', ''),
('sk', '_template', 'send_bundle', 0x4f6465736c6174207376617a656b, '2007-12-08 19:23:06', ''),
('sk', '_template', 'send_confirmation', 0x4ec3adc5be652076657069c5a174652073766f7520652d6d61696c6f766f75206164726573752061207a7072c3a17661206f20706f7476727a656ec3ad20c3bac48d74752056c3a16d2062756465207a61736cc3a16e61207a6e6f76752e, '2007-12-08 19:23:39', ''),
('sk', '_template', 'send_delete', 0x4f6465736c6174206120736d617a6174, '2007-12-08 19:24:00', ''),
('sk', '_template', 'send_message', 0x4f6465736c6174207a7072c3a17675, '2004-02-21 16:06:52', ''),
('sk', '_template', 'sent_messages', 0x4f6465736c6174207a7072c3a17679, '2007-12-08 19:24:14', ''),
('sk', '_template', 'sent_msgs_ttl_text', 0x506fc48d657420646ec3ad2c20706f206b746572c3a9206275646f7520756c6fc5be656e79206f6465736c616ec3a9207a7072c3a17679, '2007-12-08 19:24:53', ''),
('sk', '_template', 'sent_via_atutor', 0x4f6465736cc3a16e6f2070c59965732073797374c3a96d20415475746f72206e61202573, '2007-12-08 19:25:07', ''),
('sk', '_template', 'sequence', 0x506fc5996164c3ad, '2004-05-20 11:15:52', ''),
('sk', '_template', 'session_end', 0x6120736b6f6ec48d696c6f, '2007-12-08 19:25:53', ''),
('sk', '_template', 'session_start', 0x53657a656ec3ad207a61c48d616c6f, '2004-05-20 09:53:06', ''),
('sk', '_template', 'set', 0x4e61737461766974, '2004-05-20 11:16:06', ''),
('sk', '_template', 'set_default', 0x4e61737461766974206a616b6f2076c3bd63686f7ac3ad, '2007-12-08 19:26:08', ''),
('sk', '_template', 'set_preset', 0x506f75c5bec3ad742070c5996564766f6c6275, '2007-12-08 19:26:29', ''),
('sk', '_template', 'shared_forums', 0x5364c3ad6c656ec3a12066c3b37261, '2007-12-08 19:26:45', ''),
('sk', '_template', 'shortcuts', 0x5a6b7261746b79, '2004-05-20 09:54:19', ''),
('sk', '_template', 'short_paragraph', 0x4b72c3a1746bc3bd206f64737461766563, '2004-05-20 11:16:50', ''),
('sk', '_template', 'show', 0x5a6f6272617a6974, '2007-12-08 19:29:28', ''),
('sk', '_template', 'show_numbers', 0x5a6f6272617a6f76617420c48dc3ad736c6f76c3a16ec3ad, '2007-12-08 19:30:44', ''),
('sk', '_template', 'show_raw_tracking', 0x5a6f6272617a6f766174206e657679686f646e6f63656ec3a120736c65646f76c3a16ec3ad, '2007-12-08 19:30:34', ''),
('sk', '_template', 'show_summary_tracking', 0x5a6f6272617a6f7661742063656c6b6f76c3a920736c65646f76c3a16ec3ad, '2007-12-08 19:31:24', ''),
('sk', '_template', 'side_menu', 0x506f737472616e6ec3ad206d656e75, '2007-12-08 21:01:58', ''),
('sk', '_template', 'side_menu_text', 0x5a766f6c74652073692c206a616bc3a920706f6c6fc5be6b7920686c61766ec3ad206e6162c3ad646b79207365206d616ac3ad207a6f6272617a6f76617420706f20737472616ec49b2e, '2007-12-08 21:02:38', ''),
('sk', '_template', 'simple', 0x50726f7374c3bd, '2007-12-08 21:03:10', ''),
('sk', '_template', 'sitemap', 0x4d617061206b75727a75, '2004-02-21 17:02:10', ''),
('sk', '_template', 'site_name', 0x4ec3a17a657620737472c3a16e6b79, '2007-12-08 21:03:52', ''),
('sk', '_template', 'size', 0x56656c696b6f7374, '2004-02-22 07:19:09', ''),
('sk', '_template', 'smile_angry', 0x726f7a7a6c6f62656ec3bd, '2007-12-08 21:08:39', ''),
('sk', '_template', 'smile_confused', 0x7a6d6174656ec3bd, '2004-05-20 11:19:13', ''),
('sk', '_template', 'smile_crazy', 0x626cc3a17a6e6976c3bd, '2004-05-20 11:18:23', ''),
('sk', '_template', 'smile_evil', 0x7a6cc3bd, '2004-05-20 11:18:34', ''),
('sk', '_template', 'smile_frown', 0x7a616d7261c48d656ec3bd, '2007-12-08 21:08:20', ''),
('sk', '_template', 'smile_lol', 0x726f7a65736dc3a174c3bd, '2004-05-20 11:18:49', ''),
('sk', '_template', 'smile_muah', 0x706f6c6962656b, '2007-12-08 21:15:42', ''),
('sk', '_template', 'smile_oh_well', 0x6e6f20646f62c59965, '2007-12-08 21:16:08', ''),
('sk', '_template', 'smile_smile', 0xc3ba736dc49b76, '2007-12-08 21:16:23', ''),
('sk', '_template', 'smile_tired', 0x756e6176656ec3bd, '2004-05-20 11:19:00', ''),
('sk', '_template', 'smile_tongue', 0x7679706c617a656ec3bd206a617a796b, '2007-12-08 21:17:09', ''),
('sk', '_template', 'smile_wink', 0x6d726b6e7574c3ad, '2007-12-08 21:18:14', ''),
('sk', '_template', 'specific_groups', 0x4a65646e6f746c6976c3a920736b7570696e79, '2007-12-08 21:18:53', ''),
('sk', '_template', 'specify_url_to_content_package', 0x4e65626f207572c48d6574652070c59965736e6f752055524c20616472657375206f627361686f76c3a9686f2062616cc3adc48d6b75, '2007-12-08 21:20:04', ''),
('sk', '_template', 'specify_url_to_theme_package', 0x4e65626f207572c48d6574652070c59965736e6f752055524c206164726573752074c3a96d617475, '2007-12-08 21:20:22', ''),
('sk', '_template', 'standard', 0x5374616e64617264, '2007-12-08 21:27:02', ''),
('sk', '_template', 'started_by', 0x5a6168c3a16a696c286129, '2004-02-22 08:08:31', ''),
('sk', '_template', 'startend_date_format', 0x25256a2f25256e2f252579202525473a252569, '2008-03-17 19:02:16', ''),
('sk', '_template', 'startend_date_longs_format', 0x2525592d25256d2d252564202525682525613a2525693a252573, '2008-03-17 19:02:41', ''),
('sk', '_template', 'startend_date_long_format', 0x2525592d25256d2d252564202525682525613a252569, '2008-03-17 19:02:56', ''),
('sk', '_template', 'start_date', 0x446174756d207a61c48dc3a1746b75, '2004-05-20 13:02:54', ''),
('sk', '_template', 'start_test', 0x5a61c48dc3ad742074657374, '2008-03-17 19:03:18', ''),
('sk', '_template', 'state', 0x5a656dc49b, '2007-12-08 21:27:39', ''),
('sk', '_template', 'statement', 0x5476727a656ec3ad, '2004-05-23 19:05:09', ''),
('sk', '_template', 'statistics', 0x53746174697374696b79, '2004-05-20 11:21:02', ''),
('sk', '_template', 'statistics_information', 0x53746174697374696b79202620696e666f726d616365, '2007-12-08 21:52:54', ''),
('sk', '_template', 'status', 0x53746176, '2007-12-08 21:53:17', ''),
('sk', '_template', 'sticky_thread', 0x5374c3a16cc3a92074c3a96d61202d2076c5be6479206e61686fc59965, '2007-12-08 21:53:40', ''),
('sk', '_template', 'street_address', 0x416472657361, '2004-02-21 12:53:46', ''),
('sk', '_template', 'student', 0x53747564656e74, '2004-02-21 12:43:03', ''),
('sk', '_template', 'student1', 0x53747564656e74, '2004-09-21 18:01:36', ''),
('sk', '_template', 'students', 0x53747564656e7469, '2004-09-21 18:01:17', ''),
('sk', '_template', 'student_id', 0x49442073747564656e7461, '2004-05-20 12:58:56', ''),
('sk', '_template', 'student_pin', 0x50494e206bc3b3642073747564656e7461, '2007-12-08 21:54:43', ''),
('sk', '_template', 'student_tools', 0x506f6dc5af636b792073747564656e7461, '2007-12-08 21:55:05', ''),
('sk', '_template', 'style_editor', 0x456469746f72207374796cc5af, '2004-05-20 11:23:30', ''),
('sk', '_template', 'subject', 0x50c59965646dc49b74, '2004-02-21 16:04:10', ''),
('sk', '_template', 'submission', 0x50c599c3ad7370c49b76656b, '2007-12-08 21:56:19', ''),
('sk', '_template', 'submissions', 0x50c599c3ad7370c49b766b79, '2004-02-22 07:23:28', ''),
('sk', '_template', 'submit', 0x4f6465736c6174, '2004-02-21 11:37:05', ''),
('sk', '_template', 'submitted_by', 0x4f6465736c616c286129, '2007-12-08 21:56:54', ''),
('sk', '_template', 'submit_no', 0x4e65, '2007-12-08 21:56:37', ''),
('sk', '_template', 'submit_yes', 0x416e6f, '2007-12-08 21:57:13', ''),
('sk', '_template', 'subscribe', 0x5a6173c3ad6c617420652d6d61696c656d206f7a6ec3a16d656ec3ad206f206e6f76c3bd63682070c599c3ad7370c49b7663c3ad636820646f20746f686f746f2074c3a96d6174752e, '2007-12-08 21:59:19', ''),
('sk', '_template', 'subscribe1', 0x5a6170736174, '2007-12-08 22:01:15', ''),
('sk', '_template', 'sub_topics', 0x506f64c59961646ec3a12074c3a96d617461, '2007-12-08 22:08:52', ''),
('sk', '_template', 'suggest_link', 0x446f706f7275c48d6974206f646b617a206e61206b75727a, '2007-12-08 22:09:53', ''),
('sk', '_template', 'summary', 0x536f7568726e, '2004-09-21 18:00:47', ''),
('sk', '_template', 'switch_text', 0x50c59965706e6f757420646f20746578746f76c3a9686f20656469746f7275, '2007-12-08 22:14:00', ''),
('sk', '_template', 'switch_visual', 0x50c59965706e6f7574206e61205759534957594720656469746f72, '2007-12-08 22:14:10', ''),
('sk', '_template', 'syndicate_announcements', 0x53647275c5be656ec3a1206f7a6ec3a16d656ec3ad, '2007-12-08 22:14:41', ''),
('sk', '_template', 'system_preferences', 0x53797374c3a96d6f76c3a92070c5996564766f6c6279, '2007-12-08 22:18:03', ''),
('sk', '_template', 'table_of_contents', 0x4f62736168, '2004-02-22 04:12:52', ''),
('sk', '_template', 'take_test', 0x5073c3a1742074657374, '2007-12-09 11:07:59', ''),
('sk', '_template', 'tech_support_forum', 0x466f72756d2070726f20746563686e69636b6f7520706f64706f7275, '2004-02-21 16:50:25', ''),
('sk', '_template', 'tech_support_forum_text', 0x446f74617a79206279206dc49b6c792062c3bd7420746563686e69636bc3a920706f766168792e20446f74617a792074c3bd6b616ac3ad63c3ad207365206b75727ac5af206279206dc49b6c792062c3bd7420736dc49b726f76c3a16e7920646f203c6120687265663d2264697363757373696f6e732f223e6469736b757a6ec3ad63682066c3b3723c2f613e2064616ec3a9686f206b75727a75206e65626f2070c599c3ad6d6f206e6120696e737472756b746f7261206b75727a752e, '2007-12-13 02:45:02', ''),
('sk', '_template', 'template', 0xc5a061626c6f6e61, '2007-12-09 11:14:16', ''),
('sk', '_template', 'tests', 0x54657374792026207072c5af7a6b756d79, '2007-12-09 11:21:12', ''),
('sk', '_template', 'test_anonymous', 0x54656e746f20746573742f7072c5af7a6b756d206a6520616e6f6e796d6ec3ad2e, '2007-12-09 11:15:08', ''),
('sk', '_template', 'test_ma', 0x56c3bd62c49b72207a2076c3ad6365206f64706f76c49b64c3ad, '2007-12-09 11:19:46', ''),
('sk', '_template', 'test_matching', 0x53706f6a6f76c3a16ec3ad202870726f7374c3a929, '2007-12-09 11:17:02', ''),
('sk', '_template', 'test_matchingdd', 0x53706f6a6f76c3a16ec3ad20286772616669636bc3a929, '2007-12-09 11:17:29', ''),
('sk', '_template', 'test_mc', 0x56c3bd62c49b72207a2076c3ad63652076617269616e74, '2007-12-09 11:19:58', ''),
('sk', '_template', 'test_open', 0x446f706cc5886f766163c3ad, '2004-05-23 19:09:23', ''),
('sk', '_template', 'test_ordering', 0x5573706fc599c3a164c3a16ec3ad, '2007-12-09 11:20:55', ''),
('sk', '_template', 'test_tf', 0x5072617664612f6e65707261766461, '2004-05-20 13:02:11', ''),
('sk', '_template', 'text', 0x54657874, '2004-05-20 11:27:40', ''),
('sk', '_template', 'theme', 0x4d6f74697620767a686c656475, '2004-05-20 10:29:53', ''),
('sk', '_template', 'themes', 0x4d6f74697679, '2004-02-22 04:28:37', ''),
('sk', '_template', 'themes_disabled', 0x566f6c6261206f736f626ec3ad686f20767a686c656475206a65207a6465207a61626c6f6b6f76c3a16e612076652070726f7370c49b6368206a65646e6f746c6976c3bd6368206b617465676f7269c3ad206d6f746976c5af20767a686c6564752e, '2007-12-09 11:25:32', ''),
('sk', '_template', 'theme_screenshot', 0x536ec3ad6dc3a16ec3ad206f6272617a6f766b79, '2007-12-09 11:24:10', ''),
('sk', '_template', 'theme_specific_categories', 0x4a65646e6f746c6976c3a9206b617465676f726965206d6f746976c5af20767a686c656475, '2007-12-09 11:25:51', ''),
('sk', '_template', 'the_follow_errors_occurred', 0x446fc5a16c6f206b206ec3a1736c6564756ac3ad63c3ad6d2063687962c3a16d3a, '2007-11-11 23:25:50', ''),
('sk', '_template', 'this_course_only', 0x506f757a652074656e746f206b75727a, '2007-12-09 11:29:03', ''),
('sk', '_template', 'this_is_content', 0x546f746f206a65207072c3a17a646ec3a120737472c3a16e6b612e204dc5afc5be657465206a69207570726176697420706f6d6f63c3ad20706f6c6fc5be6b792055707261766974206f627361682e2050c599c3ad7374757020646f20746f686f746f206b75727a752070c59965732073656b636920537072c3a176612e, '2007-12-09 11:36:02', ''),
('sk', '_template', 'thread_already_subscribed', 0x446f20746f686f746f2074c3a96d617475206a737465206a69c5be2070c59969686cc3a1c5a1656e692e, '2007-12-09 11:36:18', ''),
('sk', '_template', 'thread_locked', 0x54c3a96d6120757a616dc48d656e6f, '2007-12-09 11:37:44', ''),
('sk', '_template', 'thread_notify1', 0x5a6173c3ad6c6174206f7a6ec3a16d656ec3ad206f206e6f76c3bd63682070c599c3ad7370c49b7663c3ad6368, '2007-12-09 11:38:20', ''),
('sk', '_template', 'thread_subscribe', 0x5a6173c3ad6c61742075706f7a6f726ec49b6ec3ad206f206e6f76c3bd63682070c599c3ad7a70c49b766bc3a16368206e6120746f746f2074c3a96d6120656d61696c656d2e, '2004-02-22 08:00:23', ''),
('sk', '_template', 'tile_any_field', 0x4c69626f766f6c6ec3a920706f6c65, '2007-12-13 16:17:45', ''),
('sk', '_template', 'tile_author', 0x4175746f72, '2004-05-20 11:30:47', ''),
('sk', '_template', 'tile_export', 0x4578706f72746f766174206f6273616820646f207265706f7a6974c3a1c599652054494c452e205679c5be61646f76c3a16e20706c61746ec3bd20c3bac48d657420762054494c452e, '2004-05-20 11:31:52', ''),
('sk', '_template', 'tile_import_content_package_about', 0x496d706f72746f766174206f627361682070c599c3ad6d6f20646f20746f686f746f206b75727a752e, '2007-12-09 11:41:28', ''),
('sk', '_template', 'tile_keyword', 0x4b6cc3adc48d6f76c3a920736c6f766f, '2004-05-20 11:32:39', ''),
('sk', '_template', 'tile_progress', 0x50726f62c3ad68c3a120696d706f7274207a2054494c452e2e2e, '2004-05-20 11:33:09', ''),
('sk', '_template', 'tile_search', 0x486c656461742076207265706f7a6974c3a1c599692054494c45, '2004-05-20 11:33:36', ''),
('sk', '_template', 'tile_technical_format', 0x546563686e69636bc3bd20666f726dc3a174, '2004-05-20 11:34:37', ''),
('sk', '_template', 'timestamp', 0x446174756d20706f736c65646ec3ad207a6dc49b6e79, '2007-12-09 11:43:04', ''),
('sk', '_template', 'time_spent', 0x537472c3a176656ec3bd20c48d6173, '2007-12-09 11:42:18', ''),
('sk', '_template', 'time_zone', 0xc48c61736f76c3a92070c3a1736d6f, '2007-12-09 11:44:03', ''),
('sk', '_template', 'time_zones_not_supported', 0x4e6173746176656ec3ad207661c5a165686f2073657276657275206e65706f64706f72756a6520c48d61736f76c3a12070c3a1736d612e2056c3ad636520696e666f726d6163c3ad2076697a2050c599c3ad7275c48d6b612e, '2007-12-09 11:45:22', ''),
('sk', '_template', 'title', 0x4ec3a17a6576, '2007-12-13 16:19:20', ''),
('sk', '_template', 'to', 0x4b6f6d75, '2004-02-21 16:07:51', ''),
('sk', '_template', 'to1', 0x646f, '2007-12-09 12:16:28', ''),
('sk', '_template', 'toggle_disabled', 0x50c5996570c3ad6ec3a16ec3ad207a616bc3a17ac3a16e6f, '2007-12-13 17:05:49', ''),
('sk', '_template', 'tools', 0x4ec3a17374726f6a65, '2004-02-21 13:08:33', ''),
('sk', '_template', 'tools_details', 0x506f64726f626ec3a920696e666f726d616365206b20706f75c5bec3ad76c3a16ec3ad206ec3a17374726f6ac5af, '2007-12-09 11:49:22', ''),
('sk', '_template', 'tool_summary', 0x50c59965686c656420706f75c5be6974c3ad206ec3a17374726f6ac5af, '2004-05-21 10:03:12', ''),
('sk', '_template', 'top', 0x6e61686f7275, '2004-02-22 04:42:43', ''),
('sk', '_template', 'topic', 0x54c3a96d61, '2004-02-22 08:02:12', ''),
('sk', '_template', 'top_20', 0x5a6f6272617a656e6f20706f757a65203230206e656a6c6570c5a1c3ad63682076c3bd736c65646bc5af2e, '2007-12-09 12:15:47', ''),
('sk', '_template', 'top_level', 0x4e656a7679c5a1c5a1c3ad20c3ba726f7665c588, '2007-12-09 12:15:21', ''),
('sk', '_template', 'total', 0x43656c6b656d, '2004-02-22 08:23:52', ''),
('sk', '_template', 'total_votes', 0x486c6173c5af2063656c6b656d, '2007-12-09 12:16:04', ''),
('sk', '_template', 'to_2', 0x646f, '2004-05-21 08:41:06', ''),
('sk', '_template', 'to_email', 0x4e6120652d6d61696c, '2007-12-09 11:46:37', ''),
('sk', '_template', 'to_name', 0x4e61206a6dc3a96e6f, '2007-12-09 11:48:37', ''),
('sk', '_template', 'tracker', 0x536c65646f76c3a16ec3ad206f6273616875, '2007-12-09 12:16:50', ''),
('sk', '_template', 'tracker_none_viewed', 0x5620746f6d746f206b75727a75206e6562796c7920646f7375642073686cc3a9646e75747920c5bec3a1646ec3a920737472c3a16e6b792073206f62736168656d2e, '2004-05-21 08:40:28', ''),
('sk', '_template', 'tracker_not_viewed', 0x50c599656ac3ad74206e6120646f737564206e6573686cc3a9646e7574c3a920737472c3a16e6b792e, '2004-05-21 08:39:57', ''),
('sk', '_template', 'tracker_pages_total', 0x56c5a16563686e7920737472c3a16e6b79207620746f6d746f206b75727a7520257320286e6176c5a174c3ad76656ec3a920737472c3a16e6b793a2025732e29, '2004-05-21 08:39:30', ''),
('sk', '_template', 'tracker_percent_read', 0x50726f63656e746f207a6f6272617a656ec3bd636820737472c3a16e656b2025732e, '2007-12-09 12:17:28', ''),
('sk', '_template', 'tracker_summary_read', 0x50c59965686c656420737472c3a16e656b2c206b746572c3a920766964c49b6c2075c5be69766174656c2025732e, '2004-05-21 08:38:18', ''),
('sk', '_template', 'tracking', 0x536c65646f76c3a16ec3ad, '2007-12-09 12:18:11', ''),
('sk', '_template', 'tracking_all_page_viewed', 0x56c5a16563686e7920737472c3a16e6b7920746f686f746f206b75727a752062796c792073686cc3a9646e7574792e, '2004-05-21 08:37:40', ''),
('sk', '_template', 'translate', 0x50c599656c6fc5be6974, '2007-12-09 12:18:29', ''),
('sk', '_template', 'translate_lang_howto', 0x50726f2070c599656c6fc5be656ec3ad206a617a796b61206a652074c5996562613a203c6272202f3e0d0a312e204e61737461766974206b6f6e7374616e74752041545f444556454c5f5452414e534c4154452076202f696e636c7564652f766974616c732e696e632e70687020746f20273127203c6272202f3e0d0a322e20556a69737469742073652c207a6461206a7374652070c5996964616c69206e6f76c3bd206a617a796b20646f206461746162c3a17a65203c6272202f3e0d0a332e205a766f6c69742074656e746f206e6f76c3bd206a617a796b2070726f2070c599656b6cc3a164c3a16ec3ad207620706f6c6fc5be6365202270c599656c6fc5be697420646f222076652073706f646ec3ad20c48dc3a173746920737472c3a16e6b79203c6272202f3e0d0a342e205a6dc3a1c48d6b6e6f757420746c61c48dc3ad746b6f2070726f2070c599656b6cc3a164c3a16ec3ad20612070c599656b6cc3a1646174206e6f76c3bd206a617a796b2076206e6f76c3a96d206f6b6ec49b3c6272202f3e, '2007-12-09 12:20:35', ''),
('sk', '_template', 'translate_to', 0x50c599656c6fc5be697420646f3a, '2007-12-09 12:21:03', ''),
('sk', '_template', 'true', 0x707261766461, '2004-05-21 08:41:19', ''),
('sk', '_template', 'type', 0x547970, '2004-09-21 17:59:50', ''),
('sk', '_template', 'unchecked', 0x4e657a6b6f6e74726f6c6f76c3a16e, '2007-12-09 12:25:27', ''),
('sk', '_template', 'unconfirmed', 0x4e65706f7476727a656e6f, '2007-12-09 12:21:28', ''),
('sk', '_template', 'underline', 0x506f647472686e6f7574, '2007-12-09 12:22:57', ''),
('sk', '_template', 'underscore', 0x506f647472686e6f7574, '2007-12-09 12:23:11', ''),
('sk', '_template', 'unenroll', 0x5679c5a16b72746e6f7574207a65207ac3a170697375, '2007-12-09 12:24:28', ''),
('sk', '_template', 'unenrolled', 0x4e657a617073c3a16e, '2007-12-09 12:24:56', ''),
('sk', '_template', 'unenroll_me', 0x4f64686cc3a1736974207365, '2008-03-17 19:04:32', ''),
('sk', '_template', 'unique_visits', 0x4f6a6564696ec49b6cc3a9206ec3a176c5a174c49b7679, '2007-12-09 12:25:46', ''),
('sk', '_template', 'unknown', 0x4e657a6ec3a16dc3bd, '2004-09-21 17:59:12', ''),
('sk', '_template', 'unknown_error', 0x5679736b79746c61207365206e657a6ec3a16dc3a1206368796261, '2004-05-20 13:03:19', ''),
('sk', '_template', 'unlimited', 0x4e656f6d657a656e6f, '2004-05-20 13:03:35', ''),
('sk', '_template', 'unlock_thread', 0x4f64656d6b6e6f75742074c3a96d61, '2007-12-09 12:26:15', ''),
('sk', '_template', 'unmarked', 0x4e657a6ec3a16d6b6f76616ec3a9, '2004-05-23 19:04:35', ''),
('sk', '_template', 'unmarked_label', 0x4e656f7a6ec3a16d6b6f76c3a16e6f2028257329, '2007-12-09 12:27:35', ''),
('sk', '_template', 'unreleased', 0x4e657a7665c599656a6ec49b6ec3a9, '2007-12-09 12:28:35', ''),
('sk', '_template', 'unshared_forums', 0x4e657364c3ad6c656ec3a12066c3b37261, '2007-12-09 12:28:52', ''),
('sk', '_template', 'unsubscribe', 0x4f64686cc3a1c5a1656ec3ad207a20746f686f746f2074c3a96d617475207a7275c5a1c3ad206f646573c3ad6cc3a16ec3ad206f7a6ec3a16d656ec3ad206e6f76c3bd63682070c599c3ad7370c49b766bc5af20652d6d61696c656d2e, '2007-12-09 12:29:08', ''),
('sk', '_template', 'unsubscribe1', 0x4f64686cc3a1736974, '2007-12-09 12:29:20', ''),
('sk', '_template', 'until', 0x446f, '2007-12-09 12:29:35', ''),
('sk', '_template', 'unvisited_pages', 0x4e656e6176c5a174c3ad76696c286129206a737465206ec3a1736c6564756ac3ad63c3ad20737472c3a16e6b793a, '2004-05-20 13:05:04', ''),
('sk', '_template', 'update', 0x416b7475616c697a6f766174, '2007-12-09 12:29:51', ''),
('sk', '_template', 'updated', 0x416b7475616c697a6f76c3a16e6f, '2004-05-20 13:05:18', ''),
('sk', '_template', 'update_list', 0x53657a6e616d20616b7475616c697a6163c3ad, '2007-12-09 12:30:13', ''),
('sk', '_template', 'update_to', 0x416b7475616c697a6f76617420646f, '2007-12-09 12:30:34', ''),
('sk', '_template', 'upload', 0x4e616872c3a174, '2007-12-09 12:30:52', ''),
('sk', '_template', 'upload_content_package', 0x4e616872c3a174206f627361686f76c3bd2062616cc3adc48d656b, '2007-12-09 12:32:50', ''),
('sk', '_template', 'upload_file', 0x4e616872c3a17420736f75626f72, '2007-12-09 12:33:03', ''),
('sk', '_template', 'upload_icon', 0x4e616872c3a17420766c6173746ec3ad20696b6f6e75206b75727a75, '2008-03-17 19:05:00', ''),
('sk', '_template', 'upload_icon_text', 0x5461746f20696b6f6e612062756465206e616872c3a16e6120646f2070726f73746f72752070726f20736f75626f727920646f20736c6fc5be6b7920222f637573746f6d5f69636f6e73222e, '2008-03-17 19:06:33', ''),
('sk', '_template', 'upload_new_picture', 0x4e616872c3a174206e6f76c3bd206f6272c3a17a656b, '2007-12-09 12:33:46', ''),
('sk', '_template', 'upload_progress', 0x50726f62c3ad68c3a1206e616872c3a176c3a16ec3ad20736f75626f72752e2e2e, '2004-05-20 13:08:12', ''),
('sk', '_template', 'upload_theme_package', 0x4e616872c3a174206d6f746976, '2007-12-09 12:34:06', ''),
('sk', '_template', 'url', 0x55524c, '2004-02-22 07:27:15', ''),
('sk', '_template', 'url_to_read', 0x55524c206b6520c48d74656ec3ad, '2007-12-09 12:34:22', ''),
('sk', '_template', 'usage', 0x506f75c5be6974c3ad, '2007-12-09 12:34:42', ''),
('sk', '_template', 'usaved_changes_made', 0x50726f766564656e79206e65756c6fc5be656ec3a9207a6dc49b6e79, '2004-05-20 13:08:33', ''),
('sk', '_template', 'user', 0x55c5be69766174656c, '2004-05-20 13:08:43', ''),
('sk', '_template', 'username', 0x55c5be69766174656c736bc3a9206a6dc3a96e6f, '2004-05-20 13:10:24', ''),
('sk', '_template', 'users', 0x55c5be69766174656cc3a9, '2004-02-22 08:23:24', ''),
('sk', '_template', 'users_online', 0x50c59969686cc3a1c5a1656ec3ad2075c5be69766174656cc3a9, '2004-02-21 15:45:12', ''),
('sk', '_template', 'user_contributed_notes', 0x506f7a6ec3a16d6b792075c5be69766174656c65206b2070c599c3ad7275c48d6365, '2007-12-09 12:36:38', ''),
('sk', '_template', 'user_offline', 0x4e6570c59969686cc3a1c5a1656e, '2007-12-09 12:37:46', ''),
('sk', '_template', 'user_online', 0x50c59969686cc3a1c5a1656e, '2007-12-09 12:38:04', ''),
('sk', '_template', 'use_enrol_button', 0x4a6573746c69c5be6520736520636863657465207a617073617420646f20746f686f746f206b75727a752c206b6c696b6ec49b7465206e6120746c61c48dc3ad746b6f20225a6170736174207365222e, '2004-02-21 14:42:54', ''),
('sk', '_template', 'use_parent_theme', 0x506f75c5bec3ad742074c3a96d61206e6164c599617a656ec3a9206b617465676f7269652e, '2004-09-21 17:56:01', ''),
('sk', '_template', 'use_system_time', 0x506f75c5bec3ad742073797374c3a96d6f76c3bd20c48d6173, '2007-12-09 12:38:22', ''),
('sk', '_template', 'use_visual_editor', 0x3c736d616c6c207374796c653d22746578742d64656b6f726163653a706f647472686e6f75743b223e28456469746f72293c2f736d616c6c3e, '2007-12-09 12:39:18', ''),
('sk', '_template', 'version', 0x5665727a65, '2004-02-22 08:22:47', ''),
('sk', '_template', 'vertical', 0x537669736cc3bd, '2007-12-09 12:39:34', ''),
('sk', '_template', 'view', 0x5a6f6272617a6974, '2004-05-20 13:11:00', ''),
('sk', '_template', 'viewing_errors', 0x5a6f6272617a656ec3ad2063687962287929, '2007-12-09 13:13:55', ''),
('sk', '_template', 'viewing_profile_bugs', 0x5a6f6272617a656ec3ad206368796220762070726f66696c75, '2007-12-09 13:16:29', ''),
('sk', '_template', 'view_all', 0x5a6f6272617a69742076c5a165, '2007-12-09 12:47:32', ''),
('sk', '_template', 'view_details', 0x5a6f6272617a69742064657461696c79, '2007-12-09 12:54:18', ''),
('sk', '_template', 'view_entire_post', 0x5a6f6272617a69742063656cc3bd2070c599c3ad7370c49b76656b, '2004-05-23 19:14:05', ''),
('sk', '_template', 'view_log', 0x5a6f6272617a69742070726f746f6b6f6c206f20c48d696e6e6f737469, '2007-12-09 13:15:26', ''),
('sk', '_template', 'view_mark_test', 0x5a6f6272617a69742061206f7a6ec3a16d6b6f7661742074657374, '2007-12-09 13:15:49', ''),
('sk', '_template', 'view_message', 0x5a6f6272617a6974207a7072c3a17675, '2007-12-09 13:15:59', ''),
('sk', '_template', 'view_profile_bugs', 0x5a6f6272617a697420636879627920762070726f66696c75, '2007-12-09 13:16:17', ''),
('sk', '_template', 'view_responses', 0x5a6f6272617a6974206f64706f76c49b6469, '2004-09-21 17:56:29', ''),
('sk', '_template', 'view_results', 0x5a6f6272617a69742076c3bd736c65646b79, '2004-05-20 13:11:35', ''),
('sk', '_template', 'view_selected_bugs', 0x5a6f6272617a69742076796272616ec3a9206368796279, '2007-12-09 13:16:50', ''),
('sk', '_template', 'view_sub_topics', 0x5a6f6272617a697420706f64c599617a656ec3a12074c3a96d617461, '2007-12-09 13:17:14', ''),
('sk', '_template', 'view_tracking', 0x5a6f6272617a697420736c65646f76c3a16ec3ad, '2007-12-09 13:17:25', ''),
('sk', '_template', 'visits', 0x4ec3a176c5a174c49b7679, '2004-02-22 08:23:05', ''),
('sk', '_template', 'visual_editor', 0x56697a75c3a16c6ec3ad20656469746f72, '2007-12-09 13:20:19', ''),
('sk', '_template', 'vote_to_see_results', 0x50726f207a6f6272617a656ec3ad2076c3bd736c65646bc5af206a6520706f74c599656261206f6465736c617420686c61732e, '2007-12-09 13:20:59', ''),
('sk', '_template', 'warning', 0x5661726f76c3a16ec3ad, '2004-02-22 08:18:04', ''),
('sk', '_template', 'web_site', 0x5765626f76c3a120737472c3a16e6b61, '2007-12-09 13:22:37', ''),
('sk', '_template', 'weight', 0x56c3a16861, '2004-02-22 08:22:28', ''),
('sk', '_template', 'welcome_to_atutor', 0x56c3ad74656a746520762073797374c3a96d7520415475746f72, '2004-02-22 06:21:20', ''),
('sk', '_template', 'window_auto_close', 0x546f746f206f6b6e6f2062756465207a6176c599656e6f206175746f6d617469636b792e, '2004-02-22 08:22:13', ''),
('sk', '_template', 'workspace', 0x507261636f766ec3ad2070726f73746f72, '2007-12-09 13:23:08', ''),
('sk', '_template', 'wrong_answer', 0x436879626ec3a1206f64706f76c49bc48f, '2004-02-21 13:20:22', ''),
('sk', '_template', 'year', 0x526f6b, '2004-06-26 17:29:39', ''),
('sk', '_template', 'yes', 0x616e6f, '2007-12-09 13:24:17', ''),
('sk', '_template', 'yes_delete', 0x416e6f202f20536d617a6174, '2004-02-21 13:16:44', ''),
('sk', '_template', 'you_are_here', 0x4a737465207a6465, '2004-02-21 13:19:33', ''),
('sk', '_template', 'zip_archive', 0x4b6f6d7072696d6f76616ec3a120736c6fc5be6b61205a6970, '2004-02-22 08:21:22', ''),
('sk', '_template', 'zip_file_manager', 0x537072c3a176636520736f75626f72c5af205a6970, '2004-02-22 08:21:04', ''),
('sk', '_template', 'zip_illegal_contents', 0x4f6273616820746f686f746f2061726368697675206a65207a6f6272617a656e206ec3adc5be652e204e65646f766f6c656ec3a9207479707920736f75626f72c5af206e656275646f7520726f7a62616c656e792061206a6dc3a96e6120736f75626f72c5af206f62736168756ac3ad63c3ad6368206e65706f766f6c656ec3a9207a6e616b79206275646f75207a6dc49b6ec49b6e61, '2007-12-09 13:25:00', ''),
('sk', '_c_template', 'comments_num', 0x2573206b6f6d656e74c3a172286f7629, '2008-10-29 11:09:48', ''),
('sk', '_c_template', 'fs_comment', 0x2573206b6f6d656e74c3a172, '2008-10-29 11:09:53', ''),
('sk', '_c_template', 'fs_comments', 0x2573206b6f6d656e74c3a17265, '2008-10-29 11:09:58', ''),
('sk', '_c_template', 'my_start_page', 0xc39a766f646ec3a120737472c3a16e6b61, '2008-10-29 11:15:29', ''),
('sk', '_c_template', 'create_course', 0x567974766f7269c5a5206e6f76c3bd206b75727a, '2008-10-29 11:12:15', ''),
('sk', '_c_template', 'profile', 0x50726f66696c20706f75c5bec3ad76617465c4be61, '2008-10-29 11:13:05', ''),
('sk', '_c_template', 'configuration', 0x4e6173746176656e6961, '2009-02-17 23:24:31', ''),
('sk', '_c_template', 'preferences', 0x4e6173746176656e6961, '2009-02-17 23:24:37', ''),
('sk', '_c_template', 'num_pages', 0x2320737472c3a16e6f6b, '2008-10-29 11:16:30', ''),
('sk', '_c_template', 'home', 0x446f6d6f76, '2008-10-29 11:19:42', ''),
('sk', '_c_template', 'search', 0x48c4be616461c5a5, '2008-10-29 11:20:47', ''),
('sk', '_c_template', 'search_in', 0x48c4be616461c5a52076, '2008-10-29 11:21:29', ''),
('sk', '_c_template', 'tile_search', 0x48c4be616461c5a52076207265706f7a6974c3a172692054494c45, '2008-10-29 11:21:40', ''),
('sk', '_c_template', 'completed_tests', 0x486f746f76c3a9207465737479202d20726164656ec3a920706f64c4be61206b75727a75, '2008-10-29 11:22:09', ''),
('sk', '_c_template', 'profile_bundle_select', 0x48726f6d61646ec3bd2076c3bd6265722070726f66696c6f76, '2008-10-29 11:22:17', ''),
('sk', '_c_template', 'search_all_words', 0x56c5a165746b7920736c6f76c3a1, '2008-10-29 11:22:52', ''),
('sk', '_c_template', 'search_any_word', 0xc4bd75626f766f6c6ec3a920736c6f766f, '2008-10-29 11:23:26', ''),
('sk', '_c_template', 'search_match', 0x5a686f6461, '2008-10-29 11:23:51', ''),
('sk', '_c_template', 'content_navigation', 0x4e61766967c3a1636961, '2008-10-29 11:24:23', ''),
('sk', '_c_template', 'logout', 0x4f64686cc3a173656e6965, '2008-10-29 11:27:16', ''),
('sk', '_c_template', 'none_found', 0x4e69c48d206e656ec3a16a64656ec3a9, '2008-10-29 11:33:29', ''),
('sk', '_c_template', 'chat_message_chime', 0x4e6f76c3a120737072c3a17661202d207a76756b3a, '2008-10-29 11:33:53', ''),
('sk', '_c_template', 'release_never', 0x4e657a766572656ac5886f7661c5a52076c3bd736c65646b79, '2008-10-29 11:34:21', ''),
('sk', '_c_template', 'unreleased', 0x4e657a766572656a6e656ec3a9, '2008-10-29 11:34:31', ''),
('sk', '_c_template', 'raw_data', 0x4e6573707261636f76616ec3a920c3ba64616a65, '2008-10-29 11:34:41', ''),
('sk', '_c_template', 'raw', 0x4e6573707261636f76616ec3a9, '2008-10-29 11:34:45', ''),
('sk', '_c_template', 'hide_course', 0x4e657a6f6272617a6f7661c5a52074656e746f206b75727a2076207a6f7a6e616d652022446f737475706ec3a9206b75727a7922, '2008-10-29 11:35:06', ''),
('sk', '_c_template', 'unchecked', 0x4e65736b6f6e74726f6c6f76616ec3bd, '2008-10-29 11:35:23', ''),
('sk', '_c_template', 'unenrolled', 0x4e657a6170c3ad73616ec3bd, '2008-10-29 11:35:38', ''),
('sk', '_c_template', 'not_enrolled', 0x4e657a6170c3ad73616ec3bd, '2008-10-29 11:35:46', ''),
('sk', '_c_template', 'not_created', 0x4e65767974766f72656ec3a9, '2008-10-29 11:36:07', ''),
('sk', '_c_template', 'submit_no', 0x4e6965, '2008-10-29 11:36:32', ''),
('sk', '_c_template', 'find_results_in', 0x4ec3a16a73c5a52076c3bd736c65646b792076, '2008-10-29 11:36:55', ''),
('sk', '_c_template', 'upload', 0x4e61687261c5a5, '2008-10-29 11:37:04', ''),
('sk', '_c_template', 'goto_top', 0x486f7265, '2008-10-29 11:37:12', ''),
('sk', '_c_template', 'menu', 0x4d656e75, '2008-10-29 11:37:21', ''),
('sk', '_c_template', 'my_account', 0x4dc3b46a20c3bac48d6574, '2008-10-29 11:37:30', ''),
('sk', '_c_template', 'my_tracker', 0x4dc3b46a2073746f70c3a172, '2008-10-29 11:37:39', ''),
('sk', '_c_template', 'month', 0x4d6573696163, '2008-10-29 11:37:47', ''),
('sk', '_c_template', 'themes', 0x4d6f74c3ad7679, '2008-10-29 11:38:49', ''),
('sk', '_c_template', 'hide', 0x536b7279c5a5, '2008-10-29 11:48:36', '');

-- --------------------------------------------------------

--
-- Table structure for table `AT_links`
--

CREATE TABLE IF NOT EXISTS `AT_links` (
  `link_id` mediumint(8) unsigned NOT NULL auto_increment,
  `cat_id` mediumint(8) unsigned NOT NULL default '0',
  `Url` varchar(255) NOT NULL default '',
  `LinkName` varchar(64) NOT NULL default '',
  `Description` text NOT NULL,
  `Approved` tinyint(8) default '0',
  `SubmitName` varchar(64) NOT NULL default '',
  `SubmitEmail` varchar(64) NOT NULL default '',
  `SubmitDate` date NOT NULL default '0000-00-00',
  `hits` int(11) default '0',
  PRIMARY KEY  (`link_id`)
) ENGINE=MyISAM  DEFAULT CHARSET=utf8 AUTO_INCREMENT=33 ;

--
-- Dumping data for table `AT_links`
--

INSERT INTO `AT_links` (`link_id`, `cat_id`, `Url`, `LinkName`, `Description`, `Approved`, `SubmitName`, `SubmitEmail`, `SubmitDate`, `hits`) VALUES
(6, 9, 'http://www.ktl.elf.stuba.sk/stl/kurz_atm/technologia/zaklady/zakl9.htm', 'Transmission Convergence Sublayer', 'Úlohy TC podvrstvy', 1, 'Fero  Moravcik', '', '2009-05-02', 0),
(4, 6, 'http://www.itu.int/itunews/manager/display.asp?lang=en&year=2007&issue=07&ipage=Telecom-trends&ext=html', 'ITU', 'Novinky a tredny v telekomikáciách', 1, 'Marek  Balko', '', '2009-04-29', 2),
(5, 8, 'http://itnews.sk/buxus_dev/generate_page.php?page_id=3475', 'IT news', 'Novinky zo sveta IT, telekom .....', 1, 'Marek  Balko', '', '2009-04-29', 4),
(10, 9, 'http://www.phonet.sk/view.php?nazevclanku=Protokoly%20TCP/IP&cisloclanku=2008050016', 'IP protokol', 'Charakteristika vrstiev', 1, 'Fero  Moravcik', '', '2009-05-02', 0),
(11, 9, 'http://sk.wikipedia.org/wiki/IPv6', 'IPv6', 'adresácia', 1, 'Fero  Moravcik', '', '2009-05-02', 0),
(12, 9, 'http://sk.wikipedia.org/wiki/IPv4', 'IPv4', 'formát, fragmentácia a znovuzloženie', 1, 'Fero  Moravcik', '', '2009-05-02', 0),
(14, 10, 'http://www.inet.sk/clanok/1644/vsetko-o-adsl-po-druhe-prenos-informacii-pomocu-xdsl', 'Všetko o ADSL (po druhé)', 'prenos informácii pomocu xDSL', 1, 'Fero  Moravcik', '', '2009-05-02', 0),
(15, 10, 'http://www.inet.sk/clanok/3013/adsl2-a-adsl2-prehlad-a-porovnanie', 'ADSL2 ADSL 2+', 'prehľad a porovnanie', 1, 'Fero  Moravcik', '', '2009-05-02', 0),
(16, 10, 'http://en.wikipedia.org/wiki/Hybrid_fibre-coaxial', 'Hybrid fibre-coaxial', 'transport over HFC network', 1, 'Fero  Moravcik', '', '2009-05-02', 0),
(17, 10, 'http://en.wikipedia.org/wiki/Power_line_communication', 'Power line communication', 'high, medium, low - frequency comunication', 1, 'Fero  Moravcik', '', '2009-05-02', 0),
(18, 10, 'http://en.wikipedia.org/wiki/Passive_optical_network', 'Passive optical network', 'standards, history, Upstream bandwidth allocation, Current Status of PON, Enabling technologies for PON, Fiber to the premises', 1, 'Fero  Moravcik', '', '2009-05-02', 0),
(19, 12, 'http:////www.cisco.com/en/US/docs/internetworking/technology/handbook/Internet-Protocols.html', 'IP protokol', 'Novinky a užitoÄné informácie z oblasti komunikaÄných technológii.', 1, 'Peter  Tóth', '', '2009-05-03', 0),
(20, 11, 'http://qosvngnvoip.yweb.sk/NGN.html', 'NGN', 'Siete novej generácie, charakteristika NGN, štruktúra siete a veľa Äalších informácii o NGN', 1, 'Peter  Tóth', '', '2009-05-03', 0),
(21, 13, 'http://www.iec.org/online/tutorials/mpls/', 'International Engineering Consortium', 'Medzinárodne Konzorcium Inžinierov a vedcov.', 1, 'Tomáš  Melas', '', '2009-05-04', 0),
(22, 13, 'http://www.lightreading.com/', 'Lahké Čítanie', 'Stránka orientujúca sa na zaujímavosti zo sveta telekomunikácií.', 1, 'Tomáš  Melas', '', '2009-05-04', 1),
(23, 14, 'http://www.earchiv.cz/b00/b1200007.php3', 'e - Archív', 'Internetový archív.', 1, 'Tomáš  Melas', '', '2009-05-04', 1),
(24, 14, 'http://hps.mallat.cz', 'Informácie pre IT odborníkov', 'Zaujímave Älánky z telekomunikácií.', 1, 'Tomáš  Melas', '', '2009-05-04', 1),
(25, 14, 'http://www.ktl.elf.stuba.sk/study/atmkurz/', 'Kurz ATM', 'VýuÄbový kurz ATM. ', 1, 'Tomáš  Melas', '', '2009-05-04', 0),
(26, 15, 'http://www.elektrorevue.cz/clanky/99015/index.htm', 'Základy telekomunikaÄní hierarchie', 'Základy telekomunikaÄných hierarchii, informácie o SDH, odporúÄania ITU-T, štruktúra sietí SDH a mnoho Äalších zaujímavých informácii.', 1, 'Peter  Tóth', '', '2009-05-04', 0),
(27, 16, 'http://www.rhyshaden.com/sdh.htm', 'Synchronous Digital Hierarchy (SDH)', 'Informácie o SDH, PDH, STM1, SDH MUX a mnoho Äalších zaujímavých informácii.', 1, 'Peter  Tóth', '', '2009-05-04', 0),
(28, 11, 'http://www.earchiv.cz/b00/b1200007.php3', 'eArchiv', 'V archíve sa nachádza mnoho zaujímavostí o protokoloch, TCP IP atÄ.', 1, 'Peter  Tóth', '', '2009-05-04', 0),
(29, 12, 'http://www.itu.int/ITU-T/newslog/CategoryView,category,Standards.aspx', 'ITU-T štandardy', 'Informácie o jednotlivých štandardoch podľa ITU-T ', 1, 'Peter  Tóth', '', '2009-05-04', 0),
(30, 16, 'http://www.iec.org/online/tutorials/sdh/topic02.asp', 'International Engineering Consortium', 'Informácie o SDH, používaných štandardoch atÄ.', 1, 'Peter  Tóth', '', '2009-05-04', 0),
(31, 16, 'http://people.seas.harvard.edu/~jones/cscie129/nu_lectures/lecture12/sonet/sonet.html', 'An Introduction to SDH and SONET', 'Informácie o SDH, Sonet, rámcová štruktúra atÄ.', 1, 'Peter  Tóth', '', '2009-05-04', 0),
(32, 16, 'http://www.pcc.qub.ac.uk/tec/courses/network/SDH-SONET/SDH-SONET.html', 'SDH/SONET', 'Informácie o SDH, Sonet, prenosové rýchlosti atÄ.', 1, 'Peter  Tóth', '', '2009-05-04', 0);

-- --------------------------------------------------------

--
-- Table structure for table `AT_links_categories`
--

CREATE TABLE IF NOT EXISTS `AT_links_categories` (
  `cat_id` mediumint(8) unsigned NOT NULL auto_increment,
  `owner_type` tinyint(4) NOT NULL default '0',
  `owner_id` mediumint(8) unsigned NOT NULL default '0',
  `name` varchar(255) NOT NULL default '',
  `parent_id` mediumint(8) unsigned default NULL,
  PRIMARY KEY  (`cat_id`),
  KEY `owner_id` (`owner_id`)
) ENGINE=MyISAM  DEFAULT CHARSET=utf8 AUTO_INCREMENT=17 ;

--
-- Dumping data for table `AT_links_categories`
--

INSERT INTO `AT_links_categories` (`cat_id`, `owner_type`, `owner_id`, `name`, `parent_id`) VALUES
(9, 1, 6, 'Transportné siete', 0),
(10, 1, 6, 'Prístupové siete', 0),
(8, 1, 5, 'Slovenské', 0),
(6, 1, 5, 'ZahraniÄné', 0),
(11, 1, 8, 'Slovenské', 0),
(12, 1, 8, 'ZahraniÄné', 0),
(13, 1, 3, 'ZahraniÄné', 0),
(14, 1, 3, 'Slovenské', 0),
(15, 1, 7, 'Slovenské', 0),
(16, 1, 7, 'ZahraniÄné', 0);

-- --------------------------------------------------------

--
-- Table structure for table `AT_mail_queue`
--

CREATE TABLE IF NOT EXISTS `AT_mail_queue` (
  `mail_id` mediumint(8) unsigned NOT NULL auto_increment,
  `to_email` varchar(50) NOT NULL default '',
  `to_name` varchar(50) NOT NULL default '',
  `from_email` varchar(50) NOT NULL default '',
  `from_name` varchar(50) NOT NULL default '',
  `char_set` varchar(20) NOT NULL default '',
  `subject` varchar(255) NOT NULL default '',
  `body` text NOT NULL,
  PRIMARY KEY  (`mail_id`)
) ENGINE=MyISAM DEFAULT CHARSET=utf8 AUTO_INCREMENT=1 ;

--
-- Dumping data for table `AT_mail_queue`
--


-- --------------------------------------------------------

--
-- Table structure for table `AT_master_list`
--

CREATE TABLE IF NOT EXISTS `AT_master_list` (
  `public_field` char(30) NOT NULL default '',
  `hash_field` char(40) NOT NULL default '',
  `member_id` mediumint(8) unsigned NOT NULL default '0',
  PRIMARY KEY  (`public_field`)
) ENGINE=MyISAM DEFAULT CHARSET=utf8;

--
-- Dumping data for table `AT_master_list`
--


-- --------------------------------------------------------

--
-- Table structure for table `AT_members`
--

CREATE TABLE IF NOT EXISTS `AT_members` (
  `member_id` mediumint(8) unsigned NOT NULL auto_increment,
  `login` varchar(20) NOT NULL default '',
  `password` varchar(40) NOT NULL default '',
  `email` varchar(50) NOT NULL default '',
  `website` varchar(200) NOT NULL default '',
  `first_name` varchar(100) NOT NULL default '',
  `second_name` varchar(100) NOT NULL default '',
  `last_name` varchar(100) NOT NULL default '',
  `dob` date NOT NULL default '0000-00-00',
  `gender` enum('m','f','n') NOT NULL default 'n',
  `address` text NOT NULL,
  `postal` varchar(15) NOT NULL default '',
  `city` varchar(100) NOT NULL default '',
  `province` varchar(100) NOT NULL default '',
  `country` varchar(100) NOT NULL default '',
  `phone` varchar(15) NOT NULL default '',
  `status` tinyint(4) NOT NULL default '0',
  `preferences` text NOT NULL,
  `creation_date` timestamp NOT NULL default CURRENT_TIMESTAMP on update CURRENT_TIMESTAMP,
  `language` varchar(5) NOT NULL default '',
  `inbox_notify` tinyint(3) unsigned NOT NULL default '0',
  `private_email` tinyint(4) NOT NULL default '1',
  `last_login` timestamp NOT NULL default '0000-00-00 00:00:00',
  PRIMARY KEY  (`member_id`),
  UNIQUE KEY `login` (`login`)
) ENGINE=MyISAM  DEFAULT CHARSET=utf8 AUTO_INCREMENT=11 ;

--
-- Dumping data for table `AT_members`
--

INSERT INTO `AT_members` (`member_id`, `login`, `password`, `email`, `website`, `first_name`, `second_name`, `last_name`, `dob`, `gender`, `address`, `postal`, `city`, `province`, `country`, `phone`, `status`, `preferences`, `creation_date`, `language`, `inbox_notify`, `private_email`, `last_login`) VALUES
(1, 'mato', 'f72815eb0ba92e07f1a788621d5bd49219f9a1a0', 'capkovic@gmail.com', '', 'Matej', '', 'ČapkoviÄ', '0000-00-00', 'n', '', '', '', '', '', '', 3, 'a:5:{s:14:"PREF_NUMBERING";i:0;s:10:"PREF_THEME";s:7:"default";s:18:"PREF_JUMP_REDIRECT";i:0;s:15:"PREF_FORM_FOCUS";i:0;s:19:"PREF_CONTENT_EDITOR";i:2;}', '2008-10-19 16:20:50', 'sk', 0, 1, '2009-05-18 17:34:49'),
(2, 'mato1', 'd23890f4daa5e86d36aeb39a8fb87fee737f0d6e', 'safsdc@gmail.com', '', 'mato', '', 'capkovic', '0000-00-00', 'n', '', '', '', '', '', '', 3, 'a:4:{s:10:"PREF";s:7:"default";s:14:"PREF_NUMBERING";i:1;s:18:"PREF_JUMP_REDIRECT";i:1;s:15:"PREF_FORM_FOCUS";i:1;}', '2008-10-19 22:17:01', 'sk', 0, 1, '2009-01-04 22:43:59'),
(3, 'marksony', '30dc9419fad62401e0ff7978b4174f094c6a590c', 'marksony@pobox.sk', '', 'Marek', '', 'Balko', '0000-00-00', 'm', '', '', '', '', '', '', 3, 'a:5:{s:14:"PREF_NUMBERING";i:0;s:10:"PREF_THEME";s:7:"default";s:18:"PREF_JUMP_REDIRECT";i:0;s:15:"PREF_FORM_FOCUS";i:0;s:19:"PREF_CONTENT_EDITOR";i:0;}', '2008-10-19 22:35:47', 'sk', 0, 1, '2009-05-18 17:47:24'),
(4, 'pedro', '30f9f988d5d0b10f9ed325e3138f99de7c9c3d7b', 'peter.toth007@gmail.com', '', 'Peter', '', 'Tóth', '0000-00-00', 'n', '', '', '', '', '', '', 3, 'a:5:{s:14:"PREF_NUMBERING";i:0;s:10:"PREF_THEME";s:7:"default";s:18:"PREF_JUMP_REDIRECT";i:0;s:15:"PREF_FORM_FOCUS";i:0;s:19:"PREF_CONTENT_EDITOR";i:2;}', '2008-10-19 22:54:09', 'sk', 0, 1, '2009-05-12 12:06:26'),
(5, 'swistik84', '5e51cd2a83e3e265268b62d411c75cd81dc988a3', 'swistik@gmail.com', '', 'Tomáš', '', 'Melas', '1984-09-04', 'm', 'Inovecká 7', '95701', 'Bánovce nad Bebravou', 'Trenciansky', 'Slovensko', '0910669055', 3, 'a:5:{s:14:"PREF_NUMBERING";i:1;s:10:"PREF_THEME";s:7:"default";s:18:"PREF_JUMP_REDIRECT";i:0;s:15:"PREF_FORM_FOCUS";i:0;s:19:"PREF_CONTENT_EDITOR";i:2;}', '2008-10-19 22:57:18', 'sk', 1, 0, '2009-05-13 13:31:44'),
(6, 'sexikaktus', 'd1c13eb32711dd977f0e431ded568080b6e509d3', 'marek.kormos@yahoo.com', '', 'Marek', '', 'Kormoš', '1985-03-06', 'm', 'Štúrovo Nábrežie 20', '', 'Spišská Nová Ves', '', 'Slovakia', '', 3, 'a:5:{s:14:"PREF_NUMBERING";i:0;s:10:"PREF_THEME";s:7:"default";s:18:"PREF_JUMP_REDIRECT";i:0;s:15:"PREF_FORM_FOCUS";i:0;s:19:"PREF_CONTENT_EDITOR";i:0;}', '2008-10-21 13:31:53', 'sk', 0, 1, '2009-05-05 01:39:49'),
(7, 'rabbit', '4652f6cd1d886f168f0cb15821373225c10cd7e8', 'kokso.mlok@gmail.com', '', 'Roman', '', 'Smahovsky', '0000-00-00', 'n', '', '', '', '', '', '', 3, 'a:4:{s:10:"PREF";s:7:"default";s:14:"PREF_NUMBERING";i:1;s:18:"PREF_JUMP_REDIRECT";i:1;s:15:"PREF_FORM_FOCUS";i:1;}', '2008-10-22 08:47:55', 'sk', 0, 1, '2009-05-15 12:09:26'),
(8, 'fero', '61384ae5f3090ced7af2970ed6ffabcc59f879d7', 'fei_no_more@zmail.sk', '', 'Fero', '', 'Moravcik', '0000-00-00', 'n', '', '', '', '', '', '', 3, 'a:5:{s:14:"PREF_NUMBERING";i:0;s:10:"PREF_THEME";s:7:"default";s:18:"PREF_JUMP_REDIRECT";i:0;s:15:"PREF_FORM_FOCUS";i:0;s:19:"PREF_CONTENT_EDITOR";i:2;}', '2008-10-22 15:35:49', 'sk', 0, 1, '2009-05-11 18:26:26'),
(9, 'test', '8b941f4eb164ef213070601630b4b46e3c0b59d1', 'swistik@zoznam.sk', '', 'Tomi', '', 'Mely', '0000-00-00', 'n', '', '', '', '', '', '', 2, 'a:5:{s:14:"PREF_NUMBERING";i:0;s:10:"PREF_THEME";s:7:"default";s:18:"PREF_JUMP_REDIRECT";i:0;s:15:"PREF_FORM_FOCUS";i:0;s:19:"PREF_CONTENT_EDITOR";i:2;}', '2009-05-09 00:45:53', 'sk', 0, 1, '2009-05-10 21:21:15'),
(10, 'roka', '7632c54fc047e3c13c4351ea213ace249da431e9', 'a@sa.as', '', 'Rastislav', '', 'Roka', '0000-00-00', 'n', '', '', '', '', '', '', 3, 'a:4:{s:10:"PREF";s:7:"default";s:14:"PREF_NUMBERING";i:1;s:18:"PREF_JUMP_REDIRECT";i:1;s:15:"PREF_FORM_FOCUS";i:1;}', '2009-02-26 21:02:47', 'sk', 0, 1, '2009-05-07 12:14:15');

-- --------------------------------------------------------

--
-- Table structure for table `AT_member_track`
--

CREATE TABLE IF NOT EXISTS `AT_member_track` (
  `member_id` mediumint(8) unsigned NOT NULL default '0',
  `course_id` mediumint(8) unsigned NOT NULL default '0',
  `content_id` mediumint(8) unsigned NOT NULL default '0',
  `counter` mediumint(8) unsigned NOT NULL default '0',
  `duration` mediumint(8) unsigned NOT NULL default '0',
  `last_accessed` timestamp NULL default NULL,
  KEY `member_id` (`member_id`),
  KEY `content_id` (`content_id`)
) ENGINE=MyISAM DEFAULT CHARSET=utf8;

--
-- Dumping data for table `AT_member_track`
--

INSERT INTO `AT_member_track` (`member_id`, `course_id`, `content_id`, `counter`, `duration`, `last_accessed`) VALUES
(9, 3, 48, 2, 6, '2008-11-04 22:25:44'),
(9, 3, 50, 2, 2, '2008-11-04 22:25:46'),
(2, 5, 12, 1, 10, '2008-10-28 20:51:41'),
(2, 5, 18, 1, 3, '2008-10-28 20:52:07'),
(2, 5, 19, 1, 4, '2008-10-28 20:52:11'),
(2, 5, 44, 1, 21, '2008-10-28 20:52:32'),
(2, 5, 45, 1, 2, '2008-10-28 20:52:34'),
(2, 5, 46, 2, 13, '2008-10-28 20:52:52'),
(2, 5, 47, 1, 5, '2008-10-28 20:52:43'),
(9, 5, 12, 5, 30, '2009-04-30 14:42:39'),
(9, 5, 14, 4, 8, '2009-04-30 14:59:00'),
(9, 5, 15, 4, 26, '2009-04-30 14:59:05'),
(9, 5, 16, 4, 27, '2009-04-30 14:59:07'),
(9, 5, 17, 3, 11, '2009-04-30 14:59:08'),
(9, 5, 19, 3, 7, '2009-04-30 14:59:10'),
(9, 5, 20, 4, 4, '2009-04-30 15:02:20'),
(9, 5, 21, 2, 10, '2009-04-30 14:43:03'),
(9, 5, 22, 4, 6, '2009-05-07 21:25:10'),
(9, 5, 25, 3, 11, '2009-04-30 14:59:18'),
(9, 5, 31, 7, 29, '2009-04-30 14:59:41'),
(9, 5, 32, 7, 46, '2009-04-30 14:59:49'),
(9, 5, 33, 5, 26, '2009-04-30 14:59:58'),
(9, 5, 34, 5, 22, '2009-04-30 15:00:02'),
(9, 5, 35, 5, 34, '2009-04-30 15:00:08'),
(9, 5, 36, 4, 32, '2009-04-30 15:00:15'),
(9, 5, 37, 6, 16, '2009-04-30 15:00:19'),
(9, 5, 42, 4, 10, '2009-04-30 15:00:41'),
(9, 5, 38, 4, 13, '2009-04-30 15:00:23'),
(9, 5, 43, 8, 32, '2009-04-30 15:00:42'),
(9, 5, 44, 4, 38, '2009-04-30 15:01:09'),
(9, 5, 45, 3, 10, '2009-04-30 15:01:14'),
(9, 5, 46, 4, 35, '2009-04-30 15:01:22'),
(9, 3, 55, 2, 2, '2008-11-04 22:25:51'),
(9, 3, 60, 1, 1, '2008-10-30 23:53:57'),
(9, 3, 76, 1, 1, '2008-10-30 23:53:58'),
(9, 3, 67, 3, 21, '2009-05-10 22:01:22'),
(9, 3, 69, 1, 22, '2008-10-30 23:54:22'),
(9, 3, 51, 1, 1, '2008-11-04 22:25:48'),
(9, 3, 52, 1, 2, '2008-11-04 22:25:50'),
(9, 3, 58, 1, 1, '2008-11-04 22:25:52'),
(1, 7, 131, 3, 5, '2009-03-15 16:41:58'),
(1, 7, 132, 1, 1, '2008-12-30 17:43:26'),
(1, 7, 133, 4, 6, '2009-04-07 22:34:01'),
(1, 7, 155, 3, 15, '2009-05-13 13:06:49'),
(1, 8, 136, 2, 2, '2009-03-15 16:41:19'),
(1, 8, 140, 3, 3, '2009-03-15 16:41:24'),
(1, 8, 141, 3, 6, '2009-03-15 16:41:22'),
(1, 8, 142, 4, 15, '2009-03-15 16:41:23'),
(1, 7, 154, 3, 3, '2009-05-13 13:06:50'),
(1, 8, 152, 3, 3, '2009-03-07 23:52:48'),
(1, 8, 147, 1, 1, '2009-01-04 22:07:43'),
(1, 8, 148, 1, 1, '2009-01-04 22:07:50'),
(1, 8, 135, 2, 2, '2009-03-29 22:09:48'),
(1, 8, 146, 3, 18, '2009-04-25 19:38:32'),
(10, 3, 49, 1, 1, '2009-03-04 10:00:03'),
(10, 3, 51, 1, 1, '2009-03-04 10:00:21'),
(10, 3, 52, 1, 3, '2009-03-04 10:00:28'),
(10, 7, 154, 2, 2, '2009-03-04 10:02:27'),
(1, 8, 149, 1, 1, '2009-03-04 10:01:47'),
(1, 8, 150, 1, 1, '2009-03-04 10:01:49'),
(10, 6, 109, 1, 1, '2009-03-04 10:03:04'),
(10, 5, 17, 1, 1, '2009-03-04 10:04:14'),
(10, 5, 20, 1, 1, '2009-03-04 10:04:22'),
(10, 5, 21, 1, 1, '2009-03-04 10:04:30'),
(10, 3, 67, 1, 1, '2009-03-04 10:08:47'),
(10, 3, 80, 1, 1, '2009-03-04 10:09:16'),
(10, 6, 92, 1, 1, '2009-03-04 13:09:46'),
(10, 3, 86, 1, 1, '2009-03-04 13:12:34'),
(10, 3, 123, 1, 1, '2009-03-04 13:12:37'),
(1, 8, 151, 1, 1, '2009-03-07 23:52:47'),
(5, 8, 136, 2, 4, '2009-04-08 12:38:29'),
(5, 7, 132, 1, 1, '2009-03-22 13:23:52'),
(8, 8, 140, 1, 14, '2009-03-22 15:52:55'),
(7, 8, 135, 1, 9, '2009-03-28 11:22:59'),
(7, 8, 136, 2, 13, '2009-04-05 12:41:24'),
(7, 8, 137, 1, 2, '2009-03-28 11:23:09'),
(7, 8, 138, 1, 6, '2009-03-28 11:23:15'),
(7, 8, 139, 1, 2, '2009-03-28 11:23:17'),
(7, 8, 143, 1, 2, '2009-03-28 11:23:19'),
(7, 8, 145, 1, 4, '2009-03-28 11:23:23'),
(7, 8, 151, 2, 15, '2009-03-28 11:48:15'),
(7, 7, 132, 1, 2, '2009-03-28 11:44:53'),
(7, 7, 133, 1, 4, '2009-03-28 11:44:57'),
(7, 7, 154, 1, 4, '2009-03-28 11:45:01'),
(7, 7, 155, 1, 8, '2009-03-28 11:45:09'),
(7, 7, 131, 1, 83, '2009-03-28 11:46:32'),
(5, 8, 135, 2, 3, '2009-04-08 12:39:40'),
(1, 8, 137, 2, 3, '2009-05-10 17:56:13'),
(1, 8, 139, 1, 4, '2009-03-29 23:28:13'),
(8, 7, 154, 1, 7, '2009-03-31 10:21:20'),
(1, 9, 169, 2, 2, '2009-04-07 13:59:08'),
(1, 9, 171, 2, 2, '2009-04-07 13:59:04'),
(1, 9, 173, 1, 1, '2009-04-06 22:33:01'),
(1, 9, 174, 1, 1, '2009-04-06 22:33:17'),
(1, 9, 165, 1, 1, '2009-04-06 22:33:23'),
(1, 9, 175, 1, 1, '2009-04-07 13:49:55'),
(1, 9, 170, 1, 1, '2009-04-07 13:59:03'),
(5, 9, 165, 1, 1, '2009-04-07 18:41:00'),
(5, 8, 138, 1, 1, '2009-04-08 12:38:30'),
(6, 8, 135, 1, 1, '2009-04-26 15:33:52'),
(6, 8, 136, 1, 2, '2009-04-26 15:33:54'),
(6, 8, 137, 1, 1, '2009-04-26 15:33:58'),
(6, 8, 138, 1, 2, '2009-04-26 15:34:00'),
(6, 8, 139, 1, 3, '2009-04-26 15:34:03'),
(6, 8, 140, 1, 2, '2009-04-26 15:34:05'),
(6, 8, 141, 1, 1, '2009-04-26 15:34:06'),
(6, 8, 142, 1, 2, '2009-04-26 15:34:08'),
(6, 8, 143, 1, 2, '2009-04-26 15:34:10'),
(6, 8, 145, 1, 110, '2009-04-26 15:36:00'),
(8, 3, 53, 2, 14, '2009-04-28 15:38:00'),
(8, 3, 111, 1, 56, '2009-04-28 15:37:58'),
(8, 3, 48, 1, 25, '2009-04-28 15:38:25'),
(8, 3, 62, 1, 22, '2009-04-28 15:38:47'),
(8, 3, 67, 1, 7, '2009-04-28 15:40:00'),
(8, 3, 73, 1, 9, '2009-04-28 15:40:09'),
(8, 3, 74, 1, 5, '2009-04-28 15:40:14'),
(8, 3, 76, 1, 2, '2009-04-28 15:40:17'),
(8, 3, 80, 1, 105, '2009-04-28 15:42:02'),
(9, 5, 28, 3, 20, '2009-04-30 14:59:24'),
(9, 5, 29, 3, 48, '2009-04-30 14:59:32'),
(9, 5, 30, 3, 27, '2009-04-30 14:59:37'),
(9, 5, 39, 3, 20, '2009-04-30 15:00:27'),
(9, 5, 40, 3, 10, '2009-04-30 15:00:31'),
(9, 5, 41, 3, 13, '2009-04-30 15:00:39'),
(9, 5, 47, 4, 33, '2009-04-30 15:01:28'),
(9, 5, 18, 2, 3, '2009-04-30 14:59:09'),
(9, 5, 23, 2, 4, '2009-04-30 14:59:14'),
(9, 5, 24, 3, 12, '2009-04-30 15:22:32'),
(9, 5, 26, 3, 55, '2009-04-30 15:03:11'),
(9, 5, 27, 3, 814, '2009-04-30 15:16:42'),
(9, 6, 92, 2, 3, '2009-04-30 14:58:50'),
(9, 6, 95, 1, 7, '2009-04-30 14:47:30'),
(9, 9, 176, 5, 6, '2009-05-10 22:01:50'),
(9, 6, 96, 1, 95, '2009-04-30 14:49:22'),
(9, 9, 168, 2, 212, '2009-05-09 23:27:21'),
(9, 9, 167, 1, 2, '2009-05-09 23:10:13'),
(9, 9, 165, 1, 11, '2009-05-09 23:10:10'),
(9, 6, 129, 1, 3, '2009-04-30 14:50:28'),
(10, 3, 53, 1, 1, '2009-05-07 12:17:05'),
(9, 6, 104, 2, 434, '2009-04-30 14:57:54'),
(9, 6, 159, 1, 6, '2009-04-30 14:58:01'),
(9, 3, 111, 3, 3, '2009-05-08 21:32:18'),
(9, 7, 131, 1, 1, '2009-05-07 21:23:22'),
(9, 6, 105, 1, 2, '2009-04-30 14:58:14'),
(9, 6, 106, 1, 7, '2009-04-30 14:58:21'),
(9, 6, 107, 1, 2, '2009-04-30 14:58:23'),
(9, 6, 161, 1, 4, '2009-04-30 14:58:28'),
(9, 6, 108, 1, 4, '2009-04-30 14:58:32'),
(9, 6, 109, 1, 17, '2009-04-30 14:58:49'),
(9, 3, 112, 1, 4, '2009-04-30 15:01:54'),
(9, 3, 113, 2, 11, '2009-05-07 21:12:25'),
(9, 3, 114, 1, 10, '2009-04-30 15:02:15'),
(3, 7, 131, 2, 3, '2009-05-02 19:12:36'),
(3, 7, 132, 3, 5, '2009-05-03 15:43:59'),
(3, 7, 133, 3, 8, '2009-05-03 15:44:03'),
(3, 7, 154, 3, 7, '2009-05-03 15:44:08'),
(3, 7, 155, 2, 36, '2009-05-03 15:44:10'),
(9, 9, 177, 4, 4, '2009-05-10 22:01:51'),
(9, 9, 175, 3, 4, '2009-05-10 22:01:48'),
(9, 9, 164, 1, 1, '2009-05-09 23:24:24'),
(9, 3, 53, 1, 31, '2009-05-10 22:01:09'),
(9, 9, 169, 2, 12, '2009-05-10 22:01:42'),
(9, 9, 170, 2, 2, '2009-05-10 22:01:40'),
(9, 9, 171, 2, 3, '2009-05-10 22:01:43'),
(9, 9, 172, 1, 1, '2009-05-10 22:01:44'),
(9, 9, 174, 1, 1, '2009-05-10 22:01:47'),
(9, 9, 178, 2, 1083, '2009-05-10 22:25:46'),
(9, 9, 179, 1, 1, '2009-05-10 22:01:54'),
(9, 9, 180, 1, 347, '2009-05-10 22:07:41');

-- --------------------------------------------------------

--
-- Table structure for table `AT_messages`
--

CREATE TABLE IF NOT EXISTS `AT_messages` (
  `message_id` mediumint(8) unsigned NOT NULL auto_increment,
  `course_id` mediumint(8) unsigned NOT NULL default '0',
  `from_member_id` mediumint(8) unsigned NOT NULL default '0',
  `to_member_id` mediumint(8) unsigned NOT NULL default '0',
  `date_sent` timestamp NOT NULL default CURRENT_TIMESTAMP on update CURRENT_TIMESTAMP,
  `new` tinyint(4) NOT NULL default '0',
  `replied` tinyint(4) NOT NULL default '0',
  `subject` varchar(255) NOT NULL default '',
  `body` text NOT NULL,
  PRIMARY KEY  (`message_id`),
  KEY `to_member_id` (`to_member_id`)
) ENGINE=MyISAM  DEFAULT CHARSET=utf8 AUTO_INCREMENT=4 ;

--
-- Dumping data for table `AT_messages`
--


-- --------------------------------------------------------

--
-- Table structure for table `AT_messages_sent`
--

CREATE TABLE IF NOT EXISTS `AT_messages_sent` (
  `message_id` mediumint(8) unsigned NOT NULL auto_increment,
  `course_id` mediumint(8) unsigned NOT NULL default '0',
  `from_member_id` mediumint(8) unsigned NOT NULL default '0',
  `to_member_id` mediumint(8) unsigned NOT NULL default '0',
  `date_sent` timestamp NOT NULL default CURRENT_TIMESTAMP on update CURRENT_TIMESTAMP,
  `subject` varchar(255) NOT NULL default '',
  `body` text NOT NULL,
  PRIMARY KEY  (`message_id`),
  KEY `from_member_id` (`from_member_id`)
) ENGINE=MyISAM  DEFAULT CHARSET=utf8 AUTO_INCREMENT=4 ;

--
-- Dumping data for table `AT_messages_sent`
--

INSERT INTO `AT_messages_sent` (`message_id`, `course_id`, `from_member_id`, `to_member_id`, `date_sent`, `subject`, `body`) VALUES
(1, 5, 5, 3, '2009-04-26 12:02:25', 'Dilino', 'Dosla ti tato sprava ?'),
(2, 5, 3, 5, '2009-04-26 12:03:51', 'Re : Dilino', 'Dosla ty pajcer'),
(3, 0, 9, 3, '2009-05-09 00:20:21', 'Ikonka', 'Naco si si menil ikonu tie co tam boli bola seria a ta ikona mala rovnaky otien. Vrat to naspat ');

-- --------------------------------------------------------

--
-- Table structure for table `AT_modules`
--

CREATE TABLE IF NOT EXISTS `AT_modules` (
  `dir_name` varchar(50) NOT NULL default '',
  `status` tinyint(4) NOT NULL default '0',
  `privilege` int(10) unsigned NOT NULL default '0',
  `admin_privilege` mediumint(8) unsigned NOT NULL default '0',
  `cron_interval` smallint(5) unsigned NOT NULL default '0',
  `cron_last_run` int(10) unsigned NOT NULL default '0',
  PRIMARY KEY  (`dir_name`)
) ENGINE=MyISAM DEFAULT CHARSET=utf8;

--
-- Dumping data for table `AT_modules`
--

INSERT INTO `AT_modules` (`dir_name`, `status`, `privilege`, `admin_privilege`, `cron_interval`, `cron_last_run`) VALUES
('_core/properties', 2, 1, 0, 0, 0),
('_standard/statistics', 2, 1, 0, 0, 0),
('_core/content', 2, 2, 0, 0, 0),
('_core/glossary', 2, 4, 0, 0, 0),
('_standard/tests', 2, 8, 0, 0, 0),
('_standard/chat', 2, 16, 0, 0, 0),
('_core/file_manager', 2, 32, 0, 0, 0),
('_standard/links', 2, 64, 0, 0, 0),
('_standard/forums', 2, 128, 16, 0, 0),
('_standard/student_tools', 2, 256, 0, 0, 0),
('_core/enrolment', 2, 512, 512, 0, 0),
('_standard/course_email', 2, 1024, 0, 0, 0),
('_standard/announcements', 2, 2048, 0, 0, 0),
('_standard/polls', 2, 16384, 0, 0, 0),
('_standard/faq', 2, 32768, 0, 0, 0),
('_core/groups', 2, 65536, 0, 0, 0),
('_standard/reading_list', 2, 131072, 0, 0, 0),
('_standard/file_storage', 2, 262144, 0, 0, 0),
('_standard/assignments', 2, 524288, 0, 0, 0),
('_core/users', 2, 0, 2, 0, 0),
('_core/courses', 2, 0, 4, 0, 0),
('_core/backups', 2, 1, 8, 0, 0),
('_core/cats_categories', 2, 0, 32, 0, 0),
('_core/languages', 2, 0, 64, 1440, 0),
('_core/themes', 2, 0, 128, 0, 0),
('_standard/rss_feeds', 2, 0, 256, 0, 0),
('_standard/directory', 2, 0, 0, 0, 0),
('_standard/tile_search', 1, 0, 0, 0, 0),
('_standard/sitemap', 2, 0, 0, 0, 0),
('_standard/tracker', 2, 0, 0, 0, 0),
('_core/content_packaging', 2, 0, 0, 0, 0),
('_standard/google_search', 2, 0, 0, 0, 0),
('_standard/blogs', 2, 0, 0, 0, 0),
('_standard/profile_pictures', 2, 0, 0, 0, 0),
('_standard/patcher', 2, 0, 1024, 0, 0),
('pdf_converter', 1, 1048576, 2048, 35, 0);

-- --------------------------------------------------------

--
-- Table structure for table `AT_myown_patches`
--

CREATE TABLE IF NOT EXISTS `AT_myown_patches` (
  `myown_patch_id` mediumint(8) unsigned NOT NULL auto_increment,
  `atutor_patch_id` varchar(20) NOT NULL default '',
  `applied_version` varchar(10) NOT NULL default '',
  `description` text NOT NULL,
  `sql_statement` text NOT NULL,
  `status` varchar(20) NOT NULL default '',
  `last_modified` datetime NOT NULL default '0000-00-00 00:00:00',
  PRIMARY KEY  (`myown_patch_id`)
) ENGINE=MyISAM DEFAULT CHARSET=utf8 AUTO_INCREMENT=1 ;

--
-- Dumping data for table `AT_myown_patches`
--


-- --------------------------------------------------------

--
-- Table structure for table `AT_myown_patches_dependent`
--

CREATE TABLE IF NOT EXISTS `AT_myown_patches_dependent` (
  `myown_patches_dependent_id` mediumint(8) unsigned NOT NULL auto_increment,
  `myown_patch_id` mediumint(8) unsigned NOT NULL default '0',
  `dependent_patch_id` varchar(50) NOT NULL default '',
  PRIMARY KEY  (`myown_patches_dependent_id`)
) ENGINE=MyISAM DEFAULT CHARSET=utf8 AUTO_INCREMENT=1 ;

--
-- Dumping data for table `AT_myown_patches_dependent`
--


-- --------------------------------------------------------

--
-- Table structure for table `AT_myown_patches_files`
--

CREATE TABLE IF NOT EXISTS `AT_myown_patches_files` (
  `myown_patches_files_id` mediumint(8) unsigned NOT NULL auto_increment,
  `myown_patch_id` mediumint(8) unsigned NOT NULL default '0',
  `action` varchar(20) NOT NULL default '',
  `name` varchar(250) NOT NULL default '',
  `location` varchar(250) NOT NULL default '',
  `code_from` text NOT NULL,
  `code_to` text NOT NULL,
  `uploaded_file` text NOT NULL,
  PRIMARY KEY  (`myown_patches_files_id`)
) ENGINE=MyISAM DEFAULT CHARSET=utf8 AUTO_INCREMENT=1 ;

--
-- Dumping data for table `AT_myown_patches_files`
--


-- --------------------------------------------------------

--
-- Table structure for table `AT_news`
--

CREATE TABLE IF NOT EXISTS `AT_news` (
  `news_id` mediumint(8) unsigned NOT NULL auto_increment,
  `course_id` mediumint(8) unsigned NOT NULL default '0',
  `member_id` mediumint(8) unsigned NOT NULL default '0',
  `date` timestamp NOT NULL default CURRENT_TIMESTAMP on update CURRENT_TIMESTAMP,
  `formatting` tinyint(4) NOT NULL default '0',
  `title` varchar(200) NOT NULL default '',
  `body` text NOT NULL,
  PRIMARY KEY  (`news_id`)
) ENGINE=MyISAM  DEFAULT CHARSET=utf8 AUTO_INCREMENT=11 ;

--
-- Dumping data for table `AT_news`
--

INSERT INTO `AT_news` (`news_id`, `course_id`, `member_id`, `date`, `formatting`, `title`, `body`) VALUES
(2, 3, 5, '2008-10-22 19:25:54', 1, 'Vitajte v kurze OptokomunikaÄné systémy', '<p style="text-align: justify;">Vitajte na výuÄbových stránkach katedry Telekomunikácií, oboznamujúcich sa s problematikou sietí novej generácie. Tento výuÄbový systém bol vypracovaný v rámci predmetu Tímový projekt na Katedre Telekomunikácii študentami 1.roÄníka Inžinierskeho štúdia Odboru Telekomunikácie. Pedagogický vedúci projektu je Doc.Ing.Rastislav Róka,PhD.</p>'),
(6, 7, 4, '2008-12-17 19:34:30', 1, 'Vitajte v kurze SDH', '<p>Vitajte na výuÄbových stránkach katedry Telekomunikácií, oboznamujúcich sa s problematikou sietí novej generácie. Tento výuÄbový systém bol vypracovaný v rámci predmetu Tímový projekt na Katedre Telekomunikácii študentami 1.roÄníka Inžinierskeho štúdia Odboru Telekomunikácie. Pedagogický vedúci projektu je Doc.Ing.Rastislav Róka,PhD.</p>'),
(4, 5, 8, '2008-10-28 12:54:15', 1, 'Vitajte v kurze NGN', '<p>Vitajte na výuÄbových stránkach katedry Telekomunikácií, oboznamujúcich sa s problematikou sietí novej generácie. Tento výuÄbový systém bol vypracovaný v rámci predmetu Tímový projekt na Katedre Telekomunikácii študentami 1.roÄníka Inžinierskeho štúdia Odboru Telekomunikácie. Pedagogický vedúci projektu je Doc.Ing.Rastislav Róka,PhD.</p>'),
(7, 8, 4, '2008-12-17 22:10:30', 1, 'Vitajte v kurze KomunikaÄné protokoly', '<p>\r\n<div class="news">\r\n<p>Vitajte na výuÄbových stránkach katedry Telekomunikácií, oboznamujúcich sa s problematikou sietí novej generácie. Tento výuÄbový systém bol vypracovaný v rámci predmetu Tímový projekt na Katedre Telekomunikácii študentami 1.roÄníka Inžinierskeho štúdia Odboru Telekomunikácie. Pedagogický vedúci projektu je Doc.Ing.Rastislav Róka,PhD.</p>\r\n<div></div>\r\n<p> </p>\r\n</div>\r\n</p>'),
(8, 9, 7, '2009-03-28 11:56:04', 1, 'Vitajte v kurze ATM', '<p>Vitajte na výuÄbových stránkach katedry Telekomunikácií, oboznamujúcich sa s problematikou sietí novej generácie. Tento výuÄbový systém bol vypracovaný v rámci predmetu Tímový projekt na Katedre Telekomunikácii študentami 1.roÄníka Inžinierskeho štúdia Odboru Telekomunikácie. Pedagogický vedúci projektu je Doc.Ing.Rastislav Róka,PhD.<a></a></p>'),
(9, 6, 8, '2009-04-07 14:46:48', 1, 'Vitajte v kurze prístupových a transportných sieti', '<p>Vitajte na výuÄbových stránkach katedry Telekomunikácií, oboznamujúcich sa s problematikou sietí novej generácie. Tento výuÄbový systém bol vypracovaný v rámci predmetu Tímový projekt na Katedre Telekomunikácii študentami 1.roÄníka Inžinierskeho štúdia Odboru Telekomunikácie. Pedagogický vedúci projektu je Doc.Ing.Rastislav Róka,PhD.</p>\r\n<div class="news">\r\n<p> </p>\r\n</div>\r\n<p> </p>');

-- --------------------------------------------------------

--
-- Table structure for table `AT_patches`
--

CREATE TABLE IF NOT EXISTS `AT_patches` (
  `patches_id` mediumint(8) unsigned NOT NULL auto_increment,
  `atutor_patch_id` varchar(20) NOT NULL default '',
  `applied_version` varchar(10) NOT NULL default '',
  `patch_folder` varchar(250) NOT NULL default '',
  `description` text NOT NULL,
  `available_to` varchar(250) NOT NULL default '',
  `sql_statement` text NOT NULL,
  `status` varchar(20) NOT NULL default '',
  `remove_permission_files` text NOT NULL,
  `backup_files` text NOT NULL,
  `patch_files` text NOT NULL,
  PRIMARY KEY  (`patches_id`)
) ENGINE=MyISAM  DEFAULT CHARSET=utf8 AUTO_INCREMENT=3 ;

--
-- Dumping data for table `AT_patches`
--

INSERT INTO `AT_patches` (`patches_id`, `atutor_patch_id`, `applied_version`, `patch_folder`, `description`, `available_to`, `sql_statement`, `status`, `remove_permission_files`, `backup_files`, `patch_files`) VALUES
(1, '0012', '1.6.1', '1_6_1-11', 'This patch will address issues related to invalid dates in ATutor.  The problem was caused by some MySQL TIMESTAMP(14) settings.', 'public', '', 'Installed', '', '/home/mato/public_html/learn/include/lib/output.inc.php.0012.old|', ''),
(2, '0001', '1.6.1', '1_6_1-1', 'This patch has to be installed if you applied patch 0002 for ATutor version 1.6. This patch moves new table fields tests.description, tests.passscore, tests.passpercent, tests.passfeedback, tests.failfeedback, content.head, content.use_customized_head to the end of the table.', 'public', '', 'Installed', '', '', '');

-- --------------------------------------------------------

--
-- Table structure for table `AT_patches_files`
--

CREATE TABLE IF NOT EXISTS `AT_patches_files` (
  `patches_files_id` mediumint(8) unsigned NOT NULL auto_increment,
  `patches_id` mediumint(8) unsigned NOT NULL default '0',
  `action` varchar(20) NOT NULL default '',
  `name` text NOT NULL,
  `location` varchar(250) NOT NULL default '',
  PRIMARY KEY  (`patches_files_id`)
) ENGINE=MyISAM  DEFAULT CHARSET=utf8 AUTO_INCREMENT=2 ;

--
-- Dumping data for table `AT_patches_files`
--

INSERT INTO `AT_patches_files` (`patches_files_id`, `patches_id`, `action`, `name`, `location`) VALUES
(1, 1, 'alter', 'output.inc.php', '../../../include/lib/');

-- --------------------------------------------------------

--
-- Table structure for table `AT_patches_files_actions`
--

CREATE TABLE IF NOT EXISTS `AT_patches_files_actions` (
  `patches_files_actions_id` mediumint(8) unsigned NOT NULL auto_increment,
  `patches_files_id` mediumint(8) unsigned NOT NULL default '0',
  `action` varchar(20) NOT NULL default '',
  `code_from` text NOT NULL,
  `code_to` text NOT NULL,
  PRIMARY KEY  (`patches_files_actions_id`)
) ENGINE=MyISAM  DEFAULT CHARSET=utf8 AUTO_INCREMENT=2 ;

--
-- Dumping data for table `AT_patches_files_actions`
--

INSERT INTO `AT_patches_files_actions` (`patches_files_actions_id`, `patches_files_id`, `action`, `code_from`, `code_to`) VALUES
(1, 1, 'replace', 'static $day_name_ext, $day_name_con, $month_name_ext, $month_name_con;', 'static $day_name_ext, $day_name_con, $month_name_ext, $month_name_con;\n\n	//Check if the timestamp is indeed in the valid format\n	if ($format_type == AT_DATE_MYSQL_DATETIME && strlen($timestamp)==14){\n		$format_type = AT_DATE_MYSQL_TIMESTAMP_14;\n	}');

-- --------------------------------------------------------

--
-- Table structure for table `AT_polls`
--

CREATE TABLE IF NOT EXISTS `AT_polls` (
  `poll_id` mediumint(8) unsigned NOT NULL auto_increment,
  `course_id` mediumint(8) unsigned NOT NULL default '0',
  `question` varchar(255) NOT NULL default '',
  `created_date` timestamp NOT NULL default CURRENT_TIMESTAMP on update CURRENT_TIMESTAMP,
  `total` smallint(5) unsigned NOT NULL default '0',
  `choice1` varchar(255) NOT NULL default '',
  `count1` smallint(5) unsigned NOT NULL default '0',
  `choice2` varchar(255) NOT NULL default '',
  `count2` smallint(5) unsigned NOT NULL default '0',
  `choice3` varchar(255) NOT NULL default '',
  `count3` smallint(5) unsigned NOT NULL default '0',
  `choice4` varchar(255) NOT NULL default '',
  `count4` smallint(5) unsigned NOT NULL default '0',
  `choice5` varchar(255) NOT NULL default '',
  `count5` smallint(5) unsigned NOT NULL default '0',
  `choice6` varchar(255) NOT NULL default '',
  `count6` smallint(5) unsigned NOT NULL default '0',
  `choice7` varchar(255) NOT NULL default '',
  `count7` smallint(5) unsigned NOT NULL default '0',
  PRIMARY KEY  (`poll_id`),
  KEY `course_id` (`course_id`)
) ENGINE=MyISAM  DEFAULT CHARSET=utf8 AUTO_INCREMENT=7 ;

--
-- Dumping data for table `AT_polls`
--

INSERT INTO `AT_polls` (`poll_id`, `course_id`, `question`, `created_date`, `total`, `choice1`, `count1`, `choice2`, `count2`, `choice3`, `count3`, `choice4`, `count4`, `choice5`, `count5`, `choice6`, `count6`, `choice7`, `count7`) VALUES
(1, 6, 'Ako hodnotíte kvalitu kruzu?', '2009-01-04 22:41:25', 1, 'A - už lepšie to nebude', 0, 'B - je tam pár chybiÄiek', 0, 'C - priemer', 1, 'D - niÄ moc', 0, 'E - spravili sme, huráá', 0, 'FX - odpad, zmazať', 0, '', 0),
(2, 3, 'Ako sa vám páÄi tento kurz ?', '2009-04-26 15:41:41', 3, 'Je super', 3, 'Celkom fajný', 0, 'Nie moc podarený', 0, 'Úplne hrozný', 0, '', 0, '', 0, '', 0),
(3, 5, 'Akou známkou by ste ohodnotili úroveň kurzu', '2009-04-30 12:56:03', 0, 'A', 0, 'B', 0, 'C', 0, 'D', 0, 'E', 0, 'radšej nekomentujem :)', 0, '', 0),
(4, 9, 'Ako sa vám páÄi vyuÄbový kurz ATM ?', '2009-05-06 19:25:16', 1, 'super !', 1, 'dobrý', 0, 'dal sa', 0, 'mohol byť aj lepší', 0, 'strata Äasu !', 0, '', 0, '', 0),
(5, 8, 'Ako sa vám páÄi tento kurz ?', '2009-05-10 16:50:04', 2, 'Je super', 2, 'Celkom fajný', 0, 'Nie moc podarený', 0, 'Úplne hrozný', 0, '', 0, '', 0, '', 0),
(6, 7, 'Ako sa vám páÄi tento kurz ?', '2009-05-06 19:20:19', 1, 'Je super', 0, 'Celkom fajný', 0, 'Nie moc podarený', 1, 'Úplne hrozný', 0, '', 0, '', 0, '', 0);

-- --------------------------------------------------------

--
-- Table structure for table `AT_polls_members`
--

CREATE TABLE IF NOT EXISTS `AT_polls_members` (
  `poll_id` mediumint(8) unsigned NOT NULL default '0',
  `member_id` mediumint(8) unsigned NOT NULL default '0',
  PRIMARY KEY  (`poll_id`,`member_id`)
) ENGINE=MyISAM DEFAULT CHARSET=utf8;

--
-- Dumping data for table `AT_polls_members`
--

INSERT INTO `AT_polls_members` (`poll_id`, `member_id`) VALUES
(1, 2),
(2, 1),
(2, 3),
(2, 9),
(4, 0),
(5, 1),
(5, 9),
(6, 1);

-- --------------------------------------------------------

--
-- Table structure for table `AT_reading_list`
--

CREATE TABLE IF NOT EXISTS `AT_reading_list` (
  `reading_id` mediumint(8) unsigned NOT NULL auto_increment,
  `course_id` mediumint(8) unsigned NOT NULL default '0',
  `resource_id` mediumint(8) unsigned NOT NULL default '0',
  `required` enum('required','optional') NOT NULL default 'required',
  `date_start` date NOT NULL default '0000-00-00',
  `date_end` date NOT NULL default '0000-00-00',
  `comment` text NOT NULL,
  PRIMARY KEY  (`reading_id`),
  KEY `course_id` (`course_id`)
) ENGINE=MyISAM  DEFAULT CHARSET=utf8 AUTO_INCREMENT=117 ;

--
-- Dumping data for table `AT_reading_list`
--

INSERT INTO `AT_reading_list` (`reading_id`, `course_id`, `resource_id`, `required`, `date_start`, `date_end`, `comment`) VALUES
(26, 3, 66, 'required', '0000-00-00', '0000-00-00', ''),
(2, 5, 4, 'required', '0000-00-00', '0000-00-00', ''),
(3, 5, 5, 'required', '0000-00-00', '0000-00-00', ''),
(4, 5, 7, 'required', '0000-00-00', '0000-00-00', ''),
(5, 5, 6, 'required', '0000-00-00', '0000-00-00', ''),
(6, 5, 9, 'required', '0000-00-00', '0000-00-00', ''),
(7, 5, 11, 'required', '0000-00-00', '0000-00-00', ''),
(8, 5, 12, 'required', '0000-00-00', '0000-00-00', ''),
(9, 5, 13, 'required', '0000-00-00', '0000-00-00', ''),
(10, 5, 14, 'required', '0000-00-00', '0000-00-00', ''),
(11, 5, 15, 'required', '0000-00-00', '0000-00-00', ''),
(12, 5, 16, 'required', '0000-00-00', '0000-00-00', ''),
(13, 5, 17, 'required', '0000-00-00', '0000-00-00', ''),
(97, 9, 19, 'optional', '0000-00-00', '0000-00-00', ''),
(17, 8, 32, 'required', '0000-00-00', '0000-00-00', ''),
(18, 8, 31, 'required', '0000-00-00', '0000-00-00', ''),
(19, 8, 22, 'required', '0000-00-00', '0000-00-00', ''),
(20, 8, 23, 'required', '0000-00-00', '0000-00-00', ''),
(21, 8, 24, 'required', '0000-00-00', '0000-00-00', ''),
(22, 8, 27, 'required', '0000-00-00', '0000-00-00', ''),
(23, 8, 25, 'required', '0000-00-00', '0000-00-00', ''),
(24, 8, 28, 'required', '0000-00-00', '0000-00-00', ''),
(25, 8, 30, 'required', '0000-00-00', '0000-00-00', ''),
(27, 3, 60, 'required', '0000-00-00', '0000-00-00', ''),
(28, 3, 94, 'required', '0000-00-00', '0000-00-00', ''),
(29, 3, 44, 'required', '0000-00-00', '0000-00-00', ''),
(30, 3, 71, 'required', '0000-00-00', '0000-00-00', ''),
(31, 3, 63, 'required', '0000-00-00', '0000-00-00', ''),
(32, 3, 96, 'required', '0000-00-00', '0000-00-00', ''),
(33, 3, 34, 'required', '0000-00-00', '0000-00-00', ''),
(34, 3, 76, 'required', '0000-00-00', '0000-00-00', ''),
(35, 3, 98, 'required', '0000-00-00', '0000-00-00', ''),
(36, 3, 33, 'required', '0000-00-00', '0000-00-00', ''),
(38, 3, 75, 'required', '0000-00-00', '0000-00-00', ''),
(39, 3, 65, 'required', '0000-00-00', '0000-00-00', ''),
(40, 3, 51, 'required', '0000-00-00', '0000-00-00', ''),
(41, 3, 69, 'required', '0000-00-00', '0000-00-00', ''),
(43, 3, 92, 'required', '0000-00-00', '0000-00-00', ''),
(44, 3, 72, 'required', '0000-00-00', '0000-00-00', ''),
(45, 3, 40, 'required', '0000-00-00', '0000-00-00', ''),
(46, 3, 52, 'required', '0000-00-00', '0000-00-00', ''),
(47, 3, 58, 'required', '0000-00-00', '0000-00-00', ''),
(48, 3, 62, 'required', '0000-00-00', '0000-00-00', ''),
(49, 3, 56, 'required', '0000-00-00', '0000-00-00', ''),
(50, 3, 55, 'required', '0000-00-00', '0000-00-00', ''),
(51, 3, 61, 'required', '0000-00-00', '0000-00-00', ''),
(52, 3, 54, 'required', '0000-00-00', '0000-00-00', ''),
(53, 3, 48, 'required', '0000-00-00', '0000-00-00', ''),
(54, 3, 73, 'required', '0000-00-00', '0000-00-00', ''),
(55, 3, 57, 'required', '0000-00-00', '0000-00-00', ''),
(56, 3, 95, 'required', '0000-00-00', '0000-00-00', ''),
(57, 3, 26, 'required', '0000-00-00', '0000-00-00', ''),
(58, 3, 42, 'required', '0000-00-00', '0000-00-00', ''),
(59, 3, 38, 'required', '0000-00-00', '0000-00-00', ''),
(60, 3, 39, 'required', '0000-00-00', '0000-00-00', ''),
(61, 3, 68, 'required', '0000-00-00', '0000-00-00', ''),
(62, 3, 67, 'required', '0000-00-00', '0000-00-00', ''),
(63, 3, 59, 'required', '0000-00-00', '0000-00-00', ''),
(64, 3, 77, 'required', '0000-00-00', '0000-00-00', ''),
(65, 3, 43, 'required', '0000-00-00', '0000-00-00', ''),
(66, 3, 78, 'required', '0000-00-00', '0000-00-00', ''),
(67, 3, 99, 'required', '0000-00-00', '0000-00-00', ''),
(68, 3, 74, 'required', '0000-00-00', '0000-00-00', ''),
(69, 3, 53, 'required', '0000-00-00', '0000-00-00', ''),
(70, 3, 41, 'required', '0000-00-00', '0000-00-00', ''),
(71, 3, 64, 'required', '0000-00-00', '0000-00-00', ''),
(72, 3, 46, 'required', '0000-00-00', '0000-00-00', ''),
(73, 3, 50, 'required', '0000-00-00', '0000-00-00', ''),
(74, 3, 97, 'required', '0000-00-00', '0000-00-00', ''),
(75, 3, 70, 'required', '0000-00-00', '0000-00-00', ''),
(76, 3, 88, 'required', '0000-00-00', '0000-00-00', ''),
(77, 3, 90, 'required', '0000-00-00', '0000-00-00', ''),
(78, 3, 45, 'required', '0000-00-00', '0000-00-00', ''),
(79, 3, 84, 'required', '0000-00-00', '0000-00-00', ''),
(80, 3, 83, 'required', '0000-00-00', '0000-00-00', ''),
(81, 3, 49, 'required', '0000-00-00', '0000-00-00', ''),
(82, 3, 35, 'required', '0000-00-00', '0000-00-00', ''),
(83, 3, 36, 'required', '0000-00-00', '0000-00-00', ''),
(84, 3, 37, 'required', '0000-00-00', '0000-00-00', ''),
(85, 3, 87, 'required', '0000-00-00', '0000-00-00', ''),
(86, 3, 85, 'required', '0000-00-00', '0000-00-00', ''),
(87, 3, 80, 'required', '0000-00-00', '0000-00-00', ''),
(88, 3, 89, 'required', '0000-00-00', '0000-00-00', ''),
(89, 3, 86, 'required', '0000-00-00', '0000-00-00', ''),
(98, 9, 18, 'optional', '0000-00-00', '0000-00-00', ''),
(91, 3, 82, 'required', '0000-00-00', '0000-00-00', ''),
(92, 3, 93, 'required', '0000-00-00', '0000-00-00', ''),
(93, 3, 91, 'required', '0000-00-00', '0000-00-00', ''),
(94, 3, 79, 'required', '0000-00-00', '0000-00-00', ''),
(96, 3, 81, 'required', '0000-00-00', '0000-00-00', ''),
(99, 9, 21, 'optional', '0000-00-00', '0000-00-00', ''),
(100, 9, 20, 'optional', '0000-00-00', '0000-00-00', ''),
(101, 9, 101, 'optional', '0000-00-00', '0000-00-00', ''),
(102, 9, 100, 'optional', '0000-00-00', '0000-00-00', ''),
(103, 9, 102, 'optional', '0000-00-00', '0000-00-00', ''),
(113, 6, 111, 'optional', '2009-05-11', '2010-05-11', ''),
(112, 7, 110, 'required', '0000-00-00', '0000-00-00', ''),
(106, 7, 104, 'required', '0000-00-00', '0000-00-00', ''),
(107, 7, 106, 'required', '0000-00-00', '0000-00-00', ''),
(108, 7, 107, 'required', '0000-00-00', '0000-00-00', ''),
(109, 7, 108, 'required', '0000-00-00', '0000-00-00', ''),
(110, 7, 109, 'required', '0000-00-00', '0000-00-00', ''),
(111, 7, 103, 'required', '0000-00-00', '0000-00-00', ''),
(114, 6, 112, 'optional', '2008-01-01', '2010-01-01', ''),
(115, 6, 113, 'optional', '2008-01-01', '2010-01-01', ''),
(116, 6, 114, 'required', '2009-05-11', '2010-05-11', '');

-- --------------------------------------------------------

--
-- Table structure for table `AT_related_content`
--

CREATE TABLE IF NOT EXISTS `AT_related_content` (
  `content_id` mediumint(8) unsigned NOT NULL default '0',
  `related_content_id` mediumint(8) unsigned NOT NULL default '0',
  PRIMARY KEY  (`content_id`,`related_content_id`)
) ENGINE=MyISAM DEFAULT CHARSET=utf8;

--
-- Dumping data for table `AT_related_content`
--


-- --------------------------------------------------------

--
-- Table structure for table `AT_tests`
--

CREATE TABLE IF NOT EXISTS `AT_tests` (
  `test_id` mediumint(8) unsigned NOT NULL auto_increment,
  `course_id` mediumint(8) unsigned NOT NULL default '0',
  `title` varchar(255) NOT NULL default '',
  `format` tinyint(4) NOT NULL default '0',
  `start_date` datetime NOT NULL default '0000-00-00 00:00:00',
  `end_date` datetime NOT NULL default '0000-00-00 00:00:00',
  `randomize_order` tinyint(4) NOT NULL default '0',
  `num_questions` tinyint(3) unsigned NOT NULL default '0',
  `instructions` text NOT NULL,
  `content_id` mediumint(8) NOT NULL default '0',
  `result_release` tinyint(4) unsigned NOT NULL default '0',
  `random` tinyint(4) unsigned NOT NULL default '0',
  `difficulty` tinyint(4) unsigned NOT NULL default '0',
  `num_takes` tinyint(4) unsigned NOT NULL default '0',
  `anonymous` tinyint(4) NOT NULL default '0',
  `out_of` varchar(4) NOT NULL default '',
  `guests` tinyint(4) NOT NULL default '0',
  `display` tinyint(4) NOT NULL default '0',
  `description` text NOT NULL,
  `passscore` mediumint(9) NOT NULL default '0',
  `passpercent` mediumint(9) NOT NULL default '0',
  `passfeedback` text NOT NULL,
  `failfeedback` text NOT NULL,
  PRIMARY KEY  (`test_id`)
) ENGINE=MyISAM  DEFAULT CHARSET=utf8 AUTO_INCREMENT=30 ;

--
-- Dumping data for table `AT_tests`
--

INSERT INTO `AT_tests` (`test_id`, `course_id`, `title`, `format`, `start_date`, `end_date`, `randomize_order`, `num_questions`, `instructions`, `content_id`, `result_release`, `random`, `difficulty`, `num_takes`, `anonymous`, `out_of`, `guests`, `display`, `description`, `passscore`, `passpercent`, `passfeedback`, `failfeedback`) VALUES
(13, 6, 'Test 2 (Prístupové siete)', 0, '2009-04-06 12:00:00', '2013-12-31 12:00:00', 1, 10, '', 0, 2, 1, 0, 1, 0, '0', 0, 1, 'Vedomostný test z problematiky Prístupových sieti.', 0, 0, 'Úspešne si zdolal tento test.', 'Bohužiaľ test si nezvládol.'),
(4, 6, 'Test 1 (Prístupové siete)', 0, '2009-03-31 10:00:00', '2013-12-31 10:00:00', 1, 10, '', 0, 2, 1, 0, 1, 0, '0', 0, 1, 'Vedomostný test z problematiky Prístupových sieti.', 0, 0, 'Úspešne si zdolal tento test.', 'Bohužiaľ test si nezvládol.'),
(21, 3, 'Test 1', 0, '2009-05-05 22:00:00', '2015-12-31 22:00:00', 1, 10, '', 0, 1, 1, 0, 1, 0, '10', 0, 1, 'Vedomostný test z problematiky OptokomunikaÄné systémy.', 0, 56, 'Úspešne si zdolal tento test.', 'Bohužiaľ test si nezvládol.'),
(14, 6, 'Test 1 (Transportné siete)', 0, '2009-04-06 14:00:00', '2013-12-31 14:00:00', 1, 10, '', 0, 2, 1, 0, 1, 0, '0', 0, 1, 'Vedomostný test z problematiky Transportných sieti.', 0, 0, 'Úspešne si zdolal tento test.', 'Bohužiaľ test si nezvládol.'),
(10, 8, 'Test 1', 0, '2009-04-01 12:00:00', '2012-12-31 23:55:00', 1, 10, '', 0, 2, 1, 0, 1, 0, '10', 0, 1, 'Vedomostný test z KomunikaÄných protokolov', 0, 56, 'Úspešne si zdolal tento test.', 'Bohužiaľ test si nezvládol.'),
(12, 5, 'Test', 0, '2009-04-01 16:00:00', '2013-12-31 16:00:00', 1, 10, '', 0, 1, 1, 0, 1, 0, '10', 0, 1, 'Vedomostný test z problematiky NGN', 0, 56, 'Úspešne si zdolal tento test.', 'Bohužiaľ test si nezvládol.'),
(15, 6, 'Test 2 (Transportné siete)', 0, '2009-04-06 15:00:00', '2013-12-31 15:00:00', 1, 10, '', 0, 2, 1, 0, 1, 0, '0', 0, 1, 'Vedomostný test z problematiky Transportných sieti.', 0, 0, 'Úspešne si zdolal tento test.', 'Bohužiaľ test si nezvládol.'),
(16, 6, 'Test 3 (Transportné siete)', 0, '2009-04-06 15:00:00', '2013-12-31 15:00:00', 1, 10, '', 0, 2, 1, 0, 1, 0, '0', 0, 1, 'Vedomostný test z problematiky Transportných sieti.', 0, 0, 'Úspešne si zdolal tento test.', 'Bohužiaľ test si nezvládol.'),
(18, 8, 'Test 2', 0, '2009-05-04 11:00:00', '2012-12-31 23:55:00', 1, 10, '', 0, 2, 1, 0, 1, 0, '10', 0, 1, 'Vedomostný test z KomunikaÄných protokolov', 0, 56, 'Úspešne si zdolal tento test.', 'Bohužiaľ test si nezvládol.'),
(19, 7, 'Test', 0, '2009-05-04 14:00:00', '2015-12-31 23:55:00', 1, 10, '', 0, 1, 1, 0, 1, 0, '10', 0, 1, 'Vedomostný test z problematiky SDH.', 0, 56, 'Úspešne si zdolal tento test.', 'Bohužiaľ test si nezvládol.'),
(28, 9, 'Test 2', 0, '2009-05-06 14:00:00', '2012-12-31 14:00:00', 1, 10, '', 0, 2, 1, 0, 1, 0, '10', 0, 1, 'Vedomostný test z problematiky ATM.', 0, 56, 'Úspešne si zdolal tento test.', 'Bohužiaľ test si nezvládol.'),
(22, 3, 'Test 2', 0, '2009-05-05 23:00:00', '2015-12-31 23:00:00', 1, 10, '', 0, 1, 1, 0, 1, 0, '10', 0, 1, 'Vedomostný test z problematiky OptokomunikaÄné systémy.', 0, 56, 'Úspešne si zdolal tento test.', 'Bohužiaľ test si nezvládol.'),
(23, 3, 'Test 3', 0, '2009-05-05 23:00:00', '2015-12-31 23:00:00', 1, 10, '', 0, 1, 1, 0, 1, 0, '10', 0, 1, 'Vedomostný test z problematiky OptokomunikaÄné systémy.', 0, 56, 'Úspešne si zdolal tento test.', 'Bohužiaľ test si nezvládol.'),
(24, 3, 'Test 4', 0, '2009-05-05 23:00:00', '2015-12-31 23:00:00', 1, 10, '', 0, 1, 1, 0, 1, 0, '10', 0, 1, 'Vedomostný test z problematiky OptokomunikaÄné systémy.', 0, 56, 'Úspešne si zdolal tento test.', 'Bohužiaľ test si nezvládol.'),
(25, 3, 'Test 5', 0, '2009-05-05 23:00:00', '2015-12-31 23:00:00', 1, 10, '', 0, 1, 1, 0, 1, 0, '10', 0, 1, 'Vedomostný test z problematiky OptokomunikaÄné systémy.', 0, 56, 'Úspešne si zdolal tento test.', 'Bohužiaľ test si nezvládol.'),
(26, 3, 'Test viac odpovedi', 0, '2009-05-05 23:00:00', '2012-12-31 23:00:00', 1, 5, 'Správnych odpovedí je viac ako jedna !', 0, 1, 1, 0, 1, 0, '10', 0, 1, 'Vedomostný test z problematiky OptokomunikaÄné systémy.', 0, 56, 'Úspešne si zdolal tento test.', 'Bohužiaľ test si nezvládol.'),
(27, 9, 'Test 1', 0, '2009-05-06 14:00:00', '2012-12-31 14:00:00', 1, 10, '', 0, 2, 1, 0, 1, 0, '10', 0, 1, 'Vedomostný test z problematiky ATM.', 0, 56, 'Úspešne si zdolal tento test.', 'Bohužiaľ test si nezvládol.');

-- --------------------------------------------------------

--
-- Table structure for table `AT_tests_answers`
--

CREATE TABLE IF NOT EXISTS `AT_tests_answers` (
  `result_id` mediumint(8) unsigned NOT NULL default '0',
  `question_id` mediumint(8) unsigned NOT NULL default '0',
  `member_id` mediumint(8) unsigned NOT NULL default '0',
  `answer` text NOT NULL,
  `score` varchar(5) NOT NULL default '',
  `notes` text NOT NULL,
  PRIMARY KEY  (`result_id`,`question_id`,`member_id`)
) ENGINE=MyISAM DEFAULT CHARSET=utf8;

--
-- Dumping data for table `AT_tests_answers`
--

INSERT INTO `AT_tests_answers` (`result_id`, `question_id`, `member_id`, `answer`, `score`, `notes`) VALUES
(52, 353, 5, '2', '1', ''),
(52, 338, 5, '0', '', ''),
(52, 337, 5, '2', '', ''),
(52, 332, 5, '-1', '', ''),
(52, 305, 5, '-1', '', ''),
(52, 300, 5, '-1', '', ''),
(52, 298, 5, '-1', '', ''),
(48, 350, 1, '', '', ''),
(48, 335, 1, '', '', ''),
(48, 332, 1, '', '', ''),
(48, 320, 1, '', '', ''),
(48, 298, 1, '', '', ''),
(48, 291, 1, '', '', ''),
(48, 259, 1, '-1', '', ''),
(48, 257, 1, '-1', '', ''),
(48, 239, 1, '-1', '', ''),
(48, 236, 1, '0', '', ''),
(47, 360, 5, '', '', ''),
(47, 319, 5, '', '', ''),
(47, 275, 5, '', '', ''),
(47, 274, 5, '', '', ''),
(51, 360, 1, '0|3', '0', ''),
(51, 319, 1, '1|2', '0', ''),
(51, 275, 1, '2|3', '0', ''),
(51, 274, 1, '0|1', '0', ''),
(51, 261, 1, '1|2', '0', ''),
(52, 282, 5, '-1', '', ''),
(52, 268, 5, '', '', ''),
(52, 259, 5, '-1', '', ''),
(50, 246, 1, '0', '1', ''),
(50, 260, 1, '1', '', ''),
(50, 262, 1, '0', '1', ''),
(50, 269, 1, '2', '', ''),
(50, 272, 1, '1', '', ''),
(50, 344, 1, '0', '1', ''),
(50, 345, 1, '1', '', ''),
(58, 358, 5, '', '', ''),
(58, 351, 5, '', '', ''),
(58, 346, 5, '', '', ''),
(58, 287, 5, '', '', ''),
(57, 122, 1, '-1', '', ''),
(57, 123, 1, '-1', '', ''),
(57, 124, 1, '-1', '', ''),
(57, 125, 1, '-1', '', ''),
(57, 126, 1, '-1', '', ''),
(57, 127, 1, '-1', '', ''),
(58, 238, 5, '-1', '', ''),
(58, 260, 5, '', '', ''),
(58, 269, 5, '', '', ''),
(58, 272, 5, '', '', ''),
(58, 280, 5, '', '', ''),
(58, 283, 5, '', '', ''),
(38, 215, 5, '-1', '', ''),
(38, 216, 5, '-1', '', ''),
(38, 214, 5, '-1', '', ''),
(38, 213, 5, '-1', '', ''),
(38, 221, 5, '-1', '', ''),
(38, 217, 5, '-1', '', ''),
(38, 220, 5, '-1', '', ''),
(38, 222, 5, '-1', '', ''),
(38, 218, 5, '-1', '', ''),
(38, 219, 5, '0', '1', ''),
(56, 99, 9, '1', '', ''),
(56, 97, 9, '2', '', ''),
(56, 92, 9, '2', '', ''),
(56, 93, 9, '2', '', ''),
(55, 169, 9, '-1', '0', ''),
(55, 85, 9, '-1', '0', ''),
(55, 170, 9, '-1', '0', ''),
(55, 171, 9, '-1', '0', ''),
(55, 172, 9, '-1', '0', ''),
(55, 173, 9, '-1', '0', ''),
(55, 174, 9, '-1', '0', ''),
(55, 175, 9, '-1', '0', ''),
(55, 176, 9, '-1', '0', ''),
(55, 177, 9, '-1', '0', ''),
(34, 177, 7, '', '', ''),
(34, 176, 7, '', '', ''),
(34, 175, 7, '', '', ''),
(34, 174, 7, '', '', ''),
(34, 173, 7, '', '', ''),
(34, 172, 7, '', '', ''),
(34, 171, 7, '', '', ''),
(34, 170, 7, '', '', ''),
(34, 169, 7, '', '', ''),
(34, 85, 7, '', '', ''),
(32, 117, 7, '', '', ''),
(32, 116, 7, '', '', ''),
(32, 115, 7, '', '', ''),
(32, 114, 7, '', '', ''),
(32, 113, 7, '', '', ''),
(32, 112, 7, '', '', ''),
(32, 111, 7, '', '', ''),
(32, 110, 7, '', '', ''),
(32, 109, 7, '', '', ''),
(32, 108, 7, '', '', ''),
(32, 107, 7, '', '', ''),
(32, 106, 7, '', '', ''),
(32, 105, 7, '', '', ''),
(32, 104, 7, '', '', ''),
(32, 103, 7, '', '', ''),
(32, 102, 7, '', '', ''),
(32, 101, 7, '', '', ''),
(32, 100, 7, '', '', ''),
(32, 99, 7, '', '', ''),
(32, 98, 7, '', '', ''),
(32, 97, 7, '', '', ''),
(32, 96, 7, '', '', ''),
(32, 95, 7, '', '', ''),
(32, 94, 7, '', '', ''),
(32, 93, 7, '', '', ''),
(32, 92, 7, '-1', '', ''),
(32, 91, 7, '-1', '', ''),
(32, 90, 7, '-1', '', ''),
(32, 89, 7, '-1', '', ''),
(32, 88, 7, '-1', '', ''),
(31, 137, 1, '0', '1', ''),
(31, 136, 1, '1', '', ''),
(31, 135, 1, '0', '1', ''),
(31, 134, 1, '1', '', ''),
(31, 133, 1, '0', '', ''),
(31, 132, 1, '1', '', ''),
(31, 131, 1, '0', '1', ''),
(31, 130, 1, '2', '1', ''),
(31, 129, 1, '0', '', ''),
(31, 128, 1, '1', '', ''),
(30, 158, 1, '', '', ''),
(30, 157, 1, '', '', ''),
(23, 137, 8, '', '', ''),
(23, 136, 8, '', '', ''),
(23, 135, 8, '', '', ''),
(23, 134, 8, '', '', ''),
(23, 133, 8, '', '', ''),
(23, 132, 8, '', '', ''),
(23, 131, 8, '', '', ''),
(23, 130, 8, '', '', ''),
(23, 129, 8, '', '', ''),
(23, 128, 8, '-1', '', ''),
(50, 346, 1, '0', '', ''),
(50, 351, 1, '-1', '', ''),
(12, 59, 8, '-1', '0', ''),
(12, 60, 8, '', '', ''),
(12, 61, 8, '', '', ''),
(12, 62, 8, '', '', ''),
(12, 63, 8, '', '', ''),
(12, 64, 8, '', '', ''),
(12, 65, 8, '', '', ''),
(12, 66, 8, '', '', ''),
(12, 67, 8, '', '', ''),
(12, 68, 8, '', '', ''),
(12, 69, 8, '', '', ''),
(12, 70, 8, '', '', ''),
(12, 71, 8, '', '', ''),
(12, 72, 8, '', '', ''),
(12, 73, 8, '', '', ''),
(12, 74, 8, '', '', ''),
(12, 75, 8, '', '', ''),
(12, 76, 8, '', '', ''),
(12, 77, 8, '', '', ''),
(12, 78, 8, '', '', ''),
(19, 117, 5, '', '', ''),
(19, 116, 5, '', '', ''),
(19, 115, 5, '', '', ''),
(19, 114, 5, '', '', ''),
(19, 113, 5, '', '', ''),
(19, 112, 5, '', '', ''),
(19, 111, 5, '', '', ''),
(19, 110, 5, '', '', ''),
(19, 109, 5, '', '', ''),
(19, 108, 5, '', '', ''),
(19, 107, 5, '', '', ''),
(19, 106, 5, '', '', ''),
(19, 105, 5, '', '', ''),
(19, 104, 5, '', '', ''),
(19, 103, 5, '', '', ''),
(19, 102, 5, '', '', ''),
(19, 101, 5, '', '', ''),
(19, 100, 5, '', '', ''),
(19, 99, 5, '', '', ''),
(19, 98, 5, '', '', ''),
(19, 97, 5, '', '', ''),
(19, 96, 5, '', '', ''),
(19, 95, 5, '', '', ''),
(19, 94, 5, '', '', ''),
(19, 93, 5, '', '', ''),
(19, 92, 5, '', '', ''),
(19, 91, 5, '', '', ''),
(19, 90, 5, '', '', ''),
(19, 89, 5, '', '', ''),
(19, 88, 5, '0', '1', ''),
(30, 156, 1, '', '', ''),
(30, 155, 1, '', '', ''),
(30, 154, 1, '', '', ''),
(30, 153, 1, '', '', ''),
(30, 152, 1, '', '', ''),
(30, 151, 1, '', '', ''),
(30, 149, 1, '', '', ''),
(30, 148, 1, '-1', '', ''),
(29, 117, 1, '', '', ''),
(29, 115, 1, '', '', ''),
(29, 113, 1, '', '', ''),
(29, 112, 1, '', '', ''),
(29, 111, 1, '', '', ''),
(29, 110, 1, '', '', ''),
(29, 109, 1, '', '', ''),
(29, 108, 1, '', '', ''),
(29, 107, 1, '', '', ''),
(29, 106, 1, '', '', ''),
(29, 105, 1, '', '', ''),
(29, 104, 1, '', '', ''),
(29, 103, 1, '', '', ''),
(29, 102, 1, '', '', ''),
(29, 101, 1, '', '', ''),
(29, 100, 1, '', '', ''),
(29, 99, 1, '', '', ''),
(29, 98, 1, '', '', ''),
(57, 121, 1, '-1', '', ''),
(57, 120, 1, '-1', '', ''),
(57, 119, 1, '-1', '', ''),
(57, 118, 1, '-1', '', ''),
(56, 117, 9, '2', '1', ''),
(56, 114, 9, '1', '1', ''),
(56, 113, 9, '1', '', ''),
(56, 111, 9, '1', '', ''),
(56, 108, 9, '2', '1', ''),
(56, 107, 9, '1', '', ''),
(54, 127, 5, '-1', '', ''),
(54, 126, 5, '-1', '', ''),
(54, 125, 5, '-1', '', ''),
(54, 124, 5, '-1', '', ''),
(54, 123, 5, '2', '1', ''),
(54, 122, 5, '-1', '', ''),
(54, 121, 5, '1', '', ''),
(54, 120, 5, '3', '1', ''),
(54, 119, 5, '0', '', ''),
(54, 118, 5, '1', '1', ''),
(29, 116, 1, '', '', ''),
(29, 114, 1, '', '', ''),
(29, 97, 1, '', '', ''),
(29, 96, 1, '', '', ''),
(29, 95, 1, '', '', ''),
(29, 94, 1, '', '', ''),
(29, 93, 1, '', '', ''),
(29, 92, 1, '', '', ''),
(29, 91, 1, '', '', ''),
(29, 90, 1, '', '', ''),
(29, 89, 1, '', '', ''),
(29, 88, 1, '', '', ''),
(28, 168, 1, '', '', ''),
(28, 167, 1, '-1', '', ''),
(28, 166, 1, '-1', '', ''),
(28, 165, 1, '-1', '', ''),
(28, 164, 1, '-1', '', ''),
(28, 163, 1, '-1', '', ''),
(28, 162, 1, '-1', '', ''),
(28, 161, 1, '-1', '', ''),
(28, 160, 1, '-1', '', ''),
(28, 159, 1, '-1', '', ''),
(27, 147, 1, '', '', ''),
(27, 146, 1, '-1', '', ''),
(27, 145, 1, '-1', '', ''),
(27, 144, 1, '-1', '', ''),
(27, 143, 1, '-1', '', ''),
(27, 142, 1, '-1', '', ''),
(50, 358, 1, '-1', '', ''),
(27, 141, 1, '-1', '', ''),
(27, 140, 1, '-1', '', ''),
(27, 139, 1, '-1', '', ''),
(27, 138, 1, '-1', '', ''),
(26, 177, 1, '', '', ''),
(26, 176, 1, '', '', ''),
(26, 175, 1, '-1', '', ''),
(26, 174, 1, '-1', '', ''),
(26, 173, 1, '-1', '', ''),
(26, 172, 1, '-1', '', ''),
(26, 171, 1, '-1', '', ''),
(26, 170, 1, '-1', '', ''),
(26, 169, 1, '-1', '', ''),
(26, 85, 1, '0', '1', ''),
(47, 261, 5, '', '', ''),
(24, 177, 4, '', '', ''),
(24, 176, 4, '', '', ''),
(24, 175, 4, '', '', ''),
(24, 174, 4, '', '', ''),
(24, 173, 4, '', '', ''),
(24, 172, 4, '', '', ''),
(24, 171, 4, '', '', ''),
(24, 170, 4, '', '', ''),
(24, 169, 4, '', '', ''),
(24, 85, 4, '', '', '');

-- --------------------------------------------------------

--
-- Table structure for table `AT_tests_groups`
--

CREATE TABLE IF NOT EXISTS `AT_tests_groups` (
  `test_id` mediumint(8) unsigned NOT NULL default '0',
  `group_id` mediumint(8) unsigned NOT NULL default '0',
  PRIMARY KEY  (`test_id`,`group_id`),
  KEY `test_id` (`test_id`)
) ENGINE=MyISAM DEFAULT CHARSET=utf8;

--
-- Dumping data for table `AT_tests_groups`
--


-- --------------------------------------------------------

--
-- Table structure for table `AT_tests_questions`
--

CREATE TABLE IF NOT EXISTS `AT_tests_questions` (
  `question_id` mediumint(8) unsigned NOT NULL auto_increment,
  `category_id` mediumint(8) unsigned NOT NULL default '0',
  `course_id` mediumint(8) unsigned NOT NULL default '0',
  `type` tinyint(3) unsigned NOT NULL default '0',
  `feedback` text NOT NULL,
  `question` text NOT NULL,
  `choice_0` text NOT NULL,
  `choice_1` text NOT NULL,
  `choice_2` text NOT NULL,
  `choice_3` text NOT NULL,
  `choice_4` text NOT NULL,
  `choice_5` text NOT NULL,
  `choice_6` text NOT NULL,
  `choice_7` text NOT NULL,
  `choice_8` text NOT NULL,
  `choice_9` text NOT NULL,
  `answer_0` tinyint(4) NOT NULL default '0',
  `answer_1` tinyint(4) NOT NULL default '0',
  `answer_2` tinyint(4) NOT NULL default '0',
  `answer_3` tinyint(4) NOT NULL default '0',
  `answer_4` tinyint(4) NOT NULL default '0',
  `answer_5` tinyint(4) NOT NULL default '0',
  `answer_6` tinyint(4) NOT NULL default '0',
  `answer_7` tinyint(4) NOT NULL default '0',
  `answer_8` tinyint(4) NOT NULL default '0',
  `answer_9` tinyint(4) NOT NULL default '0',
  `option_0` text NOT NULL,
  `option_1` text NOT NULL,
  `option_2` text NOT NULL,
  `option_3` text NOT NULL,
  `option_4` text NOT NULL,
  `option_5` text NOT NULL,
  `option_6` text NOT NULL,
  `option_7` text NOT NULL,
  `option_8` text NOT NULL,
  `option_9` text NOT NULL,
  `properties` tinyint(4) NOT NULL default '0',
  `content_id` mediumint(8) NOT NULL default '0',
  PRIMARY KEY  (`question_id`),
  KEY `category_id` (`category_id`)
) ENGINE=MyISAM  DEFAULT CHARSET=utf8 AUTO_INCREMENT=364 ;

--
-- Dumping data for table `AT_tests_questions`
--

INSERT INTO `AT_tests_questions` (`question_id`, `category_id`, `course_id`, `type`, `feedback`, `question`, `choice_0`, `choice_1`, `choice_2`, `choice_3`, `choice_4`, `choice_5`, `choice_6`, `choice_7`, `choice_8`, `choice_9`, `answer_0`, `answer_1`, `answer_2`, `answer_3`, `answer_4`, `answer_5`, `answer_6`, `answer_7`, `answer_8`, `answer_9`, `option_0`, `option_1`, `option_2`, `option_3`, `option_4`, `option_5`, `option_6`, `option_7`, `option_8`, `option_9`, `properties`, `content_id`) VALUES
(117, 0, 5, 1, '', 'Mobilné prístupové technológie', 'GSM siete umožňujú vysokorýchlostný prenos dát', 'Systémy UMTS patria do druhej generácie mobilných systémov', 'Pre prenos dát v UMTS medzi mobilnou stanicou a sieťou za využíva princíp CDMA', 'Protokol WAP využíva SMS ako informaÄný mechanizmus', '', '', '', '', '', '', 0, 0, 1, 0, 0, 0, 0, 0, 0, 0, '', '', '', '', '', '', '', '', '', '', 5, 0),
(104, 0, 5, 1, '', 'Ktorý príkaz môže poslať aj volací agent aj brána?', 'Vytvorenia spojenia', 'Kontrola spojenia', 'Reštart priebehu', 'Zrušenie spojenia', '', '', '', '', '', '', 0, 0, 0, 1, 0, 0, 0, 0, 0, 0, '', '', '', '', '', '', '', '', '', '', 5, 0),
(105, 0, 5, 1, '', 'Protokol MEGACO v porovnaní s MGCP ...', 'je starší', 'nemá niÄ spoloÄné', 'môže riadiť menej dátových tokov súÄasne', 'môže riadiť viac dátových tokov súÄasne', '', '', '', '', '', '', 0, 0, 0, 1, 0, 0, 0, 0, 0, 0, '', '', '', '', '', '', '', '', '', '', 5, 0),
(106, 0, 5, 1, '', 'Signalling Gateway ...', 'sa vôbec neuplatňuje v sieti', 'riadi koncové body v sieti', 'neukonÄuje signalizaÄné kanály iných sietí, napr. CCS 7', 'ukonÄuje signalizaÄné kanály iných sietí, napr. CCS 7', '', '', '', '', '', '', 0, 0, 0, 1, 0, 0, 0, 0, 0, 0, '', '', '', '', '', '', '', '', '', '', 5, 0),
(107, 0, 5, 1, '', 'Media Gateway ...', 'riadi len jeden koncový bod', 'sa vôbec neuplatňuje v sieti', 'je riadený pomocou Signalling Gateway', 'riadi jeden alebo viacero koncových bodov', '', '', '', '', '', '', 0, 0, 0, 1, 0, 0, 0, 0, 0, 0, '', '', '', '', '', '', '', '', '', '', 5, 0),
(108, 0, 5, 1, '', 'ISDN', 'ISDN funguje na princípe analógového prenosu údajov', 'BRA je základná prípojka, ktorá obsahuje 2D+1B kanálov', 'Rýchlosť prenosu hlasu, dát a videa po B kanály je 64 kbps', 'Služby ISDN možno rozdeliť do dvoch skupín: transportné a multimediálne', '', '', '', '', '', '', 0, 0, 1, 0, 0, 0, 0, 0, 0, 0, '', '', '', '', '', '', '', '', '', '', 5, 0),
(109, 0, 5, 1, '', 'xDSL', 'Technológia xDSL umožňuje vysokorýchlostný prenos dát prostredníctvom siete LAN', 'Pri ADSL je rýchlosť upstreamu väÄšia ako downstreamu', 'DMT je modulaÄná technika, ktorá delí prenosové pásmo pomocou frekvenÄného  multiplexu', 'Najrýchlejšou prenosovou xDSL technológiou je HDSL', '', '', '', '', '', '', 0, 0, 1, 0, 0, 0, 0, 0, 0, 0, '', '', '', '', '', '', '', '', '', '', 5, 0),
(110, 0, 5, 1, '', 'Optické prístupové siete', 'ZabezpeÄujú vysokorýchlostný prenos dát', 'Z technického hľadiska je najlepším riešením FTTC', 'Riešenie FTTC znamená, že sa optické vlákno privedie až ku koncovému užívateľovi', 'Pri FTTC sú jednotlivé prípojky vedené z rozvádzaÄa k miestam svojho urÄenia štýlom "do kruhu"', '', '', '', '', '', '', 1, 0, 0, 0, 0, 0, 0, 0, 0, 0, '', '', '', '', '', '', '', '', '', '', 5, 0),
(111, 0, 5, 1, '', 'CATV', 'CATV je technológia, pomocou ktorej sa užívatelia pripájajú do verejnej telefónnej siete', 'Na prenos dát sa využíva klasická krútená dvojlinka', 'Na pripojenie do siete sa využívajú klasické analógové modemy', 'Najpoužívanejším typom modulácie je QAM, prípadne QPSK', '', '', '', '', '', '', 0, 0, 0, 1, 0, 0, 0, 0, 0, 0, '', '', '', '', '', '', '', '', '', '', 5, 0),
(95, 0, 5, 1, '', 'Ktoré z uvedených tvrdení je nepravdivé?', 'Prístupová vrstva poskytuje infraštruktúru pre prístup koncových zariadení.', 'Transportná vrstva zabezpeÄuje prenos medzi uzlami siete.', 'Mediálna vrstva obsahuje iba prepínaÄe a smerovaÄe.', 'Vo vrstve sieťových služieb je decentralizovaná inteligencia siete.', '', '', '', '', '', '', 0, 1, 0, 0, 0, 0, 0, 0, 0, 0, '', '', '', '', '', '', '', '', '', '', 5, 0),
(96, 0, 5, 1, '', 'Dekompozícia sieťových uzlov predstavuje ?', 'Monolitické bloky obsahujúce vlastné prepínacie matice', 'Monolitické bloky obsahujúce obvody linkových rozhraní', 'Decentralizáciu jednotlivých funkcií', 'Centralizáciu jednotlivých funkcií', '', '', '', '', '', '', 0, 0, 0, 1, 0, 0, 0, 0, 0, 0, '', '', '', '', '', '', '', '', '', '', 5, 0),
(97, 0, 5, 1, '', 'Vrstva sieťových služieb rozlišuje aj nasledovný model poskytovania služieb', 'webovské služby inšpirované Internetom s centralizovanou inteligenciou.', 'služby opierajúce sa o funkcie serverov riadiacej úrovne s centralizovanou inteligenciou.', 'služby opierajúce sa o funkcie serverov riadiacej úrovne s decentralizovanou inteligenciou.', 'služby ponúkané len na sieťových prostriedkoch poskytovateľov služieb, \r\nktorí majú vlastnú infraštruktúru.', '', '', '', '', '', '', 0, 1, 0, 0, 0, 0, 0, 0, 0, 0, '', '', '', '', '', '', '', '', '', '', 5, 0),
(98, 0, 5, 1, '', 'Brány v NGN sieťach sú lokalizované na ...', 'prístupovej a transportnej vrstve.', 'Mediálnej vrstve.', 'riadiacej vrstve.', 'vrstve sieťových služieb', '', '', '', '', '', '', 0, 1, 0, 0, 0, 0, 0, 0, 0, 0, '', '', '', '', '', '', '', '', '', '', 5, 0),
(99, 0, 5, 1, '', 'Trunking Gateway je ...', 'brána urÄená na riešenie kľúÄových úloh pri domácich sieťach.', 'brána medzi telefónnou sieťou a inými sieťami.', 'prestupová brána medzi PSTN a NGN sieťami.', 'brána urÄená na prepájanie hlasu medzi PSTN a NGN sieťami.', '', '', '', '', '', '', 0, 0, 1, 0, 0, 0, 0, 0, 0, 0, '', '', '', '', '', '', '', '', '', '', 5, 0),
(100, 0, 5, 1, '', 'SignalizaÄná brána môže byť realizovaná ako ...', 'iba ako samostatná brána.', 'iba ako súÄasť inej brány ( AGW, TGW,…)', 'iba prostredníctvom iného zariadenia.', 'ako súÄasť iného zariadenia, napr. Softswitchu.', '', '', '', '', '', '', 0, 0, 0, 1, 0, 0, 0, 0, 0, 0, '', '', '', '', '', '', '', '', '', '', 5, 0),
(101, 0, 5, 1, '', 'V prípade hlasovej brány dochádza k implementovaniu ...', 'rôznych širokopásmovych prístupových technológií', 'logiky centrálneho riadenia', 'logiky riadenia hovorov', 'niekoľkých domácich sieťových riešení.', '', '', '', '', '', '', 0, 0, 1, 0, 0, 0, 0, 0, 0, 0, '', '', '', '', '', '', '', '', '', '', 5, 0),
(102, 0, 5, 1, '', 'Na Äo slúži protokol MGCP?', 'Na sťahovanie dát zo siete', 'Na šifrovaný prenos', 'Na zjednodušenie štandardov pre prenos hlasu cez IP siete', 'Na prenos cez WiFi sieť', '', '', '', '', '', '', 0, 0, 1, 0, 0, 0, 0, 0, 0, 0, '', '', '', '', '', '', '', '', '', '', 5, 0),
(103, 0, 5, 1, '', 'MGCP je navrhnutý ...', 'Pre sieť ATM', 'Pre sieťové architektúry s centrálnym riadením', 'Len pre sieť ISDN', 'Pre sieťové architektúry s distribuovaným riadením', '', '', '', '', '', '', 0, 1, 0, 0, 0, 0, 0, 0, 0, 0, '', '', '', '', '', '', '', '', '', '', 5, 0),
(88, 0, 5, 1, '', 'Definujte, Äo znamená pojem NGN ?', 'Next Generation Network', 'New Generation Network', 'Narrow Generation Network', 'New Group of Networks', '', '', '', '', '', '', 1, 0, 0, 0, 0, 0, 0, 0, 0, 0, '', '', '', '', '', '', '', '', '', '', 5, 0),
(89, 0, 5, 1, '', 'Pre aké služby sú NGN siete využiteľné ?', 'Audio, Video', 'Dáta', 'Audio, Video a Dáta', 'Audio, Dáta', '', '', '', '', '', '', 0, 0, 1, 0, 0, 0, 0, 0, 0, 0, '', '', '', '', '', '', '', '', '', '', 5, 0),
(90, 0, 5, 1, '', 'Ktorý z parametrov je charakteristický pre NGN siete?', 'Bitovo orientovaný prenos', 'Rámcovo orientovaný prenos', 'Paketovo orientovaný prenos', 'Bajtovo orientovaný prenos', '', '', '', '', '', '', 0, 0, 1, 0, 0, 0, 0, 0, 0, 0, '', '', '', '', '', '', '', '', '', '', 5, 0),
(91, 0, 5, 1, '', 'NaÄo slúži prístupová brána v NGN sieťach?', 'Slúži na prepojenie sietí založených na rovnakých komunikaÄných protokoloch', 'Slúži na prepojenie sietí založených na rovnakých riadiacich protokoloch', 'Slúži na prepojenie sietí založených na podobných riadiacich protokoloch.', 'Slúži na prepojenie sietí založených na rôznych riadiacich protokoloch', '', '', '', '', '', '', 0, 0, 0, 1, 0, 0, 0, 0, 0, 0, '', '', '', '', '', '', '', '', '', '', 5, 0),
(92, 0, 5, 1, '', 'Kde zohráva hlavnú úlohu rezidenÄná brána?', 'Pri podpore prístupovej brány', 'Pri riešení domácej siete', 'Pri video-telefónii', 'Pri zvýšenej sofwarovej ochrane', '', '', '', '', '', '', 0, 1, 0, 0, 0, 0, 0, 0, 0, 0, '', '', '', '', '', '', '', '', '', '', 5, 0),
(93, 0, 5, 1, '', 'Ktorá z možností sa nachádza v riešení migrácie k NGN sieťam od firmy Alcatel pod názvom konsolidácia?', 'Spojenie fixnej a mobilnej siete', 'Maximálne využitie už zavedenej PSTN infrašturktúry', 'Ponechanie zavedenej PSTN infraštrukúry a zavedenie overlay NGN siete', 'Náhrada PSTN prvkov ekvivalentnými NGN prvkami', '', '', '', '', '', '', 0, 1, 0, 0, 0, 0, 0, 0, 0, 0, '', '', '', '', '', '', '', '', '', '', 5, 0),
(94, 0, 5, 1, '', 'Ktorá z možností sa nachádza v riešení migrácie k NGN sieťam od firmy Alcatel pod názvom expanzia?', 'Spojenie fixnej a mobilnej siete', 'Maximálne využitie už zavedenej PSTN infrašturktúry', 'Ponechanie zavedenej PSTN infraštrukúry a zavedenie overlay NGN siete', 'Náhrada PSTN prvkov ekvivalentnými NGN prvkami', '', '', '', '', '', '', 0, 0, 1, 0, 0, 0, 0, 0, 0, 0, '', '', '', '', '', '', '', '', '', '', 5, 0),
(116, 0, 5, 1, '', 'PLC', 'Technológia PLC využíva na prenos dát elektrické rozvodové siete', 'NN rozvodná sústava zabezpeÄuje prenos bez útlmu signálu', 'Návrh PLC systému je jednoduchší oproti klasickým systémom', 'Najpopulárnejšou verziou PLC technológie je tzv. outdoor aplikácia', '', '', '', '', '', '', 1, 0, 0, 0, 0, 0, 0, 0, 0, 0, '', '', '', '', '', '', '', '', '', '', 5, 0),
(114, 0, 5, 1, '', 'Mikrovlnné pripojenie (sieť WLAN)', 'Siete WLAN fungujú v licenÄnom pásme na frekvencii 2,4 GHz', 'Na šifrovanie prenášaných dát sa používa algoritmus WEP', 'Pri type Infrastructure komunikujú medzi sebou len bezdrôtové zariadenia', 'V Ad-hoc sieťach existuje centrálny prístupový bod', '', '', '', '', '', '', 0, 1, 0, 0, 0, 0, 0, 0, 0, 0, '', '', '', '', '', '', '', '', '', '', 5, 0),
(115, 0, 5, 1, '', 'Ethernet in the First Mile', 'V sieťach EFM sa používa jednotný protokol', 'Zariadenia EFM sú zložitejšie ako zariadenia iných prístupových technológií', 'Siete EFM využívajú na prenos len optické vlákna', 'Rozlišujeme dva druhy Ethernetu: hrubý a tenký', '', '', '', '', '', '', 1, 0, 0, 0, 0, 0, 0, 0, 0, 0, '', '', '', '', '', '', '', '', '', '', 5, 0),
(112, 0, 5, 1, '', 'Satelitné technológie', 'GSM siete umožňujú vysokorýchlostný prenos dát', 'Systémy UMTS patria do druhej generácie mobilných systémov', 'Pre prenos dát v UMTS medzi mobilnou stanicou a sieťou za využíva princíp CDMA', 'Protokol WAP využíva SMS ako informaÄný mechanizmus', '', '', '', '', '', '', 0, 0, 1, 0, 0, 0, 0, 0, 0, 0, '', '', '', '', '', '', '', '', '', '', 5, 0),
(113, 0, 5, 1, '', 'FWA', 'Prístupová sieť je postavená na systéme LMDS', 'FWA má kvalitu prenosu porovnateľnú s metalickým vedením', 'Pripojenie užívateľa do siete je zložité a zdĺhavé', 'Medzi užívateľským terminálom a bázovou stanicou nemusí byt priama viditeľnosť', '', '', '', '', '', '', 1, 0, 0, 0, 0, 0, 0, 0, 0, 0, '', '', '', '', '', '', '', '', '', '', 5, 0),
(145, 3, 6, 1, '', 'Cell based interface (Natívne rozhranie) používa na výpoÄet HEC:', '28 bitov prichádzajúceho toku', '30 bitov prichádzajúceho toku', '32 bitov prichádzajúceho toku', '48 bitov prichádzajúceho toku', '', '', '', '', '', '', 0, 0, 1, 0, 0, 0, 0, 0, 0, 0, '', '', '', '', '', '', '', '', '', '', 5, 0),
(146, 3, 6, 1, '', 'ATM vrstva sa skladá:', 'iba z nezávislej sieťovej vrstvy – úroveň virtuálnych spojení', 'zo závislej sieťovej vrstvy – úroveň virtuálnych spojení a úroveň virtuálnych ciest', 'zo závislej sieťovej vrstvy – úroveň virtuálnych spojení a úroveň virtuálnych ciest', 'z nezávislej sieťovej vrstvy – úroveň virtuálnych spojení a úroveň virtuálnych ciest', '', '', '', '', '', '', 0, 0, 0, 1, 0, 0, 0, 0, 0, 0, '', '', '', '', '', '', '', '', '', '', 5, 0),
(147, 3, 6, 1, '', 'ATM bunka má:', '50 bajtov', '53 bajtov', '52 bajtov', '51 bajtov', '', '', '', '', '', '', 0, 1, 0, 0, 0, 0, 0, 0, 0, 0, '', '', '', '', '', '', '', '', '', '', 5, 0),
(148, 11, 6, 1, '', 'B-NT1 (Broadband Network Termination)', 'zahŕňa funkcie fyzickej, ale aj funkcie vyšších vrstiev referenÄného modelu B-ISDN', 'zahŕňa funkcie, ktoré odpovedajú fyzickej vrstve referenÄného modelu B-ISDN', 'zahŕňa funkcie, ktoré odpovedajú funkÄnej skupine B-TE', 'zahŕňa funkcie, ktoré odpovedajú funkÄnej skupine B-TE, ale má rozhranie, ktoré neodpovedá odporuÄeniam ITU-T', '', '', '', '', '', '', 0, 1, 0, 0, 0, 0, 0, 0, 0, 0, '', '', '', '', '', '', '', '', '', '', 5, 0),
(149, 11, 6, 1, '', 'B-NT2 (Broadband Network Termination)', 'zahŕňa funkcie fyzickej, ale aj funkcie vyšších vrstiev referenÄného modelu B-ISDN', 'zahŕňa funkcie, ktoré odpovedajú fyzickej vrstve referenÄného modelu B-ISDN', 'zahŕňa funkcie, ktoré odpovedajú funkÄnej skupine B-TE', 'zahŕňa funkcie, ktoré odpovedajú funkÄnej skupine B-TE, ale má rozhranie, ktoré neodpovedá odporuÄeniam ITU-T', '', '', '', '', '', '', 1, 0, 0, 0, 0, 0, 0, 0, 0, 0, '', '', '', '', '', '', '', '', '', '', 5, 0),
(143, 3, 6, 1, '', 'Physical Medium Sublayer (Podpora fyzického média) zodpovedá:', 'iba za správny prenos bitov', 'iba za správny príjem bitov', 'za správny prenos a príjem bitov', 'nezodpovedá ani za prenos, ani za príjem', '', '', '', '', '', '', 0, 0, 1, 0, 0, 0, 0, 0, 0, 0, '', '', '', '', '', '', '', '', '', '', 5, 0),
(140, 3, 6, 1, '', 'Control plane (Riadiaca rovina) zabezpeÄuje:', 'predovšetkým funkcie výstavby spojenia a dohľad nad spojením pomocou signalizácie', 'prenos používateľských dát', 'manažment vrstiev a manažment rovín', 'riadiace funkcie', '', '', '', '', '', '', 1, 0, 0, 0, 0, 0, 0, 0, 0, 0, '', '', '', '', '', '', '', '', '', '', 5, 0),
(141, 3, 6, 1, '', 'Management plane (Rovina manažmentu) zabezpeÄuje:', 'predovšetkým funkcie výstavby spojenia a dohľad nad spojením pomocou signalizácie', 'prenos používateľských dát', 'manažment vrstiev a manažment rovín', 'riadiace funkcie', '', '', '', '', '', '', 0, 0, 1, 0, 0, 0, 0, 0, 0, 0, '', '', '', '', '', '', '', '', '', '', 5, 0),
(142, 3, 6, 1, '', 'Plane management (Manažment rovín) zabezpeÄuje:', 'prenos používateľských dát', 'riadiace funkcie', 'predovšetkým funkcie výstavby spojenia a dohľad nad spojením pomocou signalizácie', 'manažment vrstiev a manažment rovín', '', '', '', '', '', '', 0, 1, 0, 0, 0, 0, 0, 0, 0, 0, '', '', '', '', '', '', '', '', '', '', 5, 0),
(158, 11, 6, 1, '', 'Z Äoho sa skladá virtuálny kontajner?', 'z virtuálneho kontajnera a pointera', 'z hlaviÄky cesty POH a kontajnera', 'z hlaviÄky sekcie a skupiny administratívnych jednotiek', 'zo skupiny prítokových jednotiek', '', '', '', '', '', '', 0, 1, 0, 0, 0, 0, 0, 0, 0, 0, '', '', '', '', '', '', '', '', '', '', 5, 0),
(159, 12, 6, 1, '', 'Z Äoho sa skladá výsledný STM-1 rámec?', 'z virtuálneho kontajnera a pointera', 'z hlaviÄky cesty POH a kontajnera', 'z hlaviÄky sekcie a skupiny administratívnych jednotiek', 'zo skupiny prítokových jednotiek', '', '', '', '', '', '', 0, 0, 1, 0, 0, 0, 0, 0, 0, 0, '', '', '', '', '', '', '', '', '', '', 5, 0),
(151, 11, 6, 7, '', 'B-TE1 (Broadband Network Termination)', 'zahŕňa funkcie fyzickej, ale aj funkcie vyšších vrstiev referenÄného modelu B-ISDN', 'zahŕňa funkcie, ktoré odpovedajú fyzickej vrstve referenÄného modelu B-ISDN', 'zahŕňa funkcie, ktoré odpovedajú funkÄnej skupine B-TE', 'má rozhranie, ktoré neodpovedá odporuÄeniam ITU-T', '', '', '', '', '', '', 0, 0, 1, 1, 0, 0, 0, 0, 0, 0, '', '', '', '', '', '', '', '', '', '', 0, 0),
(152, 11, 6, 1, '', 'Veľkosť NSAP ATM adries je:', '32 bajtov', '20 bajtov', '48 bajtov', '64 bajtov', '', '', '', '', '', '', 0, 1, 0, 0, 0, 0, 0, 0, 0, 0, '', '', '', '', '', '', '', '', '', '', 5, 0),
(153, 11, 6, 1, '', 'SDH je štandart:', 'celosvetový', 'európsky', 'nieje to štandart', 'tento štandart platí len v USA', '', '', '', '', '', '', 1, 0, 0, 0, 0, 0, 0, 0, 0, 0, '', '', '', '', '', '', '', '', '', '', 5, 0),
(154, 11, 6, 1, '', 'Aká je základná prenosová rýchlost rámca STM-1?', '156.520 Mbps', '155,520 Mbps', '2,048 Mbps', '622Mbps', '', '', '', '', '', '', 0, 1, 0, 0, 0, 0, 0, 0, 0, 0, '', '', '', '', '', '', '', '', '', '', 5, 0),
(155, 11, 6, 1, '', 'Z koľkých Äastí sa skladá prenosový rámec?', '2', '3', '4', '5', '', '', '', '', '', '', 0, 1, 0, 0, 0, 0, 0, 0, 0, 0, '', '', '', '', '', '', '', '', '', '', 5, 0),
(156, 11, 6, 1, '', 'Co znamená skratka Payload?', 'hlaviÄka', 'pointer', 'informácia', 'preambula', '', '', '', '', '', '', 0, 0, 1, 0, 0, 0, 0, 0, 0, 0, '', '', '', '', '', '', '', '', '', '', 5, 0),
(157, 11, 6, 1, '', 'Z Äoho sa skladá prítoková jednotka?', 'z virtuálneho kontajnera a pointera', 'z hlaviÄky cesty POH a kontajnera', 'z hlaviÄky sekcie a skupiny administratívnych jednotiek', 'zo skupiny prítokových jednotiek', '', '', '', '', '', '', 1, 0, 0, 0, 0, 0, 0, 0, 0, 0, '', '', '', '', '', '', '', '', '', '', 5, 0),
(144, 3, 6, 1, '', 'Cell based interface (Natívne rozhranie):', 'prenáša bunky každých 5ms', 'prenáša bunky každé 4ms', 'prenáša bunky nepretržite', 'prenáša bunky každú 1ms', '', '', '', '', '', '', 0, 0, 1, 0, 0, 0, 0, 0, 0, 0, '', '', '', '', '', '', '', '', '', '', 5, 0),
(118, 4, 6, 1, '', 'Prístupovú sieť technológie xDSL tvoria:', 'koaxiálne káblové rozvody', 'metalické telefónne linky', 'optické káblové rozvody', 'elektrické rozvody', '', '', '', '', '', '', 0, 1, 0, 0, 0, 0, 0, 0, 0, 0, '', '', '', '', '', '', '', '', '', '', 5, 0),
(119, 4, 6, 1, '', 'Základné prvky siete založenej na technológii xDSL sú:', 'káblový modem, splitter, diplexný filter a CMTS', 'CPE, HG a HE', 'modem, DSLAM, ATM (Ethernet) switch a BRAS', 'ONU/ONT, rozdeľovaÄ a CO-OLT', '', '', '', '', '', '', 0, 0, 1, 0, 0, 0, 0, 0, 0, 0, '', '', '', '', '', '', '', '', '', '', 5, 0),
(120, 4, 6, 1, '', 'Pri prvej generácii xDSL dominoval v sieti protokol:', 'IP', 'Ethernet', 'MPLS', 'ATM', '', '', '', '', '', '', 0, 0, 0, 1, 0, 0, 0, 0, 0, 0, '', '', '', '', '', '', '', '', '', '', 5, 0),
(121, 4, 6, 1, '', 'Predmetom prvého kroku migrácie xDSL od tradiÄných sietí smerom k IP bolo:', 'nahradenie protokolu Ethernet protokolom ATM v konvergentnej Äasti siete', 'nahradenie protokolu ATM protokolom Ethernet v Äasti digitálnej úÄastníckej sluÄky', 'nahradenie protokolu ATM protokolom Ethernet v konvergentnej Äasti siete', 'nahradenie protokolu Ethernet protokolom ATM v Äasti digitálnej úÄastníckej sluÄky', '', '', '', '', '', '', 0, 0, 1, 0, 0, 0, 0, 0, 0, 0, '', '', '', '', '', '', '', '', '', '', 5, 0),
(122, 4, 6, 1, '', 'Predmetom druhého kroku migrácie xDSL od tradiÄných sietí smerom k IP bolo:', 'nahradenie protokolu ATM protokolom Ethernet v Äasti digitálnej úÄastníckej sluÄky', 'nahradenie protokolu Ethernet protokolom ATM v konvergentnej Äasti siete', 'nahradenie protokolu ATM protokolom Ethernet v konvergentnej Äasti siete', 'nahradenie protokolu Ethernet protokolom ATM v Äasti digitálnej úÄastníckej sluÄky', '', '', '', '', '', '', 1, 0, 0, 0, 0, 0, 0, 0, 0, 0, '', '', '', '', '', '', '', '', '', '', 5, 0),
(123, 4, 6, 1, '', 'Prístupovú sieť technológie HFC tvoria:', 'optické káblové rozvody', 'metalické telefónne linky', 'koaxiálne káblové rozvody', 'elektrické rozvody', '', '', '', '', '', '', 0, 0, 1, 0, 0, 0, 0, 0, 0, 0, '', '', '', '', '', '', '', '', '', '', 5, 0),
(124, 4, 6, 1, '', 'Základné prvky siete založenej na technológii HFC sú:', 'káblový modem, splitter, diplexný filter a CMTS', 'modem, DSLAM, ATM (Ethernet) switch a BRAS', 'CPE, HG a HE', 'ONU/ONT, rozdeľovaÄ a CO-OLT', '', '', '', '', '', '', 1, 0, 0, 0, 0, 0, 0, 0, 0, 0, '', '', '', '', '', '', '', '', '', '', 5, 0),
(125, 4, 6, 1, '', 'Štruktúra prvotných HFC sietí bola:', 'kruhová', 'stromová', 'hviezdicová', 'zbernicová', '', '', '', '', '', '', 0, 1, 0, 0, 0, 0, 0, 0, 0, 0, '', '', '', '', '', '', '', '', '', '', 5, 0),
(126, 4, 6, 1, '', 'Funkciou CMTS v HFC sieťach je:', 'umožniť obojsmerný prenos cez koaxiálny kábel', 'rozdeliť signál na televízny a dátový', 'integrovať dáta do nosnej siete', 'umožniť pripojenie poÄítaÄa do siete', '', '', '', '', '', '', 0, 0, 1, 0, 0, 0, 0, 0, 0, 0, '', '', '', '', '', '', '', '', '', '', 5, 0),
(127, 4, 6, 1, '', 'Funkciou diplexného filtra v HFC sieťach je:', 'umožniť obojsmerný prenos cez koaxiálny kábel', 'umožniť pripojenie poÄítaÄa do siete', 'integrovať dáta do nosnej siete', 'rozdeliť signál na televízny a dátový', '', '', '', '', '', '', 1, 0, 0, 0, 0, 0, 0, 0, 0, 0, '', '', '', '', '', '', '', '', '', '', 5, 0),
(128, 10, 6, 1, '', 'Prístupovú sieť technológie PLC tvoria:', 'metalické telefónne linky', 'optické káblové rozvody', 'koaxiálne káblové rozvody', 'elektrické rozvody', '', '', '', '', '', '', 0, 0, 0, 1, 0, 0, 0, 0, 0, 0, '', '', '', '', '', '', '', '', '', '', 5, 0),
(129, 10, 6, 1, '', 'Základné prvky siete založenej na technológii PLC sú:', 'káblový modem, splitter, diplexný filter a CMTS', 'CPE, HG a HE', 'modem, DSLAM, ATM (Ethernet) switch a BRAS', 'ONU/ONT, rozdeľovaÄ a CO-OLT', '', '', '', '', '', '', 0, 1, 0, 0, 0, 0, 0, 0, 0, 0, '', '', '', '', '', '', '', '', '', '', 5, 0),
(130, 10, 6, 1, '', 'Prístupovú PLC sieť väÄšinou tvorí:', 'vysokonapäťová sieť', 'sieť stredného napätia', 'nízkonapäťová sieť', 'sieť veľmi vysokého napätia', '', '', '', '', '', '', 0, 0, 1, 0, 0, 0, 0, 0, 0, 0, '', '', '', '', '', '', '', '', '', '', 5, 0),
(131, 10, 6, 1, '', 'Funkciou HeadEnd v PLC sieťach je:', 'tvoriť rozhranie medzi PLC sieťou a chrbticovou sieťou telekomunikaÄného operátora', 'zosilňovať signál pri vstupe do budovy', 'meniť vysoké napätie na nízke', 'umožniť pripojenie poÄítaÄa do siete', '', '', '', '', '', '', 1, 0, 0, 0, 0, 0, 0, 0, 0, 0, '', '', '', '', '', '', '', '', '', '', 5, 0),
(132, 10, 6, 1, '', 'Funkciou HomeGateway v PLC sieťach je:', 'umožniť pripojenie poÄítaÄa do siete', 'meniť vysoké napätie na nízke', 'tvoriť rozhranie medzi PLC sieťou a chrbticovou sieťou telekomunikaÄného operátora', 'zosilňovať signál pri vstupe do budovy', '', '', '', '', '', '', 0, 0, 0, 1, 0, 0, 0, 0, 0, 0, '', '', '', '', '', '', '', '', '', '', 5, 0),
(133, 10, 6, 1, '', 'Prístupovú sieť technológie PON tvoria:', 'elektrické rozvody', 'optické káblové rozvody', 'koaxiálne káblové rozvody', '', 'metalické telefónne linky', '', '', '', '', '', 0, 1, 0, 0, 0, 0, 0, 0, 0, 0, '', '', '', '', '', '', '', '', '', '', 5, 0),
(134, 10, 6, 1, '', 'Základné prvky siete PON sú:', 'CPE, HG a HE', 'káblový modem, splitter, diplexný filter a CMTS', 'modem, DSLAM, ATM (Ethernet) switch a BRAS', 'ONU/ONT, rozdeľovaÄ a CO-OLT', '', '', '', '', '', '', 0, 0, 0, 1, 0, 0, 0, 0, 0, 0, '', '', '', '', '', '', '', '', '', '', 5, 0),
(135, 10, 6, 1, '', 'Technológia PON je založená na prenose:', 'bod-multibod', 'bod-bod', 'multibod-bod', 'multibod-multibod', '', '', '', '', '', '', 1, 0, 0, 0, 0, 0, 0, 0, 0, 0, '', '', '', '', '', '', '', '', '', '', 5, 0),
(136, 10, 6, 1, '', 'Funkciou CO-OLT v sieťach PON je:', 'umožňovať prístup zákazníka k rôznym službám', 'rozvetvovať optický signál', 'spojovať optickú distribuÄnú sieť s hlavnou dátovou, telefónnou a video sieťou', 'spájať optický signál', '', '', '', '', '', '', 0, 0, 1, 0, 0, 0, 0, 0, 0, 0, '', '', '', '', '', '', '', '', '', '', 5, 0),
(137, 10, 6, 1, '', 'Funkciou ONU/ONT v sieťach PON je:rozvetvovať optický signál', 'rozvetvovať optický signál', 'umožňovať prístup zákazníka k rôznym službám', 'spojovať optickú distribuÄnú sieť s hlavnou dátovou, telefónnou a video sieťou', 'spájať optický signál', '', '', '', '', '', '', 1, 0, 0, 0, 0, 0, 0, 0, 0, 0, '', '', '', '', '', '', '', '', '', '', 5, 0),
(138, 3, 6, 1, '', 'Pre prenos užitoÄných dát v sieťach s ATM boli definované :', 'tri triedy služieb (trieda A, B, C)', 'štyri triedy služieb(trieda A, B, C, D)', 'päť tried služieb(trieda A, B, C, D, E)', 'dve triedy služieb (trieda A, B)', '', '', '', '', '', '', 0, 1, 0, 0, 0, 0, 0, 0, 0, 0, '', '', '', '', '', '', '', '', '', '', 5, 0),
(139, 3, 6, 1, '', 'User plane (Rovina používateľa) zabezpeÄuje:', 'predovšetkým funkcie výstavby spojenia a dohľad nad spojením pomocou signalizácie', 'prenos používateľských dát', 'manažment vrstiev a manažment rovín', 'riadiace funkcie', '', '', '', '', '', '', 0, 1, 0, 0, 0, 0, 0, 0, 0, 0, '', '', '', '', '', '', '', '', '', '', 5, 0),
(178, 0, 9, 1, '', 'Skratka ATM znamená:', 'Asymetrický prenosový mód', 'Asynchrónny prenosový mód', 'Asymetrický telekomunikaÄný mód', '', '', '', '', '', '', '', 0, 1, 0, 0, 0, 0, 0, 0, 0, 0, '', '', '', '', '', '', '', '', '', '', 5, 0),
(160, 12, 6, 1, '', 'Aký multiplex používa SDH?', 'bitový', 'bajtový', 'rámcový', 'paketový', '', '', '', '', '', '', 0, 1, 0, 0, 0, 0, 0, 0, 0, 0, '', '', '', '', '', '', '', '', '', '', 5, 0),
(85, 7, 8, 1, '', 'NaÄo slúži prístupová brána v NGN sieťach?', 'Slúži na prepojenie sietí založených na rôznych riadiacich protokoloch', 'Slúži na prepojenie sietí založených na rovnakých riadiacich protokoloch', 'Slúži na prepojenie sietí založených na podobných riadiacich protokoloch', 'Neslúži na prepojenie sietí', '', '', '', '', '', '', 1, 0, 0, 0, 0, 0, 0, 0, 0, 0, '', '', '', '', '', '', '', '', '', '', 5, 0),
(161, 12, 6, 1, '', 'Ktorá Äasť rámca umožňuje výber nižšej skupiny vyššej bez potreby multiplexovania?', 'pointer', 'payload', 'path overhead', 'section overhead', '', '', '', '', '', '', 1, 0, 0, 0, 0, 0, 0, 0, 0, 0, '', '', '', '', '', '', '', '', '', '', 5, 0),
(162, 12, 6, 1, '', 'Koľko bajtov ma jeden STM-1 rámec?', '270 x 8 = 2160', '270 x 9 = 2430', '261 x 8 = 2088', '261 x 9 = 2349', '', '', '', '', '', '', 0, 1, 0, 0, 0, 0, 0, 0, 0, 0, '', '', '', '', '', '', '', '', '', '', 5, 0),
(163, 12, 6, 1, '', 'Dĺžka „základnej hlaviÄky“ v IPv6 datagrame je:', 'vždy 20 bajtov', 'vždy 40 bajtov', 'vždy 60 bajtov', 'rôzna, priÄom dĺžka je uvedená v samotnom záhlaví', '', '', '', '', '', '', 0, 1, 0, 0, 0, 0, 0, 0, 0, 0, '', '', '', '', '', '', '', '', '', '', 5, 0),
(164, 12, 6, 1, '', 'Dĺžka IPv6 adresy v záhlaví datagramu je:', '32 bitov', '40 bitov', '64 bitov', '128 bitov', '', '', '', '', '', '', 0, 0, 0, 1, 0, 0, 0, 0, 0, 0, '', '', '', '', '', '', '', '', '', '', 5, 0),
(165, 12, 6, 1, '', 'Dĺžka IPv4 adresy v záhlaví datagramu je:', '32 bitov', '40 bitov', '64 bitov', '128 bitov', '', '', '', '', '', '', 1, 0, 0, 0, 0, 0, 0, 0, 0, 0, '', '', '', '', '', '', '', '', '', '', 5, 0),
(166, 12, 6, 1, '', 'Napriek tomu, že sa dĺžka IPv6 adries predĺžila na štvornásobok, dĺžka základného záhlavia:', 'zväÄšila sa štvornásobne', 'zväÄšila sa dvojnásobne', 'ostala pôvodná', 'zmenšila sa štvornásobne', '', '', '', '', '', '', 1, 0, 0, 0, 0, 0, 0, 0, 0, 0, '', '', '', '', '', '', '', '', '', '', 5, 0),
(167, 12, 6, 1, '', 'ATM adaptaÄná vrstva typu 2 ponúka prenos informácií s:', 'rýchlosťou 2Mbit/s', 'rýchlosťou 8Mbit/s', 'rýchlosťou STM-1', 'variabilnou rýchlosťou', '', '', '', '', '', '', 0, 0, 0, 1, 0, 0, 0, 0, 0, 0, '', '', '', '', '', '', '', '', '', '', 5, 0),
(168, 12, 6, 7, '', 'V technológií ATM chýba analógia schopnosti klasických LAN so zdieľaným médiom:', 'broadcast', 'unicast', 'multicast', 'QoS', '', '', '', '', '', '', 1, 0, 1, 0, 0, 0, 0, 0, 0, 0, '', '', '', '', '', '', '', '', '', '', 0, 0),
(169, 7, 8, 1, '', 'Kde zohráva hlavnú úlohu rezidenÄná brána?', 'pri podpore prístupovej brány', 'pri riešení domácej siete', 'pri video-telefónii', 'pri zvýšenej sofwarovej ochrane', '', '', '', '', '', '', 0, 1, 0, 0, 0, 0, 0, 0, 0, 0, '', '', '', '', '', '', '', '', '', '', 5, 0),
(170, 7, 8, 1, '', 'Na Äo slúži protokol MGCP?', 'na sťahovanie dát zo siete', 'na šifrovaný prenos', 'na zjednodušenie štandardov pre prenos hlasu cez IP siete', 'na prenos cez WiFi sieť', '', '', '', '', '', '', 0, 0, 1, 0, 0, 0, 0, 0, 0, 0, '', '', '', '', '', '', '', '', '', '', 5, 0),
(171, 7, 8, 1, '', 'MGCP je navrhnutý', 'pre sieť ATM', 'pre sieťové architektúry s centrálnym riadením', 'len pre sieť ISDN', 'pre sieťové architektúry s distribuovaným riadením', '', '', '', '', '', '', 0, 1, 0, 0, 0, 0, 0, 0, 0, 0, '', '', '', '', '', '', '', '', '', '', 5, 0),
(172, 7, 8, 1, '', 'Protokol MEGACO v porovnaní s MGCP', 'je starší', 'nemá niÄ spoloÄné', 'môže riadiť menej dátových tokov súÄasne', 'môže riadiť viac dátových tokov súÄasne', '', '', '', '', '', '', 0, 0, 0, 1, 0, 0, 0, 0, 0, 0, '', '', '', '', '', '', '', '', '', '', 5, 0),
(173, 7, 8, 1, '', 'Signalling Gateway', 'ukonÄuje signalizaÄné kanály iných sietí, napr. CCS 7', 'neukonÄuje signalizaÄné kanály iných sietí, napr. CCS 7', 'riadi koncové body v sieti', 'sa vôbec neuplatňuje v sieti', '', '', '', '', '', '', 1, 0, 0, 0, 0, 0, 0, 0, 0, 0, '', '', '', '', '', '', '', '', '', '', 5, 0),
(174, 7, 8, 1, '', 'Media Gateway', 'riadi len jeden koncový bod', 'riadi jeden alebo viacero koncových bodov', 'sa vôbec neuplatňuje v sieti', 'je riadený pomocou Signalling Gateway', '', '', '', '', '', '', 0, 1, 0, 0, 0, 0, 0, 0, 0, 0, '', '', '', '', '', '', '', '', '', '', 5, 0),
(175, 7, 8, 1, '', 'Ktoré tvrdenie nie je správne?', 'MGCP a Megaco nemajú rovnakú architektúru.', 'Protokol Megaco je doplnený novými vlastnosťami.', 'MGCP a Megaco používajú rôznu množinu príkazov s podobnými funkciami.', 'MGCP a Megaco majú rovnakú architektúru.', '', '', '', '', '', '', 1, 0, 0, 0, 0, 0, 0, 0, 0, 0, '', '', '', '', '', '', '', '', '', '', 5, 0),
(176, 7, 8, 1, '', 'Dĺžka „základnej hlaviÄky“ v IPv6 datagrame je :', 'vždy 20 bajtov', 'vždy 40 bajtov', 'vždy 60 bajtov', 'rôzna, priÄom dĺžka je uvedená v samotnom záhlaví', '', '', '', '', '', '', 0, 1, 0, 0, 0, 0, 0, 0, 0, 0, '', '', '', '', '', '', '', '', '', '', 5, 0),
(177, 7, 8, 1, '', 'Dĺžka IPv6 adresy v záhlaví datagramu je :', '32 bitov', '40 bitov', '64 bitov', '128 bitov', '', '', '', '', '', '', 0, 0, 0, 1, 0, 0, 0, 0, 0, 0, '', '', '', '', '', '', '', '', '', '', 5, 0),
(179, 0, 9, 1, '', 'ATM bunka sa skladá:', 'z hlaviÄky (5B) a informaÄného poľa (59B)', 'z hlaviÄky (5B) a informaÄného poľa (variabilná dĺžka)', 'z hlaviÄky (5B) a informaÄného poľa (48B)', '', '', '', '', '', '', '', 0, 0, 1, 0, 0, 0, 0, 0, 0, 0, '', '', '', '', '', '', '', '', '', '', 5, 0),
(180, 0, 9, 1, '', 'ATD ukladá signály do kanálov:', 'nepravidelne, podľa potreby zdrojov', 'pravidelne', 'nepravidelne, podľa potreby kanála', '', '', '', '', '', '', '', 1, 0, 0, 0, 0, 0, 0, 0, 0, 0, '', '', '', '', '', '', '', '', '', '', 5, 0),
(181, 0, 9, 1, '', 'Je pri FPS v smerovacích uzoch kontrola chýb a riadenie toku?', 'áno', 'je tam iba riadenie toku', 'nie', '', '', '', '', '', '', '', 0, 0, 1, 0, 0, 0, 0, 0, 0, 0, '', '', '', '', '', '', '', '', '', '', 5, 0),
(182, 0, 9, 1, '', 'Mód prenosu v ATM je:', 'prepájanie paketov - datagramy', 'prepájanie paketov - virtuálne okruhy', 'prepájanie okruhov', '', '', '', '', '', '', '', 0, 1, 0, 0, 0, 0, 0, 0, 0, 0, '', '', '', '', '', '', '', '', '', '', 5, 0),
(183, 0, 9, 1, '', 'V sieťových uzloch ATM sa kotroluje bezchybnosť:', 'celá bunka', 'nekontroluje sa niÄ', 'hlaviÄka bunky', '', '', '', '', '', '', '', 0, 0, 1, 0, 0, 0, 0, 0, 0, 0, '', '', '', '', '', '', '', '', '', '', 5, 0),
(184, 0, 9, 1, '', 'Prenos cez UNI rozhranie s rýchlosťou 622,08 Mbit/s môže byť:', 'symetrický aj asymetrický', 'len symetrický', 'len asymetrický', '', '', '', '', '', '', '', 1, 0, 0, 0, 0, 0, 0, 0, 0, 0, '', '', '', '', '', '', '', '', '', '', 5, 0),
(185, 0, 9, 1, '', 'Cell delineation sa vykonáva:', 'v ATM vrstve', 'v PM podvrstve fyzickej vrstvy', 'v TC podvrstve fyzickej vrstvy', '', '', '', '', '', '', '', 0, 0, 1, 0, 0, 0, 0, 0, 0, 0, '', '', '', '', '', '', '', '', '', '', 5, 0),
(186, 0, 9, 1, '', 'Služby triedy B slúžia na:', 'prenos informácií s variabilnou bitovou rýchlosťou, s potrebou synchronizácie, so spojovo orientovaným módom prenosu', 'prenos informácií s konštantnou bitovou rýchlosťou, s potrebou synchronizácie, so spojovo orientovaným módom prenosu', 'prenos informácií s variabilnou bitovou rýchlosťou, bez potreby synchronizácie, so spojovo orientovaným módom prenosu', '', '', '', '', '', '', '', 1, 0, 0, 0, 0, 0, 0, 0, 0, 0, '', '', '', '', '', '', '', '', '', '', 5, 0),
(187, 0, 9, 1, '', 'SAR podvrstva slúži na:', 'detekciu strát buniek', 'obnovenie Äasovania', 'spracovanie informácie z vyššej podvrstvy, aby mala formát informaÄného poľa ATM bunky a naopak', '', '', '', '', '', '', '', 0, 0, 1, 0, 0, 0, 0, 0, 0, 0, '', '', '', '', '', '', '', '', '', '', 5, 0),
(188, 0, 9, 1, '', 'Interaktívne služby sa delia:', 'služby so zákazníckou kotrolou a bez zákazníckej kontroly', 'konverzaÄné, výmena správ, retrieval služby', 'konverzaÄné, distributívne a výmena správ', '', '', '', '', '', '', '', 0, 1, 0, 0, 0, 0, 0, 0, 0, 0, '', '', '', '', '', '', '', '', '', '', 5, 0),
(189, 0, 9, 1, '', 'B-TE1 má rozhranie:', 'ktoré vyhovuje odporúÄaniam pre N-ISDN', 'ktoré vyhovuje iným odporúÄaniam', 'ktoré vyhovuje odporúÄaniam pre B-ISDN', '', '', '', '', '', '', '', 0, 0, 1, 0, 0, 0, 0, 0, 0, 0, '', '', '', '', '', '', '', '', '', '', 5, 0),
(190, 0, 9, 1, '', 'V ATM sieti sa synchronizácia vykonáva:', 'v sieti', 'v koncových zariadeniach', 'nevykonáva', '', '', '', '', '', '', '', 0, 1, 0, 0, 0, 0, 0, 0, 0, 0, '', '', '', '', '', '', '', '', '', '', 5, 0),
(191, 0, 9, 1, '', 'Synchronizácia podporovaná sieťou sa používa pri prenose cez:', 'SDH', 'PDH', 'xDSL', '', '', '', '', '', '', '', 1, 0, 0, 0, 0, 0, 0, 0, 0, 0, '', '', '', '', '', '', '', '', '', '', 5, 0),
(192, 0, 9, 1, '', 'B-ISDN signalizácia predstavuje výmenu riadiacich informácií:', 'medzi koncovými zariadeniami (terminálmi)', 'medzi spojovacími zariadeniami v sieti', 'medzi koncovými zariadeniami navzájom, medzi konc. zariadeniami a sieťou a medzi sieťovými uzlami navzájom', '', '', '', '', '', '', '', 0, 0, 1, 0, 0, 0, 0, 0, 0, 0, '', '', '', '', '', '', '', '', '', '', 5, 0),
(193, 0, 9, 1, '', 'ITU-T definovalo delenie B-ISDN signalizácie na:', 'UNI, NNI, meta', 'UNI, NNI, P-NNI', 'UNI, P-NNI, B-ICI', '', '', '', '', '', '', '', 1, 0, 0, 0, 0, 0, 0, 0, 0, 0, '', '', '', '', '', '', '', '', '', '', 5, 0),
(194, 0, 9, 1, '', 'Vzhľadom na multimediálny charakter B-ISDN môže existovať súÄasne:', 'viacero signalizaÄných kanálov pre spojenie', 'viacero hovorov pre jeden signalizaÄný kanál', 'viacero spojení v rámci jedného hovoru', '', '', '', '', '', '', '', 0, 0, 1, 0, 0, 0, 0, 0, 0, 0, '', '', '', '', '', '', '', '', '', '', 5, 0),
(195, 0, 9, 1, '', 'UNI signalizácia má niekoľko foriem:', 'viazaná, neviazaná', 'priama, distribuovaná, centralizovaná', 'point-to-point, point-to-multipoint, meta', '', '', '', '', '', '', '', 0, 0, 1, 0, 0, 0, 0, 0, 0, 0, '', '', '', '', '', '', '', '', '', '', 5, 0),
(196, 0, 9, 1, '', 'Signalling Transfer Point (STP) je bod, ktorý:', 'pri neviazanej NNI signalizácii prenáša signalizaÄnú informáciu', 'pri prenose signalizácie prenáša aj hovorovú informáciu', 'pri viazanej NNI signalizácii prenáša signalizaÄnú informáciu', '', '', '', '', '', '', '', 1, 0, 0, 0, 0, 0, 0, 0, 0, 0, '', '', '', '', '', '', '', '', '', '', 5, 0),
(197, 0, 9, 1, '', 'Signalizácia na UNI realizuje prenos signalizaÄnej informácie:', 'medzi spojovacími zariadeniami v sieti', 'medzi privátnymi sieťami', 'medzi užívateľom a sieťou', '', '', '', '', '', '', '', 0, 0, 1, 0, 0, 0, 0, 0, 0, 0, '', '', '', '', '', '', '', '', '', '', 5, 0),
(198, 0, 9, 1, '', 'SignalizaÄné správy na UNI sú definované:', 'v tretej vrstve', 'v ATM vrstve', 'v SAAL vrstve', '', '', '', '', '', '', '', 1, 0, 0, 0, 0, 0, 0, 0, 0, 0, '', '', '', '', '', '', '', '', '', '', 5, 0),
(199, 0, 9, 1, '', 'Správy UNI signalizácie sa delia na:', 'pre zostavenie spojenia, zrušenie spojenia, ostatné správy', 'pre zostavenie spojenia, zrušenie spojenia, poÄas spojenia, rôzne správy', 'pre zostavenie spojenia, zrušenie spojenia, kontrolné správy, rôzne správy', '', '', '', '', '', '', '', 0, 1, 0, 0, 0, 0, 0, 0, 0, 0, '', '', '', '', '', '', '', '', '', '', 5, 0),
(200, 0, 9, 1, '', 'Samotný obsah signalizaÄnej správy je prenášaný v:', 'inštrukÄných poliach', 'informaÄných elementoch', 'referenÄných indikátorochs', '', '', '', '', '', '', '', 1, 0, 0, 0, 0, 0, 0, 0, 0, 0, '', '', '', '', '', '', '', '', '', '', 5, 0),
(201, 0, 9, 1, '', 'Správa, ktorá zabezpeÄuje inicializáciu zrušenia spojenia na UNI je:', 'RELEASE', 'REMOVED', 'SUSPEND', '', '', '', '', '', '', '', 1, 0, 0, 0, 0, 0, 0, 0, 0, 0, '', '', '', '', '', '', '', '', '', '', 5, 0),
(202, 0, 9, 1, '', 'Signalizácia na NNI realizuje prenos signalizaÄnej informácie:', 'medzi užívateľom a sieťou', 'medzi spojovacími zariadeniami v sieti', 'medzi privátnymi sieťami', '', '', '', '', '', '', '', 0, 1, 0, 0, 0, 0, 0, 0, 0, 0, '', '', '', '', '', '', '', '', '', '', 5, 0),
(203, 0, 9, 1, '', 'Signalizácia na NNI je odvodená od:', 'signalizácie CCS7 s prihliadnutím na špecifiká B-ISDN', 'rovnaká ako v N-ISDN', 'signalizácie DSS1 s prihliadnutím na špecifiká B-ISDN', '', '', '', '', '', '', '', 1, 0, 0, 0, 0, 0, 0, 0, 0, 0, '', '', '', '', '', '', '', '', '', '', 5, 0),
(204, 0, 9, 1, '', 'Samotná výmena a realizácia signalizaÄných správ prebieha:', 'v ATM vrstvy', 'v používateľskej Äasti (B-ISDN - UP)', 'v sieťovej vrstve', '', '', '', '', '', '', '', 0, 1, 0, 0, 0, 0, 0, 0, 0, 0, '', '', '', '', '', '', '', '', '', '', 5, 0),
(205, 0, 9, 1, '', 'O riadenie priority straty buniek (Cell Loss Priority Control) sa stará:', 'tvarovanie prevádzky', 'manažment prevádzky', 'ovládanie spätnou väzbou', '', '', '', '', '', '', '', 0, 1, 0, 0, 0, 0, 0, 0, 0, 0, '', '', '', '', '', '', '', '', '', '', 5, 0),
(206, 0, 9, 1, '', 'Hodnota zaťažiteľnosti linky u dohľadovej funkcie "Leaky Bucket" je definovaná:', 'hornou hranicou N a periódou dekrementovania T', 'oneskorením N a veľkosťou buffera', 'hornou hranicou N a oneskorením T', '', '', '', '', '', '', '', 1, 0, 0, 0, 0, 0, 0, 0, 0, 0, '', '', '', '', '', '', '', '', '', '', 5, 0),
(207, 0, 9, 1, '', 'Medzi QoS parametre nepatrí:', 'Pomer stratených buniek', 'Maximálne prenosové oneskorenie bunky', 'Minimálna rýchlosť bunky', '', '', '', '', '', '', '', 0, 0, 1, 0, 0, 0, 0, 0, 0, 0, '', '', '', '', '', '', '', '', '', '', 5, 0),
(208, 0, 9, 1, '', 'Služby reálneho Äasu s variabilnou bitovou rýchlosťou (rt-VBR) sú charakterizované:', 'premenlivým prenosovým pásmom a Äasovou transparentnosťou', 'premenlivým prenosovým pásmom bez garancie kvality služieb', 'premenlivým prenosovým pásmom bez Äasovej transparentnosti', '', '', '', '', '', '', '', 1, 0, 0, 0, 0, 0, 0, 0, 0, 0, '', '', '', '', '', '', '', '', '', '', 5, 0),
(209, 0, 9, 1, '', 'Pri LAN Emulácii:', 'nie je možné vytvorenie viacerých emulovaných LAN na jednej fyzickej ATM sieti', 'nie je možné využiť QoS', 'je možné využiť QoS', '', '', '', '', '', '', '', 0, 1, 0, 0, 0, 0, 0, 0, 0, 0, '', '', '', '', '', '', '', '', '', '', 5, 0),
(210, 0, 9, 1, '', 'LAN Emulation neumožňuje emuláciu:', 'sietí Token Ring', 'sietí Ethernet', 'sietí FDDI', '', '', '', '', '', '', '', 0, 0, 1, 0, 0, 0, 0, 0, 0, 0, '', '', '', '', '', '', '', '', '', '', 5, 0),
(211, 0, 9, 1, '', 'Mechanizmus broadcast je v LANE vyriešený pomocou:', 'BUS Servera', 'LES Servera', 'point-to-multipoint spojenia', '', '', '', '', '', '', '', 1, 0, 0, 0, 0, 0, 0, 0, 0, 0, '', '', '', '', '', '', '', '', '', '', 5, 0),
(212, 0, 9, 1, '', 'Virtuálne spojenia VCC medzi jednotlivými komponentami MPOA:', 'medzi MPOA komponentami nie sú VCC spojenia', 'sú dynamicky vytvárané a rušené podľa potreby', 'sú vytvorené na zaÄiatku spojenia', '', '', '', '', '', '', '', 0, 1, 0, 0, 0, 0, 0, 0, 0, 0, '', '', '', '', '', '', '', '', '', '', 5, 0),
(213, 13, 8, 1, '', 'TCP je protokol :', 'fyzickej vrstvy', 'sieťovej vrstvy', 'transportnej vrstvy', 'aplikaÄnej vrstvy', '', '', '', '', '', '', 0, 0, 1, 0, 0, 0, 0, 0, 0, 0, '', '', '', '', '', '', '', '', '', '', 5, 0),
(214, 13, 8, 1, '', 'TCP zaruÄuje :', 'prijatie dát v rovnakom poradí a bez chýbajúcich Äastí', 'prijatie dát v rôznom poradí a bez chýbajúcich  Äastí', 'prijatie dát v rovnakom poradí s chýbajúcimi Äasťami', 'prijatie dát v rôznom poradí s chýbajúcimi Äasťami', '', '', '', '', '', '', 1, 0, 0, 0, 0, 0, 0, 0, 0, 0, '', '', '', '', '', '', '', '', '', '', 5, 0),
(215, 13, 8, 1, '', 'UDP je protokol :', 'spoľahlivý a zaruÄuje, že prenášaný paket sa nestratí', 'spoľahlivý, ale nezaruÄuje, že prenášaný paket sa nestratí', 'nespoľahlivý, ale zaruÄujúci, že prenášaný paket sa nestratí', 'nespoľahlivý a nezaruÄujúci, že prenášaný paket sa nestratí', '', '', '', '', '', '', 0, 0, 0, 1, 0, 0, 0, 0, 0, 0, '', '', '', '', '', '', '', '', '', '', 5, 0),
(216, 13, 8, 1, '', 'UDP hlaviÄka má :', '3 polia a 2 sú voliteľné', '4 polia a 2 sú voliteľné', '3 polia pevne definované', '4 polia pevne definované', '', '', '', '', '', '', 0, 1, 0, 0, 0, 0, 0, 0, 0, 0, '', '', '', '', '', '', '', '', '', '', 5, 0),
(217, 13, 8, 1, '', 'Povinná dĺžka UDP paketu vrátane dát je :', '4 bajty', '8 bajtov', '12 bajtov', '16 bajtov', '', '', '', '', '', '', 0, 1, 0, 0, 0, 0, 0, 0, 0, 0, '', '', '', '', '', '', '', '', '', '', 5, 0),
(218, 13, 8, 1, '', 'HTTP je protokol :', 'fyzickej vrstvy', 'sieťovej vrstvy', 'transportnej vrstvy', 'aplikaÄnej vrstvy', '', '', '', '', '', '', 0, 0, 0, 1, 0, 0, 0, 0, 0, 0, '', '', '', '', '', '', '', '', '', '', 5, 0),
(219, 13, 8, 1, '', 'HTTP štandardne používa port :', '80', '70', '88', '79', '', '', '', '', '', '', 1, 0, 0, 0, 0, 0, 0, 0, 0, 0, '', '', '', '', '', '', '', '', '', '', 5, 0),
(220, 13, 8, 1, '', 'Najvýznamnejší rozdiel medzi modelmi TCP/IP a OSI je vo vrstve:', 'fyzickej', 'sieťovej', 'transportnej', 'aplikaÄnej', '', '', '', '', '', '', 0, 0, 0, 1, 0, 0, 0, 0, 0, 0, '', '', '', '', '', '', '', '', '', '', 5, 0),
(221, 13, 8, 1, '', 'Skratka MGCP zmamená:', 'Media Gateway Control Protocol', 'Media Gateway Communication Protocol', 'Multimedia Gateway Control Protocol', 'Multimedia Gateway Communication Protocol', '', '', '', '', '', '', 1, 0, 0, 0, 0, 0, 0, 0, 0, 0, '', '', '', '', '', '', '', '', '', '', 5, 0),
(222, 13, 8, 1, '', 'Komponent, ktorý riadi MG a s pomocou SGW spolupracuje so signalizaÄným protokolom iných sietí je:', 'MGC', 'WGC', 'QGC', 'ZGC', '', '', '', '', '', '', 1, 0, 0, 0, 0, 0, 0, 0, 0, 0, '', '', '', '', '', '', '', '', '', '', 5, 0),
(223, 8, 7, 1, '', 'SDH je štandart:', 'celosvetový', 'európsky', 'nieje to štandart', 'tento štandart platí len v Amerike', '', '', '', '', '', '', 1, 0, 0, 0, 0, 0, 0, 0, 0, 0, '', '', '', '', '', '', '', '', '', '', 5, 0),
(224, 8, 7, 1, '', 'Aká je základná prenosová rýchlost rámca STM-1?', '156.520 Mbps', '155,520 Mbps', '2,048 Mbps', '622Mbps', '', '', '', '', '', '', 0, 1, 0, 0, 0, 0, 0, 0, 0, 0, '', '', '', '', '', '', '', '', '', '', 5, 0),
(225, 8, 7, 1, '', 'Z koľkých Äastí sa skladá prenosový rámec?', '2', '3', '4', '5', '', '', '', '', '', '', 0, 1, 0, 0, 0, 0, 0, 0, 0, 0, '', '', '', '', '', '', '', '', '', '', 5, 0),
(226, 8, 7, 1, '', 'Čo znamená skratka Payload?', 'hlaviÄka', 'pointer', 'informácia', 'preambula', '', '', '', '', '', '', 0, 0, 1, 0, 0, 0, 0, 0, 0, 0, '', '', '', '', '', '', '', '', '', '', 5, 0),
(227, 8, 7, 1, '', 'Z Äoho sa skladá prítoková jednotka?', 'z virtuálneho kontajnera a pointera', 'z hlaviÄky cesty POH a kontajnera', 'z hlaviÄky sekcie a skupiny administratívnych jednotiek', 'zo skupiny prítokových jednotiek', '', '', '', '', '', '', 1, 0, 0, 0, 0, 0, 0, 0, 0, 0, '', '', '', '', '', '', '', '', '', '', 5, 0),
(228, 8, 7, 1, '', 'Z Äoho sa skladá virtuálny kontajner?', 'z virtuálneho kontajnera a pointera', 'z hlaviÄky cesty POH a kontajnera', 'z hlaviÄky sekcie a skupiny administratívnych jednotiek', 'zo skupiny prítokových jednotiek', '', '', '', '', '', '', 0, 1, 0, 0, 0, 0, 0, 0, 0, 0, '', '', '', '', '', '', '', '', '', '', 5, 0),
(229, 8, 7, 1, '', 'Z Äoho sa skladá výsledný STM-1 rámec?', 'z virtuálneho kontajnera a pointera', 'z hlaviÄky cesty POH a kontajnera', 'z hlaviÄky sekcie a skupiny administratívnych jednotiek', 'zo skupiny prítokových jednotiek', '', '', '', '', '', '', 0, 0, 1, 0, 0, 0, 0, 0, 0, 0, '', '', '', '', '', '', '', '', '', '', 5, 0),
(230, 8, 7, 1, '', 'Aký multiplex používa SDH?', 'bitový', 'bajtový', 'rámcový', 'paketový', '', '', '', '', '', '', 0, 1, 0, 0, 0, 0, 0, 0, 0, 0, '', '', '', '', '', '', '', '', '', '', 5, 0),
(231, 8, 7, 1, '', 'Ktorá Äasť rámca umožňuje výber nižšej skupiny z vyššej bez potreby multiplexovania?', 'pointer', 'payload', 'path overhead', 'section overhead', '', '', '', '', '', '', 1, 0, 0, 0, 0, 0, 0, 0, 0, 0, '', '', '', '', '', '', '', '', '', '', 5, 0);
INSERT INTO `AT_tests_questions` (`question_id`, `category_id`, `course_id`, `type`, `feedback`, `question`, `choice_0`, `choice_1`, `choice_2`, `choice_3`, `choice_4`, `choice_5`, `choice_6`, `choice_7`, `choice_8`, `choice_9`, `answer_0`, `answer_1`, `answer_2`, `answer_3`, `answer_4`, `answer_5`, `answer_6`, `answer_7`, `answer_8`, `answer_9`, `option_0`, `option_1`, `option_2`, `option_3`, `option_4`, `option_5`, `option_6`, `option_7`, `option_8`, `option_9`, `properties`, `content_id`) VALUES
(232, 8, 7, 1, '', 'Koľko bajtov ma jeden STM-1 rámec?', '270 x 8 = 2160', '270 x 9 = 2430', '261 x 8 = 2088', '261 x 9 = 2349', '', '', '', '', '', '', 0, 1, 0, 0, 0, 0, 0, 0, 0, 0, '', '', '', '', '', '', '', '', '', '', 5, 0),
(233, 0, 3, 1, '', 'Medzi charakteristické vlastnosti MEMS nepatrí:', 'nízke náklady', 'vysoká rýchlosť', 'energetická nároÄnosť', 'nízke straty', 'zanedbateľný presluch', '', '', '', '', '', 0, 0, 1, 0, 0, 0, 0, 0, 0, 0, '', '', '', '', '', '', '', '', '', '', 5, 0),
(234, 0, 3, 1, '', 'PoÄet portov 3D MEMS prepínaÄov je limitovaný na:', '64 x 64', '256 x 256', '1024 x 1024', '4096 x 4096', '16 384 x 16 384', '', '', '', '', '', 0, 0, 0, 1, 0, 0, 0, 0, 0, 0, '', '', '', '', '', '', '', '', '', '', 5, 0),
(235, 0, 3, 1, '', 'Optické prepínaÄe založené na vlnovodĺžkovom výbere umožňujú prepínanie signálov:', 'pomocou Äasového multiplexu', 'bez rozloženia signálu do rôznych vlnových dĺžok', 's rozložením signálu do rôznych vlnových dĺžok', 'pomocou priestorového multiplexu', '', '', '', '', '', '', 0, 0, 1, 0, 0, 0, 0, 0, 0, 0, '', '', '', '', '', '', '', '', '', '', 5, 0),
(236, 0, 3, 1, '', '2D MEMS prepínaÄe neumožňujú:', 'prechod s presmerovaním', 'prechod bez presmerovania', 'úpravu signálu', 'vybratie signálu', 'vloženie signálu', '', '', '', '', '', 0, 0, 1, 0, 0, 0, 0, 0, 0, 0, '', '', '', '', '', '', '', '', '', '', 5, 0),
(237, 0, 3, 1, '', 'Pre prepínanie O-E-O je charakteristické:', 'nízka cena', 'vyžadujú variabilný Äas na spracovanie hlaviÄky paketu', 'efektívnejšie než prepínanie O-O-O', '', '', '', '', '', '', '', 0, 1, 0, 0, 0, 0, 0, 0, 0, 0, '', '', '', '', '', '', '', '', '', '', 5, 0),
(238, 0, 3, 1, '', 'Fotonické svetlovodné obvody sú založené na princípe:', 'premeny elektrickej energie na optickú', 'elektro-optický efekt', 'termálne indukované zmeny indexu odrazu na vlnovodoch', '', '', '', '', '', '', '', 0, 0, 1, 0, 0, 0, 0, 0, 0, 0, '', '', '', '', '', '', '', '', '', '', 5, 0),
(239, 0, 3, 1, '', 'Ak sú tekuté kryštály natoÄené kolmo k polarite lúÄa, potom dochádza k:', 'odrazu lúÄa', 'prechodu lúÄa bez zmeny', 'natoÄeniu lúÄa', '', '', '', '', '', '', '', 1, 0, 0, 0, 0, 0, 0, 0, 0, 0, '', '', '', '', '', '', '', '', '', '', 5, 0),
(240, 0, 3, 1, '', 'Závislosť tekutých kryštálov na teplote sa prejavuje:', 'tekuté kryštály pracujú nezávisle od teploty', 's rastúcou teplotou rastie rýchlosť', 's rastúcou teplotou klesá rýchlosť', '', '', '', '', '', '', '', 0, 0, 1, 0, 0, 0, 0, 0, 0, 0, '', '', '', '', '', '', '', '', '', '', 5, 0),
(241, 0, 3, 1, '', 'PrepínaÄe pracujúce na princípe úplného vnútorného odrazu využívajú:', 'rozdielny index lomu dvoch prostredí', 'rozdielny elektrický odpor dvoch prostredí', 'elekro-optický efekt', '', '', '', '', '', '', '', 1, 0, 0, 0, 0, 0, 0, 0, 0, 0, '', '', '', '', '', '', '', '', '', '', 5, 0),
(242, 0, 3, 1, '', 'Pri elektroholografii sú kryštály budené:', 'elektrickým poľom', 'polarizácoiu', 'laserom', '', '', '', '', '', '', '', 0, 0, 1, 0, 0, 0, 0, 0, 0, 0, '', '', '', '', '', '', '', '', '', '', 5, 0),
(243, 0, 3, 1, '', 'Fotonické slotové smerovanie nie je vhodné pre použitie v:', 'MAN sieťach', 'chrbticových sieťach', 'prístupových sieťach', '', '', '', '', '', '', '', 0, 1, 0, 0, 0, 0, 0, 0, 0, 0, '', '', '', '', '', '', '', '', '', '', 5, 0),
(244, 0, 3, 1, '', 'V jednom fotonickom slote sa prenáša:', 'jedna vlnová dĺžka', 'viacero vlnových dĺžok', 'všetky vlnové dĺžky', 'bez ohľadu na vlnovú dĺžku', '', '', '', '', '', '', 0, 0, 1, 0, 0, 0, 0, 0, 0, 0, '', '', '', '', '', '', '', '', '', '', 5, 0),
(245, 0, 3, 1, '', 'Pakety prenášané v jednom fotonickom slote majú:', 'rovnakú cieľovú adresu', 'rovnakú vlnovú dĺžku', 'rovnakú zdrojovú adresu', '', '', '', '', '', '', '', 1, 0, 0, 0, 0, 0, 0, 0, 0, 0, '', '', '', '', '', '', '', '', '', '', 5, 0),
(246, 0, 3, 1, '', 'Fotonické slotové smerovanie vyžaduje, aby:', 'sloty prichádzali do uzla synchronizované', 'sloty obsahovali pakety s jednou vlnovou dĺžkou', 'pakety v slote neboli usporiadané', '', '', '', '', '', '', '', 1, 0, 0, 0, 0, 0, 0, 0, 0, 0, '', '', '', '', '', '', '', '', '', '', 5, 0),
(247, 0, 3, 1, '', 'Použitie vyrovnávacích pamätí v uzloch je:', 'vhodné na zlepšenie výkonnosti', 'nevyhnutné', 'neefektívne', '', '', '', '', '', '', '', 1, 0, 0, 0, 0, 0, 0, 0, 0, 0, '', '', '', '', '', '', '', '', '', '', 5, 0),
(248, 0, 3, 1, '', 'Vlnovo dĺžkové prepájanie je založené na prepájaní:', 'na prepájaní okruhov', 'na prepájaní paketov', 'hybridnom spôsobe prepájania', '', '', '', '', '', '', '', 1, 0, 0, 0, 0, 0, 0, 0, 0, 0, '', '', '', '', '', '', '', '', '', '', 5, 0),
(249, 0, 3, 1, '', 'Výhodou vlnovo dĺžkového prepájania je:', 'nepotrebuje vyrovnávaciu pamäť', 'nepotrebuje riadenie', 'nepotrebuje napájanie', '', '', '', '', '', '', '', 1, 0, 0, 0, 0, 0, 0, 0, 0, 0, '', '', '', '', '', '', '', '', '', '', 5, 0),
(250, 0, 3, 1, '', 'Ktoré vrstvy je výhodné mať samostatne?', 'samostatnú TCP vrstvu', 'samostatnú optickú WDM vrstvu', 'samostatnú elektrickú WDM vrstvu', '', '', '', '', '', '', '', 0, 1, 0, 0, 0, 0, 0, 0, 0, 0, '', '', '', '', '', '', '', '', '', '', 5, 0),
(251, 0, 3, 1, '', 'Zhluk dát je po celej prenosovej ceste prenášaný v:', 'v optickej podobe', 'v elektronickej podobe', 'v optickej aj elektronickej podobe', '', '', '', '', '', '', '', 1, 0, 0, 0, 0, 0, 0, 0, 0, 0, '', '', '', '', '', '', '', '', '', '', 5, 0),
(252, 0, 3, 1, '', 'Zhluk dát je po celej prenosovej ceste prenášaný v:', 'v optickej podobe', 'v elektronickej podobe', 'v optickej aj elektronickej podobe', '', '', '', '', '', '', '', 1, 0, 0, 0, 0, 0, 0, 0, 0, 0, '', '', '', '', '', '', '', '', '', '', 5, 0),
(253, 0, 3, 1, '', 'OBS využíva výhody:', 'prepájania paketov a prepájania okruhov', 'prepájania paketov', 'prepájania okruhov', '', '', '', '', '', '', '', 1, 0, 0, 0, 0, 0, 0, 0, 0, 0, '', '', '', '', '', '', '', '', '', '', 5, 0),
(254, 0, 3, 1, '', 'Pri RDF OBS je rezervovaný Äas:', 'špecifikovaný kontrolným paketom', 'konštantný', 'meniaci sa v každom uzle podľa jeho zaťaženia', '', '', '', '', '', '', '', 1, 0, 0, 0, 0, 0, 0, 0, 0, 0, '', '', '', '', '', '', '', '', '', '', 5, 0),
(255, 0, 3, 1, '', 'Najefektívnejšou technikou rezervácie pásma je:', 'RFD OBS', 'TAG OBS', 'IBT OBS', '', '', '', '', '', '', '', 1, 0, 0, 0, 0, 0, 0, 0, 0, 0, '', '', '', '', '', '', '', '', '', '', 5, 0),
(256, 0, 3, 1, '', 'Zložitosť zhlukového optického prepájania:', 'Stredná', 'Vysoká', 'Malá', '', '', '', '', '', '', '', 1, 0, 0, 0, 0, 0, 0, 0, 0, 0, '', '', '', '', '', '', '', '', '', '', 5, 0),
(257, 0, 3, 1, '', 'Ak nieje možné oneskoriť zhluk dát pri vzniku blokády, tak sa zhluk:', 'pošle sa alternatívnym výstupom', 'zahodí', 'uloží do vyrovnávacej pamäti', '', '', '', '', '', '', '', 1, 0, 0, 0, 0, 0, 0, 0, 0, 0, '', '', '', '', '', '', '', '', '', '', 5, 0),
(258, 0, 3, 1, '', 'Môžu byť priamo vykonávané všetky funkcie MPLS v LOBS uzloch?', 'nie', 'pri splnení urÄitých podmienok', 'ano', '', '', '', '', '', '', '', 1, 0, 0, 0, 0, 0, 0, 0, 0, 0, '', '', '', '', '', '', '', '', '', '', 5, 0),
(259, 0, 3, 1, '', 'Čo neponúka MPLS:', 'centrálnu kontrolu', 'distributívnu kontrolu', 'hybridnú kontrolu', 'žiadnu kontrolu', '', '', '', '', '', '', 0, 0, 0, 1, 0, 0, 0, 0, 0, 0, '', '', '', '', '', '', '', '', '', '', 5, 0),
(260, 0, 3, 1, '', 'GMPLS je urÄené pre zariadenia s prepínaním:', 'paketovým, Äasovým, vlnovo dĺžkovým aj priestorovým', 'len paketovým', 'paketovým a vlnovo dĺžkovým', 'paketovým a priestorovým', '', '', '', '', '', '', 1, 0, 0, 0, 0, 0, 0, 0, 0, 0, '', '', '', '', '', '', '', '', '', '', 5, 0),
(261, 15, 3, 7, '', 'GMPLS je protokol, ktorý vznikol:', 'zovšeobecním protokolu MPLS za úÄelom použitia v optických sieťach', 'rozšírením protokolu MPLS o nové typy návestí a signalizaÄné a smerovacie protokoly', 'zovšeobecním protokolu MPLS za úÄelom použitia paketových sieťach', 'zúžením protokolu MPLS, aby ho bolo možné použiť v optických sieťach', '', '', '', '', '', '', 1, 1, 0, 0, 0, 0, 0, 0, 0, 0, '', '', '', '', '', '', '', '', '', '', 0, 0),
(262, 0, 3, 1, '', 'Hlavnou úlohou protokolu GMPLS je', 'umožniť prenos IP protokolu priamo cez optickú vrstvu', 'umožniť prenos IP protokolu priamo cez SDH vrstvu', 'umožniť prenos IP protokolu priamo cez ATM vrstvu', 'umožniť prenos IP protokolu cez mnohovrstvovú sieť', '', '', '', '', '', '', 1, 0, 0, 0, 0, 0, 0, 0, 0, 0, '', '', '', '', '', '', '', '', '', '', 5, 0),
(263, 0, 3, 1, '', 'Vrstvový model optickej siete:', 'skrýva detaily vnútra siete, priÄom je zložený z dvoch samostatných riadiacich rovín', 'skrýva detaily vnútra siete, priÄom je zložený z jednej riadiacej roviny', 'dovoľuje prevádzkovateľovi koncových zariadení vidieť topológiu jadra siete', '', '', '', '', '', '', '', 1, 0, 0, 0, 0, 0, 0, 0, 0, 0, '', '', '', '', '', '', '', '', '', '', 5, 0),
(264, 0, 3, 1, '', 'Medzi modifikácie MPLS, ktoré sú nutné pre prechod ku GMPLS nepatrí:', 'priradenie IP adresy ku každému vláknu, vlnovej dĺžke a TDM kanálu', 'vznik nového protokolu linkového manažmentu (LMP)', 'rozšírenie smerovacieho protokolu o schopnosť oznámiť vhodnosť optických zdrojov v sieti', 'rozšírenie pre signalizaÄný protokol o moľnosť explicitne špecifikovať LSP cestu cez jadro optickej siete', '', '', '', '', '', '', 1, 0, 0, 0, 0, 0, 0, 0, 0, 0, '', '', '', '', '', '', '', '', '', '', 5, 0),
(265, 0, 3, 1, '', 'V hierarchii LSP ciest je na najnižšej úrovni cesta:', 'PSC', 'TDMC', 'LSC', 'FSC', '', '', '', '', '', '', 1, 0, 0, 0, 0, 0, 0, 0, 0, 0, '', '', '', '', '', '', '', '', '', '', 5, 0),
(266, 0, 3, 1, '', 'NeÄíslované linky sú identifikované pomocou:', 'dvojice (ID smerovaÄa, Äíslo linky)', 'IP adresy', 'dvojice (ID smerovaÄa, IP adresa)', 'dvojice (IP adresa, Äíslo linky)', '', '', '', '', '', '', 1, 0, 0, 0, 0, 0, 0, 0, 0, 0, '', '', '', '', '', '', '', '', '', '', 5, 0),
(267, 0, 3, 1, '', 'LMP je:', 'protokol linkového manažmentu', 'signalizaÄný protokol pre zostavenie spojenia', 'smerovací protokol na urÄenie optimálnej cesty', 'protokol pre prenos užívateľských dát', '', '', '', '', '', '', 1, 0, 0, 0, 0, 0, 0, 0, 0, 0, '', '', '', '', '', '', '', '', '', '', 5, 0),
(268, 0, 3, 1, '', 'Aký je princíp ATD?', 'ATD ukladá signály do kanálov nepravidelne, podľa potreby zdrojov', 'ATD ukladá signály do kanálov pravidelne', 'každý prenosový kanál je presne definovaný svojou Äasovou polohou v rámci', 'ATD si nevyžaduje štatistické multiplexory', '', '', '', '', '', '', 1, 0, 0, 0, 0, 0, 0, 0, 0, 0, '', '', '', '', '', '', '', '', '', '', 5, 0),
(269, 0, 3, 1, '', 'Hikari smerovaÄ je:', 'smerovaÄ založený na protokole GMPLS', 'smerovaÄ založený na protokole MPLS', 'smerovaÄ založený na protokole IP', 'smerovaÄ založený na protokole FDDI', '', '', '', '', '', '', 1, 0, 0, 0, 0, 0, 0, 0, 0, 0, '', '', '', '', '', '', '', '', '', '', 5, 0),
(270, 0, 3, 1, '', 'OLSP predstavujú:', 'cesty v optickej sieti prepínané na základe vlnovej dĺžky', 'cesty v optickej sieti prepínané na základe IP adresy zdroja', 'cesty v optickej sieti prepínané na základe IP adresy cieľa', 'cesty v ethernetovej sieti prepínané na základe IP adresy cieľa', '', '', '', '', '', '', 1, 0, 0, 0, 0, 0, 0, 0, 0, 0, '', '', '', '', '', '', '', '', '', '', 5, 0),
(271, 0, 3, 1, '', 'GMPLS smerovaÄ využíva OSPF protokol rozšírený o zverejňovanie:', 'celkového poÄtu vlnových dĺžok', 'informácií o kvalite použitej linky', 'informácií o požadovanej QoS', '', '', '', '', '', '', '', 1, 0, 0, 0, 0, 0, 0, 0, 0, 0, '', '', '', '', '', '', '', '', '', '', 5, 0),
(272, 0, 3, 1, '', 'Kritériom pre optimálny výber cesty optickou sieťou je:', 'minimálny poÄet konverzií vlnovej dĺžky na vybranej ceste', 'maximálny poÄet konverzií vlnovej dĺžky na vybranej ceste', 'použitie jedinej vlnovej dĺžky pri prechode celou sieťou', 'výber optických liniek s najlepšími parametrami', '', '', '', '', '', '', 1, 0, 0, 0, 0, 0, 0, 0, 0, 0, '', '', '', '', '', '', '', '', '', '', 5, 0),
(273, 0, 3, 1, '', 'GMPLS smerovaÄ ponúka prenosové módy:', 'optické cesty (OLSP)', 'ATM cesty', 'SDH cesty', '', '', '', '', '', '', '', 1, 0, 0, 0, 0, 0, 0, 0, 0, 0, '', '', '', '', '', '', '', '', '', '', 5, 0),
(274, 15, 3, 7, '', 'GMPLS smerovaÄ je zložený z:', 'IP smerovaÄa', 'vlnovo dĺžkového smerovaÄa', 'GMPLS smerovacieho manažéra', 'ATM smerovaÄa', '', '', '', '', '', '', 1, 1, 1, 0, 0, 0, 0, 0, 0, 0, '', '', '', '', '', '', '', '', '', '', 0, 0),
(275, 15, 3, 7, '', 'GMPLS smerovaÄ môže vykonávať:', 'MPLS prepájanie paketov na 3 vrstve', 'prepájanie vlnovo dĺžkových spojení s konverziou vlnovej dĺžky', 'transparentný prenos optických signálov', 'regeneráciu optického signálu', '', '', '', '', '', '', 1, 1, 1, 1, 0, 0, 0, 0, 0, 0, '', '', '', '', '', '', '', '', '', '', 0, 0),
(276, 0, 3, 1, '', 'Smerovací protokol v optickej sieti má za úlohu:', 'vybrať vhodnú cestu sieťou', 'preniesť služobné informácie pre dané spojenie', 'prenášať sieťou užívateľské dáta', 'zistiť funkÄnosť spojení medzi jednotlivými uzlami v sieti', '', '', '', '', '', '', 1, 0, 0, 0, 0, 0, 0, 0, 0, 0, '', '', '', '', '', '', '', '', '', '', 5, 0),
(277, 0, 3, 1, '', 'Čo platí pre OTDM?', 'V OTDM je pre každý kanál urÄený presný Äasový interval.', 'OTDM si v porovnaní s WDM vyžaduje jednoduchšie zariadenia na spracovávanie signálov', 'Používa sa na metalických vedeniach', 'Nie je potrebná synchronizácia vysielaÄa a prijímaÄa', '', '', '', '', '', '', 1, 0, 0, 0, 0, 0, 0, 0, 0, 0, '', '', '', '', '', '', '', '', '', '', 5, 0),
(278, 0, 3, 1, '', 'Aké sú roviny referenÄného modelu ATM?', 'Riadiaca rovina, užívateľská rovina, manažment rovín, manažment vrstiev', 'Riadiaca rovina, užívateľská rovina, manažment rovín, ATM rovina', 'Riadiaca rovina, ATM adaptaÄná rovina, manažment rovín, manažment vrstiev', 'Riadiaca rovina, fyzická rovina, manažment rovín, manažment vrstiev', '', '', '', '', '', '', 1, 0, 0, 0, 0, 0, 0, 0, 0, 0, '', '', '', '', '', '', '', '', '', '', 5, 0),
(279, 0, 3, 1, '', 'NGN využíva:', 'prepájanie okruhov', 'prepájanie paketov', 'TDM', 'Session Initiated Protocol', '', '', '', '', '', '', 0, 1, 0, 0, 0, 0, 0, 0, 0, 0, '', '', '', '', '', '', '', '', '', '', 5, 0),
(280, 0, 3, 1, '', 'Dopredný a spätný smer je pri káblovej televízii cez koaxiál rozdelený:', 'frekvenÄne', 'Äasovo', 'Äasovo-frekvenÄne', 'priestorovo', '', '', '', '', '', '', 1, 0, 0, 0, 0, 0, 0, 0, 0, 0, '', '', '', '', '', '', '', '', '', '', 5, 0),
(281, 0, 3, 1, '', 'Na prenos signálu pri opticko-koaxiálnych sietiach sa využíva multiplexovanie:', 'CDMA', 'FDMA', 'TDMA', 'Hociktoré v závislosti od konkrétnej siete káblovej televízie', '', '', '', '', '', '', 0, 1, 0, 0, 0, 0, 0, 0, 0, 0, '', '', '', '', '', '', '', '', '', '', 5, 0),
(282, 0, 3, 1, '', 'Aké služby obsahuje balík Triple play?', 'video služby, hry, dátové služby', 'dátové, hlasové služby a hry', 'hlasové služby, video služby, teleworking', 'hlasové, dátové a video služby', '', '', '', '', '', '', 0, 0, 0, 1, 0, 0, 0, 0, 0, 0, '', '', '', '', '', '', '', '', '', '', 5, 0),
(283, 0, 3, 1, '', 'Čo vyjadruje agregaÄný pomer?', 'podiel kapacity kanála a poÄtu užívateľov, ktorí daný kanál zdielajú', 'súvisí s typom služby volume', 'podiel kapacity pridelenej všetkým užívateľom a poÄet užívateľov', 'podiel kapacity pridelenej všetkým užívateľom a súÄtu kapacít všetkých užívateľov', '', '', '', '', '', '', 0, 0, 0, 1, 0, 0, 0, 0, 0, 0, '', '', '', '', '', '', '', '', '', '', 5, 0),
(284, 0, 3, 1, '', 'Ako sa volá zariadenie, ktoré slúži na spojenie dátového toku z poÄítaÄa a hlasového signálu z telefónu?', 'DSLAM', 'ADSL router', 'Spliter (rozdelovaÄ)', 'ISP', '', '', '', '', '', '', 0, 0, 1, 0, 0, 0, 0, 0, 0, 0, '', '', '', '', '', '', '', '', '', '', 5, 0),
(285, 0, 3, 1, '', 'Aká modulácia sa využíva pri DSL?', 'FSK', 'DMT', 'OFDM', 'GMSK', '', '', '', '', '', '', 0, 1, 0, 0, 0, 0, 0, 0, 0, 0, '', '', '', '', '', '', '', '', '', '', 5, 0),
(286, 0, 3, 1, '', 'Ktorá z technologií xDSL dosahuje najvyššie prenosové rýchlosti?', 'ADSL', 'SDSL', 'VDSL', 'HDSL', '', '', '', '', '', '', 0, 0, 1, 0, 0, 0, 0, 0, 0, 0, '', '', '', '', '', '', '', '', '', '', 5, 0),
(287, 0, 3, 1, '', 'Dáta v IP sieťach sú posielané formou blokov oznaÄovaných ako:', 'bytey', 'bity', 'jednotky', 'datagramy', '', '', '', '', '', '', 0, 0, 0, 1, 0, 0, 0, 0, 0, 0, '', '', '', '', '', '', '', '', '', '', 5, 0),
(288, 0, 3, 1, '', 'Pre ktorú vrstvu referenÄného modelu OSI je definovaný TCP protokol:', 'pre prvú', 'pre druhú', 'pre tretiu', 'pre štvrtú', 'pre piatu', '', '', '', '', '', 0, 0, 0, 1, 0, 0, 0, 0, 0, 0, '', '', '', '', '', '', '', '', '', '', 5, 0),
(289, 0, 3, 1, '', 'Pre ktorú vrstvu referenÄného modelu OSI je definovaný IP protokol:', 'pre prvú', 'pre druhú', 'pre tretiu', 'pre štvrtú', 'pre piatu', '', '', '', '', '', 0, 0, 1, 0, 0, 0, 0, 0, 0, 0, '', '', '', '', '', '', '', '', '', '', 5, 0),
(290, 0, 3, 1, '', 'NajväÄší poÄet sietí je možné adresovať pri sieťach triedy:', 'A', 'B', 'C', 'D', 'E', '', '', '', '', '', 0, 0, 1, 0, 0, 0, 0, 0, 0, 0, '', '', '', '', '', '', '', '', '', '', 5, 0),
(291, 0, 3, 1, '', 'Aké sú rozmery STM-N rámca?', '261 bajtov , 9 riadkov', '270 bajtov x N stĺpcov, 9 riadkov', '261 bajtov x N stĺpcov, 9 riadkov', '', '', '', '', '', '', '', 0, 1, 0, 0, 0, 0, 0, 0, 0, 0, '', '', '', '', '', '', '', '', '', '', 5, 0),
(292, 0, 3, 1, '', 'Ktoré tvrdenie o smerníkoch je pravdivé?', 'Umožňujú jednoduché vkladanie a výber nižších skupín signálov z vyšších, a to bez potreby demultiplexovania.', 'Zavedenie smerníkov vyšuje oneskorenie pri spracovaní prenášanej informácie.', 'odnota smerníka sa nemení.', '', '', '', '', '', '', '', 1, 0, 0, 0, 0, 0, 0, 0, 0, 0, '', '', '', '', '', '', '', '', '', '', 5, 0),
(293, 0, 3, 1, '', 'Čo znamená systém 1+1?', 'vytvoria sa dve spojenia pre služby a prenášajú sa tie isté pakety v každom z týchto dvoch spojení', 'každé vytvorené spojenie má samostatné spojenie pre službu a obnovovacie spojenie', 'vytvoria sa dve spojenia, jedno zo spojené je dopredné a jedno spätné', 'vo vytvorenom spojení sa každý paket zopakuje', '', '', '', '', '', '', 0, 1, 0, 0, 0, 0, 0, 0, 0, 0, '', '', '', '', '', '', '', '', '', '', 5, 0),
(294, 0, 3, 1, '', 'Pri technológii optického burstového prepájania sa spracúva:', 'len hlaviÄka, ktorá je spoloÄná pre viacero paketov', 'len hlaviÄka, ktorá je spoloÄná pre viacero okruhov', 'hlaviÄka aj informaÄná Äasť paketu', 'hlaviÄka každého paketu', '', '', '', '', '', '', 1, 0, 0, 0, 0, 0, 0, 0, 0, 0, '', '', '', '', '', '', '', '', '', '', 5, 0),
(295, 0, 3, 1, '', 'Vstupné rozhranie pri optickom paketovom prepínaÄi zabezpeÄuje nasledovné Äinnosti:', 'Výkonovú, tvarovú a Äasovú regeneráciu Odstránenie wanderu/jitteru. Delineáciu paketov na identifikáciu zaÄiatku a konca každého paketu . Synchronizáciu a zarovnanie paketov do slotov na prepájanie. Oddelenie hlaviÄky a jej smerovanie do riadiacej jednotky, kde je spracovaná.', 'Výkonovú, tvarovú a Äasovú regeneráciu. Odstránenie wanderu/jitteru. Delineáciu paketov a resynchronizáciu. Synchronizáciu a zarovnanie paketov do slotov na prepájanie. Oddelenie hlaviÄky a jej smerovanie do riadiacej jednotky, kde je spracovaná.', 'Výkonovú, tvarovú a Äasovú regeneráciu. Odstránenie wanderu/jitteru. Spracováva informácie z hlaviÄky paketu a podľa nej nastavuje spojovacie pole. Synchronizáciu a zarovnanie paketov do slotov na prepájanie. Oddelenie hlaviÄky a jej smerovanie do riadiacej jednotky, kde je spracovaná.', 'Normalizáciu vstupného výkonu. ZabezpeÄuje presmerovanie paketov z vstupov na požadované výstupy. Výkonovú, tvarovú a Äasovú regeneráciu. Odstránenie wanderu/jitteru. Spracováva informácie z hlaviÄky paketu a podľa nej nastavuje spojovacie pole. Synchronizáciu a zarovnanie paketov do slotov na prepájanie. Oddelenie hlaviÄky a jej smerovanie do riadiacej jednotky, kde je spracovaná.', '', '', '', '', '', '', 1, 0, 0, 0, 0, 0, 0, 0, 0, 0, '', '', '', '', '', '', '', '', '', '', 5, 0),
(296, 0, 3, 1, '', 'Opticko paketové prepájanie používa:', 'synchrónne prepájanie s paketmi konštantnej dĺžky alebo asynchrónne paketové prepájanie s paketmi variabilnej dĺžky', 'synchrónne prepájanie s paketmi variabilnej dĺžky alebo asynchrónne prepájanie s paketmi variabilnej dĺžky', 'asynchrónne prepájanie s paketmi konštantnej dĺžky alebo synchrónne prepájanie s paketmi variabilnej dĺžky', 'len synchrónne prepájanie s paketmi variabilnej dĺžky', '', '', '', '', '', '', 1, 0, 0, 0, 0, 0, 0, 0, 0, 0, '', '', '', '', '', '', '', '', '', '', 5, 0),
(297, 0, 3, 1, '', 'Princíp MZI metódy smerovania spoÄíva:', 'v rozdelení prichádzajúceho svetla na dva lúÄe, ich smerovanie odlišnou cestou a potom opätovnej rekombinácii', 'v zmene teploty', 'v zmene elektrického poľa', 'v zmene teploty spolu so zmenou elektrického poľa', '', '', '', '', '', '', 1, 0, 0, 0, 0, 0, 0, 0, 0, 0, '', '', '', '', '', '', '', '', '', '', 5, 0),
(298, 0, 3, 1, '', 'Aký systém môže používať zariadenie OXC pri svojej Äinnosti?', 'O-E-O, O-O-O, O-E-O-E-O', 'O-E-O, O-E-O-E-O', 'O-O-O, O-E-O-E-O', 'O-E-O,E-O-E', '', '', '', '', '', '', 1, 0, 0, 0, 0, 0, 0, 0, 0, 0, '', '', '', '', '', '', '', '', '', '', 5, 0),
(299, 0, 3, 1, '', 'Aký je rozdiel medzi VoIP a IP telefóniou?', 'VoIP má parameter QoS', 'IP telefónia má parameter QoS', 'VoIP slúži na prenos hlasu a IP telefónia rieši prenos IP paketov pomocou analógového telefónu', 'žiadny', '', '', '', '', '', '', 0, 1, 0, 0, 0, 0, 0, 0, 0, 0, '', '', '', '', '', '', '', '', '', '', 5, 0),
(300, 0, 3, 1, '', 'Čo je FLAT program?', 'typ internetovej služby, kde spoplatnenie závisí od objemu prenesených dát', 'typ internetovej služby, kde spoplatnenie závisí od rýchlosti pripojenia a agregácie', 'typ internetovej služby, kde spoplatnenie závisí od spôsobu pripojenia', 'ani jedno z uvedených', '', '', '', '', '', '', 0, 1, 0, 0, 0, 0, 0, 0, 0, 0, '', '', '', '', '', '', '', '', '', '', 5, 0),
(301, 0, 3, 1, '', 'Čo oznaÄuje skratka ADSL?', 'Asymmetric Digital Subscriber Line', 'Asynchronous Digital Speed Line', 'Asymetric Digital Speed Line', '', '', '', '', '', '', '', 1, 0, 0, 0, 0, 0, 0, 0, 0, 0, '', '', '', '', '', '', '', '', '', '', 5, 0),
(302, 0, 3, 1, '', 'Základný rozdiel medzi datagramom IPv4 a IPv6 je:', 'väÄšia dĺžka IP adresy', 'väÄšia veľkosť poľa ‘Dĺžka záhlavia’', 'pridané pole ‘PoÄet hopov’ v datagrame IPv6', 'zmeny medzi týmito protokolmi nie sú v ich datagramoch', '', '', '', '', '', '', 1, 0, 0, 0, 0, 0, 0, 0, 0, 0, '', '', '', '', '', '', '', '', '', '', 5, 0),
(303, 0, 3, 1, '', 'Čo je zarovnávanie?', 'K užitoÄnej informácii v C alebo v TUG sa pripojí POH', 'K skupine AU sa pripojí smerník', 'Pripojenie smerníka k VC', 'ZluÄovanie AU', '', '', '', '', '', '', 0, 0, 1, 0, 0, 0, 0, 0, 0, 0, '', '', '', '', '', '', '', '', '', '', 5, 0),
(304, 0, 3, 1, '', 'Pri fotonickom slotovom smerovaní sa vyžaduje:', 'sloty prichádzajúce do uzla nemusia byť synchronizované ale pakety v slotoch musia byť usporiadané', 'aby sloty prichádzajúce do uzla boli synchronizované a pakety v slote boli usporiadané', 'aby sloty prichádzajúce do uzĺa neboli synchronizované a pakety v slote boli usporiadané', 'aby sloty prichádzajúce do uzla boli synchronizované a a pakety v slote nemusia byť usporiadané', '', '', '', '', '', '', 0, 1, 0, 0, 0, 0, 0, 0, 0, 0, '', '', '', '', '', '', '', '', '', '', 5, 0),
(305, 0, 3, 1, '', 'Aké sú nevýhody LCD?', 'sú pomalé, majú veľké straty pri odrazoch', 'sú pomalé, majú veľké straty pri odrazoch a ťažšie sa integrujú s ostatnými prvkami', 'sú pomalé, majú veľké straty pri odrazoch, majú malú odolnosť voÄi chybám', 'sú pomalé pri vysokých teplotách , majú veľké straty pri odrazoch v závislosti od teploty', '', '', '', '', '', '', 0, 1, 0, 0, 0, 0, 0, 0, 0, 0, '', '', '', '', '', '', '', '', '', '', 5, 0),
(306, 0, 3, 1, '', 'V 40Gbps sa používajú optické vlákna:', '1550 nm', '1300 nm', '1450', 'oba typy', '', '', '', '', '', '', 1, 0, 0, 0, 0, 0, 0, 0, 0, 0, '', '', '', '', '', '', '', '', '', '', 5, 0),
(307, 0, 3, 1, '', 'Medzi limitujúce faktory, s ktorými sa musia výrobcovia vysoko-rýchlostných optických technológií vysporiadať patria chromatická disperzia,', 'polarizaÄná módová disperzia PMD,tlmenie,optický odstup signál-šum,nelinearity vlákna', 'iba polarizaÄná módová disperzia PMD a tlmenie', 'tlmenie a optický odstup signál-šum', 'tlmenie a nelinearity vlákna', '', '', '', '', '', '', 1, 0, 0, 0, 0, 0, 0, 0, 0, 0, '', '', '', '', '', '', '', '', '', '', 5, 0),
(330, 0, 3, 1, '', 'Pri procese delineácie a synchronizácie paketov, synchronizaÄná informácia je uložená:', 'v hlaviÄke aj v informaÄnej Äasti paketu', 'len v hlaviÄke paketu', 'len v informaÄnej Äasti paketu', 'nie je potrebná žiadna synchronizaÄná informácia', '', '', '', '', '', '', 1, 0, 0, 0, 0, 0, 0, 0, 0, 0, '', '', '', '', '', '', '', '', '', '', 5, 0),
(309, 0, 3, 1, '', 'Optický add-drop multiplexor (OADM) má za úlohu:', 'vydeľovanie a vÄleňovanie vlnových dĺžok do prenášaného toku', 'priestorové smerovanie prenášaných tokov', 'Äasové prepájanie prenášaných tokov', 'zmenu vlnovej dĺžky prenášaného toku', '', '', '', '', '', '', 1, 0, 0, 0, 0, 0, 0, 0, 0, 0, '', '', '', '', '', '', '', '', '', '', 5, 0),
(310, 0, 3, 1, '', 'SúÄasné telekomunikaÄné siete sa budujú na báze:', 'jednomódových vlákien', 'mnohomódových vlákien', 'gradientných vlákien', 'plastových vlákien', '', '', '', '', '', '', 1, 0, 0, 0, 0, 0, 0, 0, 0, 0, '', '', '', '', '', '', '', '', '', '', 5, 0),
(311, 0, 3, 1, '', 'Pri doprednej rezervácii:', 'zdrojový uzol vysiela riadiacu správu, ktorá sa cestou k cieľu snaží rezervovať voľné vlnové dĺžky', 'zdrojový uzol vyšle požiadavku na spojenie, ktorá sa šíri sieťou smerom k cieľu a hľadá voľné vlnové dĺžky, aby ich cestou späť mohla rezervovať', 'zdrojový uzol pozná informáciu o všetkých voľných dĺžkach v sieti, a preto môže bez ich rezervácie zaÄať vysielať', 'zdrojový uzol vyšle požiadavku do cieľového uzla, aby tento zostavil spojenie', '', '', '', '', '', '', 1, 0, 0, 0, 0, 0, 0, 0, 0, 0, '', '', '', '', '', '', '', '', '', '', 5, 0),
(312, 0, 3, 1, '', 'SignalizaÄné protokoly s paralelnou rezerváciou sa využívajú v prípade, ak:', 'každý uzol pozná globálnu informáciu o sieti', 'uzol nepozná globálnu informáciu o sieti', 'riadiaci uzol pozná globálnu informáciu o sieti', 'chce riadiaci uzol zistiť informácie o sieti', '', '', '', '', '', '', 1, 0, 0, 0, 0, 0, 0, 0, 0, 0, '', '', '', '', '', '', '', '', '', '', 5, 0),
(313, 0, 3, 1, '', 'Výhodou adaptívneho smerovania založeného na globálnej informácii o sieti, ktoré je realizované s centralizovaným riadením, je že:', 'nie je potrebná veľká koordinácia medzi jednotlivými uzlami v sieti', 'v prípade zlyhania riadiaceho manažéra zlyhá celá sieť', 'v prípade zlyhania riadiaceho manažéra nie je ovplyvnený prenos dát sieťou', 'nie je potrebné poznať informácie o linkách celej siete', '', '', '', '', '', '', 1, 0, 0, 0, 0, 0, 0, 0, 0, 0, '', '', '', '', '', '', '', '', '', '', 5, 0),
(314, 0, 3, 1, '', 'Least-congested path (LCP) je:', 'algoritmus pre adaptívne smerovanie', 'algoritmus pre fixne alternatívne smerovanie', 'metóda pre prenos signalizaÄných informácií sieťou', '', '', '', '', '', '', '', 1, 0, 0, 0, 0, 0, 0, 0, 0, 0, '', '', '', '', '', '', '', '', '', '', 5, 0),
(315, 0, 3, 1, '', 'Pri hop-by-hop rezervácii:', 'riadiaca správa sa posúva zvolenou cestou postupne z uzla do uzla a pri dosiahnutí cieľa sa vráti do zdrojového uzla', 'riadiaca správa sa posúva zvolenou cestou postupne z uzla do uzla a pri dosiahnutí cieľa sa vráti do zdrojového uzla', 'riadiaca správa sa posúva zvolenou cestou postupne z uzla do uzla a pri dosiahnutí cieľa sa zruší', 'riadiaca správa hľadá cestu v sieti a pri dosiahnutí cieľa sa zruší', '', '', '', '', '', '', 1, 0, 0, 0, 0, 0, 0, 0, 0, 0, '', '', '', '', '', '', '', '', '', '', 5, 0),
(316, 0, 3, 1, '', 'Pri spätnej rezervácii:', 'zdrojový uzol vyšle požiadavku na spojenie, ktorá sa šíri sieťou smerom k cieľu a hľadá voľné vlnové dĺžky, aby ich cestou späť mohla rezervovať', 'zdrojový uzol vyšle požiadavku na spojenie, ktorá v každom uzle rezervuje voľné vlnové dĺžky', 'zdrojový uzol vyšle požiadavku do cieľového uzla, aby tento zostavil spojenie', 'zdrojový uzol pozná informáciu o všetkých voľných dĺžkach v sieti, a preto môže bez ich rezervácie zaÄať vysielať', '', '', '', '', '', '', 1, 0, 0, 0, 0, 0, 0, 0, 0, 0, '', '', '', '', '', '', '', '', '', '', 5, 0),
(317, 0, 3, 1, '', 'Optická prenosová sekcia má za úlohu:', 'prispôsobenie skupinového optického signálu na optické vlákno', 'transport skupinových optických signálov, ktoré sú tvorené niekoľkými vlnovými dĺžkami', 'prevod signálu na sériový tok dát, pokiaľ signál nemá túto štruktúru', 'kódovať dátový signál na optický signál NRZ konkrétnej vlnovej dĺžky', '', '', '', '', '', '', 1, 0, 0, 0, 0, 0, 0, 0, 0, 0, '', '', '', '', '', '', '', '', '', '', 5, 0),
(318, 0, 3, 1, '', 'Optický regenerátor typu 3R vykonáva funkcie:', 'Regeneration, Reshaping, Retiming', 'Regeneration, Reshaping', 'Regeneration', 'Reshaping, Retiming', '', '', '', '', '', '', 1, 0, 0, 0, 0, 0, 0, 0, 0, 0, '', '', '', '', '', '', '', '', '', '', 5, 0),
(319, 15, 3, 7, '', 'Broadcast and select siete (B&S) obsahujú nasledovné komponenty:', 'Neprepájacie optické komponenty', 'Laditeľné vysielaÄe alebo laditeľné prijímaÄe', 'Optické obvodové prepínaÄe (OADM a OXC)', 'Optické paketové prepínaÄe', '', '', '', '', '', '', 1, 1, 0, 0, 0, 0, 0, 0, 0, 0, '', '', '', '', '', '', '', '', '', '', 0, 0),
(320, 0, 3, 1, '', 'Aký typ modulácie sa použiva v súÄastnosti:', 'RZ', 'duo-binárna', 'NRZ', 'kvartérna', '', '', '', '', '', '', 0, 0, 1, 0, 0, 0, 0, 0, 0, 0, '', '', '', '', '', '', '', '', '', '', 5, 0),
(321, 0, 3, 1, '', 'Pri projektovaní WDM systému vybrať na prenos signálu optickým vláknom, ktorý má:', 'koneÄnú a nenulovú chromatickú disperziu, avšak voľba vlákna s nenulovou chromatickou disperziou má za následok zvýšenie medzisymbolovej interferencie ISI - rozširovanie impulzov', 'nulovú chromatickú disperziu, a voľba vlákna s nulovou chromatickou disperziou nemá za následok zvýšenie medzisymbolovej interferencie ISI - rozširovanie impulzov', 'nulovú chromatickú disperziu, a voľba vlákna s nulovou chromatickou disperziou má za následok zvýšenie medzisymbolovej interferencie ISI - rozširovanie impulzov', 'koneÄnú a nenulovú chromatickú disperziu, avšak voľba vlákna s nenulovou chromatickou disperziou nemá za následok zvýšenie medzisymbolovej interferencie ISI - rozširovanie impulzov', '', '', '', '', '', '', 1, 0, 0, 0, 0, 0, 0, 0, 0, 0, '', '', '', '', '', '', '', '', '', '', 5, 0),
(322, 0, 3, 1, '', 'Na Äo slúžia zariadenia oznaÄované ako OXC?', 'Prepinanie a smerovanie optického signálu', 'Regeneráciu optického signálu', 'Regenerovanie a smerovanie optického signálu', '', '', '', '', '', '', '', 1, 0, 0, 0, 0, 0, 0, 0, 0, 0, '', '', '', '', '', '', '', '', '', '', 5, 0),
(323, 0, 3, 1, '', 'Na Äo slúži systém MEMS?', 'na optické prepájanie bez nutnosti konverzie signálu', 'na elektrické prepájanie po konverzii optického signálu', 'na regeneráciu optického signálu', 'na regeneráciu elektrického signálu po konverzii optického signálu', '', '', '', '', '', '', 1, 0, 0, 0, 0, 0, 0, 0, 0, 0, '', '', '', '', '', '', '', '', '', '', 5, 0),
(324, 0, 3, 1, '', 'PrepínaÄe založené na LCD využívajú:', 'zmenu polarizaÄného stavu svetla dopádajúceho na LCD', 'zmenu polarizaÄného stavu svetla odrazeného od LCD', 'zmenu stavu teploty svetla dopadajúceho na LCD', 'Nemennosť stavu polarizaÄného stavu svetla dopadajúceho na LCD', '', '', '', '', '', '', 1, 0, 0, 0, 0, 0, 0, 0, 0, 0, '', '', '', '', '', '', '', '', '', '', 5, 0),
(325, 0, 3, 1, '', 'Na obnovu siete sa používa protokol:', 'RVSP', 'UDP', 'OSPF', '', '', '', '', '', '', '', 1, 0, 0, 0, 0, 0, 0, 0, 0, 0, '', '', '', '', '', '', '', '', '', '', 5, 0),
(326, 0, 3, 1, '', 'Pri dynamickom režime prevádzky vo WDM sieťach platí:', 'vlnová dĺžka sa alokuje pre každé nové spojenie a po skonÄení výmeny dát sa táto vlnová dĺžka znova uvoľní', 'vlnová dĺžka sa alokuje pre každé nové spojenie a po skonÄení výmeny dát sa už nevyužíva', 'cesty sa alokujú na jednotlivých vlnových dĺžkach a ostávajú takto nastavené', 'vlnová dĺžka sa alokuje pre každé nové spojenie a po skonÄení výmeny dát sa rezervuje pre prípadný opätovný prenos', '', '', '', '', '', '', 1, 0, 0, 0, 0, 0, 0, 0, 0, 0, '', '', '', '', '', '', '', '', '', '', 5, 0),
(327, 0, 3, 1, '', 'Pri fixne alternatívnom spojovaní:', 'je vytvorená tabuľka s viacerými možnými cestami medzi všetkými dvojicami zdrojových a cieľových uzlov', 'je vytvorená jediná cesta medzi každým zdrojovým a cieľovým uzlom v sieti', 'je potrebný proces na prideľovanie optických vlnových dĺžok v sieti a na výber vhodnej cesty sieťou', 'pre každé spojenie sa hľadá optimálna cesta sieťou', '', '', '', '', '', '', 1, 0, 0, 0, 0, 0, 0, 0, 0, 0, '', '', '', '', '', '', '', '', '', '', 5, 0),
(328, 0, 3, 1, '', 'Adaptívne smerovanie založené na globálnej informácii vyžaduje:', 'údaje o obsadenosti vlnových dĺžok na jednotlivých linkách v susedných uzloch', 'údaje o množstve prenášaných dát v susedných uzloch', 'údaje o množstve prenášaných dát v celej sieti', 'úplnú informáciu o obsadenosti vlnových dĺžok na jednotlivých linkách celej sieti', '', '', '', '', '', '', 0, 0, 0, 1, 0, 0, 0, 0, 0, 0, '', '', '', '', '', '', '', '', '', '', 5, 0),
(329, 0, 3, 1, '', 'Čo oznaÄujeme pojmom „chirp“?', 'otváranie a zatváranie modulátora Äo spôsobuje drobné zmeny frekvencie svetla prechádzajúceho ním', 'otváranie a zatváranie modulátora Äo spôsobuje veľké zmeny frekvencie svetla prechádzajúceho ním', 'otváranie a zatváranie modulátora Äo zabezpeÄuje stálu frekvenciu svetla prechádzajúceho ním', '', '', '', '', '', '', '', 1, 0, 0, 0, 0, 0, 0, 0, 0, 0, '', '', '', '', '', '', '', '', '', '', 5, 0),
(332, 0, 3, 1, '', 'Čo oznaÄuje skratka SDH?', 'Subband Digital Hierarchy', 'Synchronous Digital Hierarchy', 'Súbor Dobrovolných HasiÄov', 'Subcarrier Data Holddown', '', '', '', '', '', '', 0, 1, 0, 0, 0, 0, 0, 0, 0, 0, '', '', '', '', '', '', '', '', '', '', 5, 0),
(333, 0, 3, 1, '', 'Každý VC je vybavený ukazovateľom, s ktorým tvorí:', 'prítokovú jednotku TU alebo administratívnu jednotku AU', 'skupinu prítokových jednotiek TUG alebo skupinu administratívnych jednotiek AUG', 'synchrónny transportný modul úrovne 1 STM-1', 'smerník administratívnej jednotky AU', '', '', '', '', '', '', 1, 0, 0, 0, 0, 0, 0, 0, 0, 0, '', '', '', '', '', '', '', '', '', '', 5, 0),
(334, 0, 3, 1, '', 'Ktorá z možností charakterizuje štruktúru STM-N rámca?', 'STM-1,smerník AU, užitoÄná informácia STM-N', 'RSOH, TUG, MSOH, užitoÄná informácia STM-N', 'RSOH, smerníky AU, MSOH, užitoÄná informácia STM-N', 'RSOH, AUG, VC, užitoÄná informácia STM-N', '', '', '', '', '', '', 0, 0, 1, 0, 0, 0, 0, 0, 0, 0, '', '', '', '', '', '', '', '', '', '', 5, 0),
(335, 0, 3, 1, '', 'Čo je mapovanie?', 'k užitoÄnej informácii v C alebo v TUG sa pripojí POH', 'k skupine AU sa pripojí smerník', 'pripojenie smerníka k VC', 'zluÄovanie AU', '', '', '', '', '', '', 1, 0, 0, 0, 0, 0, 0, 0, 0, 0, '', '', '', '', '', '', '', '', '', '', 5, 0),
(336, 0, 3, 1, '', 'Protokol IP je protokol, ktorý pracuje:', 'bez spojenia, bez potvrdzovania', 'bez spojenia, s potvrdzovaním', 'so spojením, s potvrdzovaním', '', '', '', '', '', '', '', 1, 0, 0, 0, 0, 0, 0, 0, 0, 0, '', '', '', '', '', '', '', '', '', '', 5, 0),
(337, 0, 3, 1, '', 'Čo je VOLUME program?', 'typ internetovej služby, kde spoplatnenie závisí od objemu prenesených dat', 'typ internetovej služby, kde spoplatnenie nezávisí od objemu prenesených dat', 'typ internetovej služby, kde spoplatnenie závisí od sposobu pripojenia', 'ani jedno z uvedených', '', '', '', '', '', '', 1, 0, 0, 0, 0, 0, 0, 0, 0, 0, '', '', '', '', '', '', '', '', '', '', 5, 0),
(338, 0, 3, 1, '', 'Aká je šírka pásma postaÄuje na prenos hlasu pomocou VoIP?', '64kb', '128 kb', '15-24 kb', '1024 kb', '', '', '', '', '', '', 0, 0, 1, 0, 0, 0, 0, 0, 0, 0, '', '', '', '', '', '', '', '', '', '', 5, 0),
(339, 0, 3, 1, '', 'Sledovať televízny signál nám umožnuje služba:', 'Quasi Video-on-Demand', 'TVoDSL', 'Video-on-Demand', '', '', '', '', '', '', '', 0, 1, 0, 0, 0, 0, 0, 0, 0, 0, '', '', '', '', '', '', '', '', '', '', 5, 0),
(340, 0, 3, 1, '', 'Quasi Video-on-Demand:', 'užívatelia sú zoskupení do skupín podľa záujmu o daný druh filmov', 'funkcie ako rýchlo dopredu (forward) alebo rýchlo dozadu (reverse) sú simulované vysielaním filmu na rôznych kanáloch s urÄitým pevne stanoveným oneskorením a prepnutím užívateľa na patriÄný kanál', 'užívateľ má plnú kontrolu nad prehrávaním video súboru. K dispozícii sú funkcie ako prehraj (play), zastav (pause), stopni (stop), rýchlo dopredu alebo dozadu.', '', '', '', '', '', '', '', 1, 0, 0, 0, 0, 0, 0, 0, 0, 0, '', '', '', '', '', '', '', '', '', '', 5, 0),
(341, 0, 3, 1, '', 'Near Video-on-Demand:', 'užívatelia sú zoskupení do skupín podľa záujmu o daný druh filmov', 'funkcie ako rýchlo dopredu (forward) alebo rýchlo dozadu (reverse) sú simulované vysielaním filmu na rôznych kanáloch s urÄitým pevne stanoveným oneskorením a prepnutím užívateľa na patriÄný kanál', 'užívateľ má plnú kontrolu nad prehrávaním video súboru. K dispozícii sú funkcie ako prehraj (play), zastav (pause), stopni (stop), rýchlo dopredu alebo dozadu.', '', '', '', '', '', '', '', 0, 1, 0, 0, 0, 0, 0, 0, 0, 0, '', '', '', '', '', '', '', '', '', '', 5, 0),
(342, 0, 3, 1, '', 'True Video-on-Demand:', 'užívatelia sú zoskupení do skupín podľa záujmu o daný druh filmov', 'funkcie ako rýchlo dopredu (forward) alebo rýchlo dozadu (reverse) sú simulované vysielaním filmu na rôznych kanáloch s urÄitým pevne stanoveným oneskorením a prepnutím užívateľa na patriÄný kanál', 'užívateľ má plnú kontrolu nad prehrávaním video súboru. K dispozícii sú funkcie ako prehraj (play),zastav (pause), stopni (stop), rýchlo dopredu alebo dozadu.', '', '', '', '', '', '', '', 0, 0, 1, 0, 0, 0, 0, 0, 0, 0, '', '', '', '', '', '', '', '', '', '', 5, 0),
(343, 0, 3, 1, '', 'Ktorá z optických siatí je v súÄastnosti uprednosťňovaná:', 'HFC5000', 'HFC2000', 'HFC500', 'HFC1000', '', '', '', '', '', '', 0, 0, 0, 1, 0, 0, 0, 0, 0, 0, '', '', '', '', '', '', '', '', '', '', 5, 0),
(344, 0, 3, 1, '', 'Čo platí pre WDM?', 'Každá vlnová dĺžka môže prenášať dáta rôznych rýchlostí a v rôznom formáte', 'Každá vlnová dĺžka musí prenášať dáta v rovnakom formáte', 'Každá vlnová dĺžka musí prenášať dáta v rovnakej rýchlosti', 'Každá vlnová dĺžka musí prenášať dáta v rovnakej rýchlosti a v rovnakom formáte', '', '', '', '', '', '', 1, 0, 0, 0, 0, 0, 0, 0, 0, 0, '', '', '', '', '', '', '', '', '', '', 5, 0),
(345, 0, 3, 1, '', 'Dovoľuje WDM, aby boli v jednej sieti umiestňované signály odlišných formátov?', 'Ano', 'Nie', '', '', '', '', '', '', '', '', 1, 0, 0, 0, 0, 0, 0, 0, 0, 0, '', '', '', '', '', '', '', '', '', '', 5, 0),
(346, 0, 3, 1, '', 'Čo znamená skratka WDM?', 'Wavelength Dynamic Multiplex', 'Wavelength Division Multicast', 'Wide Domain Multiplex', 'Wavelength Division Multiplex', '', '', '', '', '', '', 0, 0, 0, 1, 0, 0, 0, 0, 0, 0, '', '', '', '', '', '', '', '', '', '', 5, 0),
(347, 0, 3, 1, '', 'Dátový signál komprimujeme pri sietiach káblovej televízie preto aby:', 'sme zvýšili odolnosť voÄi chybám', 'sme zvýšili prenosovú rýchlosť', 'sme zúžili frekv.pásmo potrebné na prenos', '', '', '', '', '', '', '', 0, 0, 1, 0, 0, 0, 0, 0, 0, 0, '', '', '', '', '', '', '', '', '', '', 5, 0),
(348, 0, 3, 1, '', 'Najvyšší typ modulácie používaný v sietiach KT je:', 'MFSK', 'QPSK', 'x-QAM', 'BPSK', '', '', '', '', '', '', 0, 0, 1, 0, 0, 0, 0, 0, 0, 0, '', '', '', '', '', '', '', '', '', '', 5, 0),
(349, 0, 3, 1, '', 'NajväÄším a najÄastejším zdrojom zdrojom šumu pri sietiach KT je:', 'Hlavná stanica (Head End)', 'ZosilňovaÄe', 'Optoelektrické a elektrooptické prevodníky', 'Terciárna Äasť siete', '', '', '', '', '', '', 0, 0, 0, 1, 0, 0, 0, 0, 0, 0, '', '', '', '', '', '', '', '', '', '', 5, 0),
(350, 0, 3, 1, '', 'Aký je poÄet bajtov ATM bunky?', '48', '35', '52', '53', '', '', '', '', '', '', 0, 0, 0, 1, 0, 0, 0, 0, 0, 0, '', '', '', '', '', '', '', '', '', '', 5, 0),
(351, 0, 3, 1, '', 'Koľko bitov má v ATM bunke pole VPI pre rozhranie UNI?', '4', '8', '12', '16', '', '', '', '', '', '', 0, 1, 0, 0, 0, 0, 0, 0, 0, 0, '', '', '', '', '', '', '', '', '', '', 5, 0),
(352, 0, 3, 1, '', 'Čo platí pre kontrolu chýb v sieťových uzloch pre ATM?', 'nevykonáva sa žiadna kontrola chýb v sieťových uzloch', 'vykonáva sa kontrola chýb v sieťových uzloch', 'je vykonávaná iba kontrola hlaviÄky, pretože ona je nositeľom smerovacej informácie', 'kontrola chýb sa presúva ku koncovým zariadeniam, vrátane kontroly hlaviÄky', '', '', '', '', '', '', 0, 0, 1, 0, 0, 0, 0, 0, 0, 0, '', '', '', '', '', '', '', '', '', '', 5, 0),
(353, 0, 3, 1, '', 'Čím je charakteristické ADSL?', 'približne rovnaká Äast linky sa využíva na prenos dát smerom k užívateľovi a smerom od užívateľa', 'väÄšia Äasť linky sa využíva na prenos dát smerom od užívateľa ako smerom k užívateľovi', 'širšie pásmo je využité na downlink ako na uplink', '', '', '', '', '', '', '', 0, 0, 1, 0, 0, 0, 0, 0, 0, 0, '', '', '', '', '', '', '', '', '', '', 5, 0),
(354, 0, 3, 1, '', 'Čo nepatrí medzi vlastnosti iterarívnej techniky water - filling?', 'je rozšírením techniky water-filling pre viac užívateľské komunikaené prostredie', 'na každej linke sa vykonáva nezávisle cez všetky DSL linky v zväzku', 'iteraený proces konverguje k stacionárnemu bodu', 'jednotlivé modemy DSL sú navzájom koordinované s pomocou DSLAM', '', '', '', '', '', '', 0, 0, 0, 1, 0, 0, 0, 0, 0, 0, '', '', '', '', '', '', '', '', '', '', 5, 0),
(355, 0, 3, 1, '', 'Maximálna veľkosť hlaviÄky pri datagrame protokolu IP verzie 4 je:', '15 byte', '60 byte', '65 536 byte', '262 144 byte', '', '', '', '', '', '', 0, 1, 0, 0, 0, 0, 0, 0, 0, 0, '', '', '', '', '', '', '', '', '', '', 5, 0),
(356, 0, 3, 1, '', 'Pole ‘Doba života datagramu’ funguje nasledovne:', 'každý smerovaÄ zvýši jeho hodnotu o 1 a keÄ sa jeho hodnota rovná hodnote uloženej v pamäti smerovaÄa, datagram sa zahodí', 'každý smerovaÄ zníži jeho hodnotu o 1 a ak sa táto hodnota rovná nule, tak príslušný smerovaÄ datagram zahodí', 'každý smerovaÄ zníži jeho hodnotu o 1 a ak sa táto hodnota rovná nule, tak posledný smerovaÄ, ktorému je tento datagram urÄený, ho zahodí', '', '', '', '', '', '', '', 0, 1, 0, 0, 0, 0, 0, 0, 0, 0, '', '', '', '', '', '', '', '', '', '', 5, 0),
(357, 0, 3, 1, '', 'Ktorá z uvedeních vlastností je implementovaná v statickom spektrálnom manažmente?', 'použitie SMC na získanie informácií o linke a o spektrálnej kontrole', 'koordinácia DSL modemov', 'zavedenie fixných PSD masiek platných len pre ureité scenáre', '', '', '', '', '', '', '', 0, 0, 1, 0, 0, 0, 0, 0, 0, 0, '', '', '', '', '', '', '', '', '', '', 5, 0),
(358, 0, 3, 1, '', 'Ktorá z nasledujúcich nepatrí medzi techniky dynamického spektrálneho manažmentu?', 'technika water - filling', 'koordinovaná prenosová metóda vo vektorovom móde', 'decentralizovaný rozhodovací algoritmus', 'MIMO interferenená identifikácia a kontrola výkonu a rýchlosti', '', '', '', '', '', '', 0, 0, 1, 0, 0, 0, 0, 0, 0, 0, '', '', '', '', '', '', '', '', '', '', 5, 0);
INSERT INTO `AT_tests_questions` (`question_id`, `category_id`, `course_id`, `type`, `feedback`, `question`, `choice_0`, `choice_1`, `choice_2`, `choice_3`, `choice_4`, `choice_5`, `choice_6`, `choice_7`, `choice_8`, `choice_9`, `answer_0`, `answer_1`, `answer_2`, `answer_3`, `answer_4`, `answer_5`, `answer_6`, `answer_7`, `answer_8`, `answer_9`, `option_0`, `option_1`, `option_2`, `option_3`, `option_4`, `option_5`, `option_6`, `option_7`, `option_8`, `option_9`, `properties`, `content_id`) VALUES
(359, 0, 3, 1, '', 'Pri úplnom vnútornom odraze (prepínaÄ Agilent Champagne) sa využíva princíp smerovania:', 'pomocou plynových bubliniek, lúÄ sa odrazí od tejto bublinky', 'pomocou elektrického poľa', 'pomocou zmien teploty a elektrického poľa', 'ani jedna z možností', '', '', '', '', '', '', 1, 0, 0, 0, 0, 0, 0, 0, 0, 0, '', '', '', '', '', '', '', '', '', '', 5, 0),
(360, 15, 3, 7, '', 'Pri vytváraní obojsmerného optického kanála medzi dvomi uzlami (nadriadeným uzlom a podriadeným uzlom):', 'nadriadený uzol vždy hľadá najnižšie možné Äíslo voľného kanála a podriadený uzol hľadá najvyššie možné Äíslo voľného kanála', 'nadriadený uzol vždy hľadá najvyššie možné Äíslo voľného kanála a podriadený uzol hľadá najnižšie možné Äíslo voľného kanála', 'podriadený uzol žiada o kanál doprednou správou nadriadený uzol', 'podriadený uzol voli nahodny kanál z volnych kanalov', '', '', '', '', '', '', 0, 1, 1, 0, 0, 0, 0, 0, 0, 0, '', '', '', '', '', '', '', '', '', '', 0, 0),
(361, 0, 3, 1, '', 'Technológia, ktorá umožňuje ukryť celú sieť za jedinú IP adresu, sa nazýva:', 'CIDR', 'VLSM', 'NAT', 'IP filtering', '', '', '', '', '', '', 0, 0, 1, 0, 0, 0, 0, 0, 0, 0, '', '', '', '', '', '', '', '', '', '', 5, 0),
(362, 0, 3, 1, '', 'Maximálny poÄet poÄítaÄov, ktoré môžeme zaadresovať pri triede C, je:', '256', '254', '252', '250', '', '', '', '', '', '', 0, 1, 0, 0, 0, 0, 0, 0, 0, 0, '', '', '', '', '', '', '', '', '', '', 5, 0);

-- --------------------------------------------------------

--
-- Table structure for table `AT_tests_questions_assoc`
--

CREATE TABLE IF NOT EXISTS `AT_tests_questions_assoc` (
  `test_id` mediumint(8) unsigned NOT NULL default '0',
  `question_id` mediumint(8) unsigned NOT NULL default '0',
  `weight` varchar(4) NOT NULL default '',
  `ordering` mediumint(8) unsigned NOT NULL default '0',
  `required` tinyint(3) unsigned NOT NULL default '0',
  PRIMARY KEY  (`test_id`,`question_id`)
) ENGINE=MyISAM DEFAULT CHARSET=utf8;

--
-- Dumping data for table `AT_tests_questions_assoc`
--

INSERT INTO `AT_tests_questions_assoc` (`test_id`, `question_id`, `weight`, `ordering`, `required`) VALUES
(12, 106, '1', 25, 0),
(12, 99, '1', 26, 0),
(12, 101, '1', 27, 0),
(12, 100, '1', 24, 0),
(12, 112, '1', 23, 0),
(12, 105, '1', 22, 0),
(12, 89, '1', 21, 0),
(12, 116, '1', 20, 0),
(12, 110, '1', 19, 0),
(12, 91, '1', 18, 0),
(12, 102, '1', 17, 0),
(12, 114, '1', 16, 0),
(12, 103, '1', 15, 0),
(12, 107, '1', 14, 0),
(12, 90, '1', 13, 0),
(12, 104, '1', 12, 0),
(12, 95, '1', 11, 0),
(12, 93, '1', 10, 0),
(12, 94, '1', 9, 0),
(12, 92, '1', 8, 0),
(12, 108, '1', 7, 0),
(12, 113, '1', 6, 0),
(12, 115, '1', 5, 0),
(12, 96, '1', 4, 0),
(12, 88, '1', 3, 0),
(12, 111, '1', 2, 0),
(12, 98, '1', 1, 0),
(14, 141, '1', 6, 1),
(14, 140, '1', 5, 1),
(14, 144, '1', 4, 1),
(14, 145, '1', 3, 1),
(14, 146, '1', 2, 1),
(14, 147, '1', 1, 1),
(13, 129, '1', 10, 1),
(13, 134, '1', 9, 1),
(13, 135, '1', 8, 1),
(13, 133, '1', 7, 1),
(13, 128, '1', 6, 1),
(13, 130, '1', 5, 1),
(13, 137, '1', 4, 1),
(13, 132, '1', 3, 1),
(13, 131, '1', 2, 1),
(13, 136, '1', 1, 1),
(4, 119, '1', 10, 1),
(4, 124, '1', 9, 1),
(4, 120, '1', 8, 1),
(4, 121, '1', 7, 1),
(4, 122, '1', 6, 1),
(4, 118, '1', 5, 1),
(4, 123, '1', 4, 1),
(4, 127, '1', 3, 1),
(4, 126, '1', 2, 1),
(4, 125, '1', 1, 1),
(16, 164, '1', 5, 1),
(16, 165, '1', 4, 1),
(16, 163, '1', 3, 1),
(16, 167, '1', 2, 1),
(16, 160, '1', 1, 1),
(15, 155, '1', 10, 1),
(15, 158, '1', 9, 1),
(15, 157, '1', 8, 1),
(15, 152, '1', 7, 1),
(15, 153, '1', 6, 1),
(15, 156, '1', 5, 1),
(15, 151, '1', 4, 1),
(15, 149, '1', 3, 1),
(15, 148, '1', 2, 1),
(15, 154, '1', 1, 1),
(14, 139, '1', 10, 1),
(14, 138, '1', 9, 1),
(14, 142, '1', 8, 1),
(14, 143, '1', 7, 1),
(12, 97, '1', 28, 0),
(12, 109, '1', 29, 0),
(12, 117, '1', 30, 0),
(16, 162, '1', 6, 1),
(16, 161, '1', 7, 1),
(16, 166, '1', 8, 1),
(16, 168, '1', 9, 1),
(16, 159, '1', 10, 1),
(10, 85, '1', 1, 0),
(10, 176, '1', 9, 0),
(10, 177, '1', 10, 0),
(10, 169, '1', 2, 0),
(10, 175, '1', 8, 0),
(10, 174, '1', 7, 0),
(10, 171, '1', 4, 0),
(10, 170, '1', 3, 0),
(10, 172, '1', 5, 0),
(10, 173, '1', 6, 0),
(28, 194, '1', 15, 0),
(28, 202, '1', 2, 0),
(28, 197, '1', 3, 0),
(28, 196, '1', 4, 0),
(28, 178, '1', 5, 0),
(28, 208, '1', 6, 0),
(28, 186, '1', 7, 0),
(28, 201, '1', 8, 0),
(28, 199, '1', 9, 0),
(28, 191, '1', 10, 0),
(28, 195, '1', 11, 0),
(28, 190, '1', 12, 0),
(28, 183, '1', 13, 0),
(28, 212, '1', 14, 0),
(28, 203, '1', 1, 0),
(18, 219, '1', 1, 0),
(18, 218, '1', 2, 0),
(18, 222, '1', 3, 0),
(18, 220, '1', 4, 0),
(18, 217, '1', 5, 0),
(18, 221, '1', 6, 0),
(18, 213, '1', 7, 0),
(18, 214, '1', 8, 0),
(18, 216, '1', 9, 0),
(18, 215, '1', 10, 0),
(19, 224, '1', 1, 0),
(19, 230, '1', 2, 0),
(19, 226, '1', 3, 0),
(19, 232, '1', 4, 0),
(19, 231, '1', 5, 0),
(19, 223, '1', 6, 0),
(19, 227, '1', 7, 0),
(19, 229, '1', 8, 0),
(19, 228, '1', 9, 0),
(19, 225, '1', 10, 0),
(21, 285, '1', 6, 0),
(21, 239, '1', 4, 0),
(21, 328, '1', 2, 0),
(21, 305, '1', 7, 0),
(21, 236, '1', 1, 0),
(21, 338, '1', 5, 0),
(21, 257, '1', 3, 0),
(21, 278, '1', 8, 0),
(21, 291, '1', 9, 0),
(21, 282, '1', 10, 0),
(21, 350, '1', 11, 0),
(21, 268, '1', 12, 0),
(21, 299, '1', 13, 0),
(21, 298, '1', 14, 0),
(21, 320, '1', 15, 0),
(21, 284, '1', 16, 0),
(21, 353, '1', 17, 0),
(21, 300, '1', 18, 0),
(21, 335, '1', 19, 0),
(21, 337, '1', 20, 0),
(21, 303, '1', 21, 0),
(21, 354, '1', 22, 0),
(21, 259, '1', 23, 0),
(21, 301, '1', 24, 0),
(21, 332, '1', 25, 0),
(22, 329, '1', 1, 0),
(22, 352, '1', 2, 0),
(22, 277, '1', 3, 0),
(22, 344, '1', 4, 0),
(22, 283, '1', 5, 0),
(22, 346, '1', 6, 0),
(22, 293, '1', 7, 0),
(22, 287, '1', 8, 0),
(22, 347, '1', 9, 0),
(22, 280, '1', 10, 0),
(22, 345, '1', 11, 0),
(22, 243, '1', 12, 0),
(22, 246, '1', 13, 0),
(22, 238, '1', 14, 0),
(22, 260, '1', 15, 0),
(22, 273, '1', 16, 0),
(22, 271, '1', 17, 0),
(22, 269, '1', 18, 0),
(22, 262, '1', 19, 0),
(22, 333, '1', 20, 0),
(22, 351, '1', 21, 0),
(22, 272, '1', 22, 0),
(22, 334, '1', 23, 0),
(22, 358, '1', 24, 0),
(22, 343, '1', 25, 0),
(23, 286, '1', 1, 0),
(23, 357, '1', 2, 0),
(23, 292, '1', 3, 0),
(23, 250, '1', 4, 0),
(23, 314, '1', 5, 0),
(23, 267, '1', 6, 0),
(23, 355, '1', 7, 0),
(23, 362, '1', 8, 0),
(23, 258, '1', 9, 0),
(23, 233, '1', 10, 0),
(23, 307, '1', 11, 0),
(23, 264, '1', 12, 0),
(23, 323, '1', 13, 0),
(23, 322, '1', 14, 0),
(23, 325, '1', 15, 0),
(23, 281, '1', 16, 0),
(23, 255, '1', 17, 0),
(23, 290, '1', 18, 0),
(23, 349, '1', 19, 0),
(23, 348, '1', 20, 0),
(23, 341, '1', 21, 0),
(23, 266, '1', 22, 0),
(23, 279, '1', 23, 0),
(23, 253, '1', 24, 0),
(23, 270, '1', 25, 0),
(24, 317, '1', 1, 0),
(24, 235, '1', 2, 0),
(24, 309, '1', 3, 0),
(24, 318, '1', 4, 0),
(24, 296, '1', 5, 0),
(24, 245, '1', 6, 0),
(24, 234, '1', 7, 0),
(24, 356, '1', 8, 0),
(24, 247, '1', 9, 0),
(24, 289, '1', 10, 0),
(24, 288, '1', 11, 0),
(24, 237, '1', 12, 0),
(24, 241, '1', 13, 0),
(24, 324, '1', 14, 0),
(24, 359, '1', 15, 0),
(24, 311, '1', 16, 0),
(24, 326, '1', 17, 0),
(24, 242, '1', 18, 0),
(24, 327, '1', 19, 0),
(24, 304, '1', 20, 0),
(24, 315, '1', 21, 0),
(24, 330, '1', 22, 0),
(24, 321, '1', 23, 0),
(24, 254, '1', 24, 0),
(24, 316, '1', 25, 0),
(25, 294, '1', 1, 0),
(25, 297, '1', 2, 0),
(25, 336, '1', 3, 0),
(25, 340, '1', 4, 0),
(25, 310, '1', 5, 0),
(25, 312, '1', 6, 0),
(25, 339, '1', 7, 0),
(25, 276, '1', 8, 0),
(25, 361, '1', 9, 0),
(25, 342, '1', 10, 0),
(25, 306, '1', 11, 0),
(25, 265, '1', 12, 0),
(25, 244, '1', 13, 0),
(25, 313, '1', 14, 0),
(25, 249, '1', 15, 0),
(25, 248, '1', 16, 0),
(25, 263, '1', 17, 0),
(25, 295, '1', 18, 0),
(25, 302, '1', 19, 0),
(25, 240, '1', 20, 0),
(25, 251, '1', 21, 0),
(25, 252, '1', 22, 0),
(25, 256, '1', 23, 0),
(26, 319, '2', 1, 0),
(26, 261, '2', 2, 0),
(26, 274, '2', 3, 0),
(26, 275, '2', 4, 0),
(26, 360, '2', 5, 0),
(27, 180, '1', 1, 0),
(27, 179, '1', 2, 0),
(27, 192, '1', 3, 0),
(27, 189, '1', 4, 0),
(27, 185, '1', 5, 0),
(27, 206, '1', 6, 0),
(27, 188, '1', 7, 0),
(27, 193, '1', 8, 0),
(27, 181, '1', 9, 0),
(27, 210, '1', 10, 0),
(27, 182, '1', 11, 0),
(27, 211, '1', 12, 0),
(27, 207, '1', 13, 0),
(27, 205, '1', 14, 0),
(27, 184, '1', 15, 0),
(27, 209, '1', 16, 0),
(27, 204, '1', 17, 0),
(27, 200, '1', 18, 0),
(27, 187, '1', 19, 0),
(27, 198, '1', 20, 0);

-- --------------------------------------------------------

--
-- Table structure for table `AT_tests_questions_categories`
--

CREATE TABLE IF NOT EXISTS `AT_tests_questions_categories` (
  `category_id` mediumint(8) unsigned NOT NULL auto_increment,
  `course_id` mediumint(8) unsigned NOT NULL default '0',
  `title` char(200) NOT NULL default '',
  PRIMARY KEY  (`category_id`),
  KEY `course_id` (`course_id`)
) ENGINE=MyISAM  DEFAULT CHARSET=utf8 AUTO_INCREMENT=18 ;

--
-- Dumping data for table `AT_tests_questions_categories`
--

INSERT INTO `AT_tests_questions_categories` (`category_id`, `course_id`, `title`) VALUES
(10, 6, 'Prístupové siete 2'),
(4, 6, 'Prístupové siete 1'),
(3, 6, 'Transportné siete 1'),
(8, 7, '1'),
(7, 8, '1'),
(15, 3, 'Viac odpovedove'),
(11, 6, 'Transportné siete 2'),
(12, 6, 'Transportné siete 3'),
(13, 8, '2'),
(16, 3, 'Jedno odpovedove');

-- --------------------------------------------------------

--
-- Table structure for table `AT_tests_results`
--

CREATE TABLE IF NOT EXISTS `AT_tests_results` (
  `result_id` mediumint(8) unsigned NOT NULL auto_increment,
  `test_id` mediumint(8) unsigned NOT NULL default '0',
  `member_id` mediumint(8) unsigned NOT NULL default '0',
  `date_taken` timestamp NOT NULL default CURRENT_TIMESTAMP on update CURRENT_TIMESTAMP,
  `final_score` char(5) NOT NULL default '',
  `status` tinyint(4) NOT NULL default '0',
  `end_time` timestamp NOT NULL default '0000-00-00 00:00:00',
  `max_pos` tinyint(3) unsigned NOT NULL default '0',
  PRIMARY KEY  (`result_id`),
  KEY `test_id` (`test_id`)
) ENGINE=MyISAM  DEFAULT CHARSET=utf8 AUTO_INCREMENT=59 ;

--
-- Dumping data for table `AT_tests_results`
--

INSERT INTO `AT_tests_results` (`result_id`, `test_id`, `member_id`, `date_taken`, `final_score`, `status`, `end_time`, `max_pos`) VALUES
(32, 12, 7, '2009-05-02 22:17:15', '', 1, '2009-05-02 22:17:24', 0),
(31, 13, 1, '2009-04-08 00:41:23', '4', 1, '2009-05-11 01:54:52', 10),
(30, 15, 1, '2009-04-07 13:42:52', '', 0, '2009-04-07 13:42:52', 0),
(29, 12, 1, '2009-04-07 11:43:22', '', 0, '2009-04-07 11:43:22', 0),
(28, 16, 1, '2009-04-06 22:38:15', '', 0, '2009-04-06 22:38:15', 0),
(23, 13, 8, '2009-04-06 12:50:40', '', 0, '2009-04-06 12:50:40', 0),
(52, 21, 5, '2009-05-06 00:59:14', '1', 1, '2009-05-06 01:00:20', 10),
(48, 21, 1, '2009-05-06 00:05:21', '', 0, '2009-05-06 00:05:21', 0),
(20, 10, 5, '2009-04-02 21:01:08', '', 0, '2009-04-02 21:01:08', 0)